Login
Log in using an SSO provider:
Fedora Account System
Red Hat Associate
Red Hat Customer
Login using a Red Hat Bugzilla account
Forgot Password
Create an Account
Red Hat Bugzilla – Attachment 1943998 Details for
Bug 2169631
cephFS MDS crashed and cephFS volumes fail to attach
Home
New
Search
Simple Search
Advanced Search
My Links
Browse
Requests
Reports
Current State
Search
Tabular reports
Graphical reports
Duplicates
Other Reports
User Changes
Plotly Reports
Bug Status
Bug Severity
Non-Defaults
Product Dashboard
Help
Page Help!
Bug Writing Guidelines
What's new
Browser Support Policy
5.0.4.rh92 Release notes
FAQ
Guides index
User guide
Web Services
Contact
Legal
[?]
This site requires JavaScript to be enabled to function correctly, please enable it.
rook-ceph-mds-ocs-storagecluster-cephfilesystem-a-5479fbf6jjcjs
rook-ceph-mds-ocs-storagecluster-cephfilesystem-a-5479fbf6jjcjs.log (text/plain), 88.74 KB, created by
akgunjal@in.ibm.com
on
2023-02-14 06:49:45 UTC
(
hide
)
Description:
rook-ceph-mds-ocs-storagecluster-cephfilesystem-a-5479fbf6jjcjs
Filename:
MIME Type:
Creator:
akgunjal@in.ibm.com
Created:
2023-02-14 06:49:45 UTC
Size:
88.74 KB
patch
obsolete
>debug
2023-02-14T06:24:06.986+0000 7f9a63d43700 1 -- 172.17.0.82:0/1367321111 <== mon.2 v2:172.21.25.237:3300/0 4 ==== auth_reply(proto 2 0 (0) Success) v1 ==== 194+0+0 (secure 0 0 0) 0x55ce1ea16820 con 0x55ce1e9ef400 >debug
2023-02-14T06:24:06.987+0000 7f9a73e1c780 1 -- 172.17.0.82:0/1367321111 >> [v2:172.21.25.237:3300/0,v1:172.21.25.237:6789/0] conn(0x55ce1e9ef400 msgr2=0x55ce1ea34d00 secure :-1 s=STATE_CONNECTION_ESTABLISHED l=1).mark_down >debug
2023-02-14T06:24:06.987+0000 7f9a73e1c780 1 --2- 172.17.0.82:0/1367321111 >> [v2:172.21.25.237:3300/0,v1:172.21.25.237:6789/0] conn(0x55ce1e9ef400 0x55ce1ea34d00 secure :-1 s=READY pgs=186 cs=0 l=1 rev1=1 rx=0x55ce1f6c8810 tx=0x55ce1eabd0e0).stop >debug
2023-02-14T06:24:06.987+0000 7f9a73e1c780 1 -- 172.17.0.82:0/1367321111 shutdown_connections >debug
2023-02-14T06:24:06.987+0000 7f9a73e1c780 1 --2- 172.17.0.82:0/1367321111 >> [v2:172.21.25.237:3300/0,v1:172.21.25.237:6789/0] conn(0x55ce1e9ef400 0x55ce1ea34d00 unknown :-1 s=CLOSED pgs=186 cs=0 l=1 rev1=1 rx=0 tx=0).stop >debug
2023-02-14T06:24:06.987+0000 7f9a73e1c780 1 --2- 172.17.0.82:0/1367321111 >> [v2:172.21.72.189:3300/0,v1:172.21.72.189:6789/0] conn(0x55ce1e9eec00 0x55ce1ea34300 unknown :-1 s=CLOSED pgs=0 cs=0 l=0 rev1=1 rx=0 tx=0).stop >debug
2023-02-14T06:24:06.987+0000 7f9a73e1c780 1 --2- 172.17.0.82:0/1367321111 >> [v2:172.21.176.106:3300/0,v1:172.21.176.106:6789/0] conn(0x55ce1e9ef000 0x55ce1ea34800 unknown :-1 s=CLOSED pgs=0 cs=0 l=0 rev1=1 rx=0 tx=0).stop >debug
2023-02-14T06:24:06.987+0000 7f9a73e1c780 1 -- 172.17.0.82:0/1367321111 >> 172.17.0.82:0/1367321111 conn(0x55ce1e9ee800 msgr2=0x55ce1ead6000 unknown :-1 s=STATE_NONE l=0).mark_down >debug
2023-02-14T06:24:06.987+0000 7f9a73e1c780 1 -- 172.17.0.82:0/1367321111 shutdown_connections >debug
2023-02-14T06:24:06.987+0000 7f9a73e1c780 1 -- 172.17.0.82:0/1367321111 wait complete. >debug
2023-02-14T06:24:06.987+0000 7f9a73e1c780 0 set uid:gid to 167:167 (ceph:ceph) >debug
2023-02-14T06:24:06.988+0000 7f9a73e1c780 0 ceph version 16.2.0-152.el8cp (e456e8b705cb2f4a779689a0d80b122bcb0d67c9) pacific (stable), process ceph-mds, pid 118414 >debug
2023-02-14T06:24:06.988+0000 7f9a73e1c780 1 main not setting numa affinity >debug
2023-02-14T06:24:06.988+0000 7f9a73e1c780 0 pidfile_write: ignore empty --pid-file >starting mds.ocs-storagecluster-cephfilesystem-a at >debug
2023-02-14T06:24:06.989+0000 7f9a73e1c780 1 -- [v2:172.17.0.82:0/0,v1:172.17.0.82:0/0] learned_addr learned my addr [v2:172.17.0.82:0/0,v1:172.17.0.82:0/0] (peer_addr_for_me v2:172.17.0.82:0/0) >debug
2023-02-14T06:24:06.989+0000 7f9a73e1c780 1 -- [v2:172.17.0.82:6800/139957032,v1:172.17.0.82:6801/139957032] _finish_bind bind my_addrs is [v2:172.17.0.82:6800/139957032,v1:172.17.0.82:6801/139957032] >debug
2023-02-14T06:24:06.989+0000 7f9a73e1c780 1 -- [v2:172.17.0.82:6800/139957032,v1:172.17.0.82:6801/139957032] start start >debug
2023-02-14T06:24:06.989+0000 7f9a73e1c780 1 Processor -- start >debug
2023-02-14T06:24:06.990+0000 7f9a73e1c780 1 --2- [v2:172.17.0.82:6800/139957032,v1:172.17.0.82:6801/139957032] >> [v2:172.21.176.106:3300/0,v1:172.21.176.106:6789/0] conn(0x55ce1e9ef400 0x55ce1ea35700 unknown :-1 s=NONE pgs=0 cs=0 l=1 rev1=0 rx=0 tx=0).connect >debug
2023-02-14T06:24:06.990+0000 7f9a73e1c780 1 --2- [v2:172.17.0.82:6800/139957032,v1:172.17.0.82:6801/139957032] >> [v2:172.21.25.237:3300/0,v1:172.21.25.237:6789/0] conn(0x55ce1e9ef000 0x55ce1ea35200 unknown :-1 s=NONE pgs=0 cs=0 l=1 rev1=0 rx=0 tx=0).connect >debug
2023-02-14T06:24:06.990+0000 7f9a73e1c780 1 --2- [v2:172.17.0.82:6800/139957032,v1:172.17.0.82:6801/139957032] >> [v2:172.21.72.189:3300/0,v1:172.21.72.189:6789/0] conn(0x55ce1e9eec00 0x55ce1ea34d00 unknown :-1 s=NONE pgs=0 cs=0 l=1 rev1=0 rx=0 tx=0).connect >debug
2023-02-14T06:24:06.990+0000 7f9a73e1c780 1 -- [v2:172.17.0.82:6800/139957032,v1:172.17.0.82:6801/139957032] --> [v2:172.21.25.237:3300/0,v1:172.21.25.237:6789/0] -- mon_getmap magic: 0 v1 -- 0x55ce1ea39b80 con 0x55ce1e9ef000 >debug
2023-02-14T06:24:06.990+0000 7f9a73e1c780 1 -- [v2:172.17.0.82:6800/139957032,v1:172.17.0.82:6801/139957032] --> [v2:172.21.72.189:3300/0,v1:172.21.72.189:6789/0] -- mon_getmap magic: 0 v1 -- 0x55ce1ea39cc0 con 0x55ce1e9eec00 >debug
2023-02-14T06:24:06.990+0000 7f9a73e1c780 1 -- [v2:172.17.0.82:6800/139957032,v1:172.17.0.82:6801/139957032] --> [v2:172.21.176.106:3300/0,v1:172.21.176.106:6789/0] -- mon_getmap magic: 0 v1 -- 0x55ce1ea38000 con 0x55ce1e9ef400 >debug
2023-02-14T06:24:06.990+0000 7f9a64544700 1 --2- [v2:172.17.0.82:6800/139957032,v1:172.17.0.82:6801/139957032] >> [v2:172.21.25.237:3300/0,v1:172.21.25.237:6789/0] conn(0x55ce1e9ef000 0x55ce1ea35200 unknown :-1 s=BANNER_CONNECTING pgs=0 cs=0 l=1 rev1=0 rx=0 tx=0)._handle_peer_banner_payload supported=1 required=0 >debug
2023-02-14T06:24:06.991+0000 7f9a64d45700 1 --2- [v2:172.17.0.82:6800/139957032,v1:172.17.0.82:6801/139957032] >> [v2:172.21.176.106:3300/0,v1:172.21.176.106:6789/0] conn(0x55ce1e9ef400 0x55ce1ea35700 unknown :-1 s=BANNER_CONNECTING pgs=0 cs=0 l=1 rev1=0 rx=0 tx=0)._handle_peer_banner_payload supported=1 required=0 >debug
2023-02-14T06:24:06.991+0000 7f9a65546700 1 --2- [v2:172.17.0.82:6800/139957032,v1:172.17.0.82:6801/139957032] >> [v2:172.21.72.189:3300/0,v1:172.21.72.189:6789/0] conn(0x55ce1e9eec00 0x55ce1ea34d00 unknown :-1 s=BANNER_CONNECTING pgs=0 cs=0 l=1 rev1=0 rx=0 tx=0)._handle_peer_banner_payload supported=1 required=0 >debug
2023-02-14T06:24:06.991+0000 7f9a64544700 1 -- [v2:172.17.0.82:6800/139957032,v1:172.17.0.82:6801/139957032] >> [v2:172.21.176.106:3300/0,v1:172.21.176.106:6789/0] conn(0x55ce1e9ef400 msgr2=0x55ce1ea35700 unknown :-1 s=STATE_CONNECTION_ESTABLISHED l=1).mark_down >debug
2023-02-14T06:24:06.991+0000 7f9a64544700 1 --2- [v2:172.17.0.82:6800/139957032,v1:172.17.0.82:6801/139957032] >> [v2:172.21.176.106:3300/0,v1:172.21.176.106:6789/0] conn(0x55ce1e9ef400 0x55ce1ea35700 unknown :-1 s=AUTH_CONNECTING pgs=0 cs=0 l=1 rev1=1 rx=0 tx=0).stop >debug
2023-02-14T06:24:06.991+0000 7f9a64544700 1 -- [v2:172.17.0.82:6800/139957032,v1:172.17.0.82:6801/139957032] >> [v2:172.21.72.189:3300/0,v1:172.21.72.189:6789/0] conn(0x55ce1e9eec00 msgr2=0x55ce1ea34d00 unknown :-1 s=STATE_CONNECTION_ESTABLISHED l=1).mark_down >debug
2023-02-14T06:24:06.991+0000 7f9a64544700 1 --2- [v2:172.17.0.82:6800/139957032,v1:172.17.0.82:6801/139957032] >> [v2:172.21.72.189:3300/0,v1:172.21.72.189:6789/0] conn(0x55ce1e9eec00 0x55ce1ea34d00 unknown :-1 s=AUTH_CONNECTING pgs=0 cs=0 l=1 rev1=1 rx=0 tx=0).stop >debug
2023-02-14T06:24:06.991+0000 7f9a64544700 1 -- [v2:172.17.0.82:6800/139957032,v1:172.17.0.82:6801/139957032] --> [v2:172.21.25.237:3300/0,v1:172.21.25.237:6789/0] -- mon_subscribe({config=0+,monmap=0+}) v3 -- 0x55ce1ea16680 con 0x55ce1e9ef000 >debug
2023-02-14T06:24:06.991+0000 7f9a65546700 1 --2- [v2:172.17.0.82:6800/139957032,v1:172.17.0.82:6801/139957032] >> [v2:172.21.72.189:3300/0,v1:172.21.72.189:6789/0] conn(0x55ce1e9eec00 0x55ce1ea34d00 unknown :-1 s=CLOSED pgs=0 cs=0 l=1 rev1=1 rx=0 tx=0).handle_auth_reply_more state changed! >debug
2023-02-14T06:24:06.991+0000 7f9a64544700 1 --2- [v2:172.17.0.82:6800/139957032,v1:172.17.0.82:6801/139957032] >> [v2:172.21.25.237:3300/0,v1:172.21.25.237:6789/0] conn(0x55ce1e9ef000 0x55ce1ea35200 secure :-1 s=READY pgs=187 cs=0 l=1 rev1=1 rx=0x55ce1f6c8810 tx=0x55ce1ea9a000).ready entity=mon.2 client_cookie=0 server_cookie=0 in_seq=0 out_seq=0 >debug
2023-02-14T06:24:06.992+0000 7f9a61d3f700 1 -- [v2:172.17.0.82:6800/139957032,v1:172.17.0.82:6801/139957032] <== mon.2 v2:172.21.25.237:3300/0 1 ==== mon_map magic: 0 v1 ==== 425+0+0 (secure 0 0 0) 0x55ce1ea406e0 con 0x55ce1e9ef000 >debug
2023-02-14T06:24:06.992+0000 7f9a61d3f700 1 -- [v2:172.17.0.82:6800/139957032,v1:172.17.0.82:6801/139957032] --> [v2:172.21.25.237:3300/0,v1:172.21.25.237:6789/0] -- auth(proto 2 2 bytes epoch 0) v1 -- 0x55ce1ea3cd80 con 0x55ce1e9ef000 >debug
2023-02-14T06:24:06.992+0000 7f9a61d3f700 1 -- [v2:172.17.0.82:6800/139957032,v1:172.17.0.82:6801/139957032] <== mon.2 v2:172.21.25.237:3300/0 2 ==== config(13 keys) v1 ==== 430+0+0 (secure 0 0 0) 0x55ce1ea3c900 con 0x55ce1e9ef000 >debug
2023-02-14T06:24:06.992+0000 7f9a61d3f700 1 -- [v2:172.17.0.82:6800/139957032,v1:172.17.0.82:6801/139957032] <== mon.2 v2:172.21.25.237:3300/0 3 ==== mon_map magic: 0 v1 ==== 425+0+0 (secure 0 0 0) 0x55ce1ea40580 con 0x55ce1e9ef000 >debug
2023-02-14T06:24:07.003+0000 7f9a61d3f700 1 -- [v2:172.17.0.82:6800/139957032,v1:172.17.0.82:6801/139957032] <== mon.2 v2:172.21.25.237:3300/0 4 ==== auth_reply(proto 2 0 (0) Success) v1 ==== 194+0+0 (secure 0 0 0) 0x55ce1ea16680 con 0x55ce1e9ef000 >debug
2023-02-14T06:24:07.003+0000 7f9a73e1c780 1 -- [v2:172.17.0.82:6800/139957032,v1:172.17.0.82:6801/139957032] --> [v2:172.21.25.237:3300/0,v1:172.21.25.237:6789/0] -- mon_subscribe({mdsmap=0+}) v3 -- 0x55ce1ea169c0 con 0x55ce1e9ef000 >debug
2023-02-14T06:24:07.003+0000 7f9a61d3f700 1 -- [v2:172.17.0.82:6800/139957032,v1:172.17.0.82:6801/139957032] <== mon.2 v2:172.21.25.237:3300/0 5 ==== mdsmap(e 47385) v2 ==== 217+0+0 (secure 0 0 0) 0x55ce1ea169c0 con 0x55ce1e9ef000 >debug
2023-02-14T06:24:07.004+0000 7f9a5fd3b700 1 -- [v2:172.17.0.82:6800/139957032,v1:172.17.0.82:6801/139957032] --> [v2:172.21.25.237:3300/0,v1:172.21.25.237:6789/0] -- mdsbeacon(218424665/ocs-storagecluster-cephfilesystem-a up:boot fs=ocs-storagecluster-cephfilesystem seq=1 v0) v8 -- 0x55ce1eabab00 con 0x55ce1e9ef000 >debug
2023-02-14T06:24:07.004+0000 7f9a61d3f700 1 mds.ocs-storagecluster-cephfilesystem-a Updating MDS map to version 47385 from mon.2 >debug
2023-02-14T06:24:08.047+0000 7f9a61d3f700 1 -- [v2:172.17.0.82:6800/139957032,v1:172.17.0.82:6801/139957032] <== mon.2 v2:172.21.25.237:3300/0 6 ==== mdsmap(e 47386) v2 ==== 414+0+0 (secure 0 0 0) 0x55ce1ea16680 con 0x55ce1e9ef000 >debug
2023-02-14T06:24:08.047+0000 7f9a61d3f700 1 mds.ocs-storagecluster-cephfilesystem-a Updating MDS map to version 47386 from mon.2 >debug
2023-02-14T06:24:08.048+0000 7f9a61d3f700 1 -- [v2:172.17.0.82:6800/139957032,v1:172.17.0.82:6801/139957032] --> [v2:172.21.25.237:3300/0,v1:172.21.25.237:6789/0] -- mon_subscribe({mgrmap=0+}) v3 -- 0x55ce1ea169c0 con 0x55ce1e9ef000 >debug
2023-02-14T06:24:08.048+0000 7f9a61d3f700 1 mds.ocs-storagecluster-cephfilesystem-a Monitors have assigned me to become a standby. >debug
2023-02-14T06:24:08.049+0000 7f9a64544700 1 -- [v2:172.17.0.82:6800/139957032,v1:172.17.0.82:6801/139957032] <== mon.2 v2:172.21.25.237:3300/0 7 ==== mdsbeacon(218424665/ocs-storagecluster-cephfilesystem-a up:boot seq=1 v47386) v8 ==== 168+0+0 (secure 0 0 0) 0x55ce1eabab00 con 0x55ce1e9ef000 >debug
2023-02-14T06:24:08.050+0000 7f9a61d3f700 1 -- [v2:172.17.0.82:6800/139957032,v1:172.17.0.82:6801/139957032] <== mon.2 v2:172.21.25.237:3300/0 8 ==== mgrmap(e 5834) v1 ==== 36922+0+0 (secure 0 0 0) 0x55ce1eabab00 con 0x55ce1e9ef000 >debug
2023-02-14T06:24:08.051+0000 7f9a61d3f700 1 --2- [v2:172.17.0.82:6800/139957032,v1:172.17.0.82:6801/139957032] >> [v2:172.17.25.215:6800/43191,v1:172.17.25.215:6801/43191] conn(0x55ce1e9efc00 0x55ce1f6fa500 unknown :-1 s=NONE pgs=0 cs=0 l=1 rev1=0 rx=0 tx=0).connect >debug
2023-02-14T06:24:08.053+0000 7f9a61d3f700 1 -- [v2:172.17.0.82:6800/139957032,v1:172.17.0.82:6801/139957032] --> [v2:172.17.25.215:6800/43191,v1:172.17.25.215:6801/43191] -- mgropen(unknown.ocs-storagecluster-cephfilesystem-a) v3 -- 0x55ce1f6e06c0 con 0x55ce1e9efc00 >debug
2023-02-14T06:24:08.087+0000 7f9a61d3f700 1 -- [v2:172.17.0.82:6800/139957032,v1:172.17.0.82:6801/139957032] <== mon.2 v2:172.21.25.237:3300/0 9 ==== mdsmap(e 47387) v2 ==== 790+0+0 (secure 0 0 0) 0x55ce1f738d00 con 0x55ce1e9ef000 >debug
2023-02-14T06:24:08.087+0000 7f9a61d3f700 1 mds.ocs-storagecluster-cephfilesystem-a Updating MDS map to version 47387 from mon.2 >debug
2023-02-14T06:24:08.088+0000 7f9a61d3f700 1 -- [v2:172.17.0.82:6800/139957032,v1:172.17.0.82:6801/139957032] --> [v2:172.21.25.237:3300/0,v1:172.21.25.237:6789/0] -- mon_subscribe({osdmap=0}) v3 -- 0x55ce1f737ba0 con 0x55ce1e9ef000 >debug
2023-02-14T06:24:08.089+0000 7f9a61d3f700 1 mds.0.47387 handle_mds_map i am now mds.0.47387 >debug
2023-02-14T06:24:08.089+0000 7f9a61d3f700 1 mds.0.47387 handle_mds_map state change up:boot --> up:replay >debug
2023-02-14T06:24:08.089+0000 7f9a61d3f700 1 mds.0.47387 replay_start >debug
2023-02-14T06:24:08.089+0000 7f9a61d3f700 1 mds.0.47387 waiting for osdmap 30360 (which blocklists prior instance) >debug
2023-02-14T06:24:08.089+0000 7f9a61d3f700 1 -- [v2:172.17.0.82:6800/139957032,v1:172.17.0.82:6801/139957032] --> [v2:172.21.25.237:3300/0,v1:172.21.25.237:6789/0] -- mon_get_version(what=osdmap handle=1) v1 -- 0x55ce1ea406e0 con 0x55ce1e9ef000 >debug
2023-02-14T06:24:08.090+0000 7f9a61d3f700 1 -- [v2:172.17.0.82:6800/139957032,v1:172.17.0.82:6801/139957032] <== mon.2 v2:172.21.25.237:3300/0 10 ==== osd_map(30360..30360 src has 23214..30360) v4 ==== 61608+0+0 (secure 0 0 0) 0x55ce1ea26540 con 0x55ce1e9ef000 >debug
2023-02-14T06:24:08.090+0000 7f9a61d3f700 1 -- [v2:172.17.0.82:6800/139957032,v1:172.17.0.82:6801/139957032] --> [v2:172.21.25.237:3300/0,v1:172.21.25.237:6789/0] -- mon_subscribe({osdmap=30361}) v3 -- 0x55ce1f738d00 con 0x55ce1e9ef000 >debug
2023-02-14T06:24:08.090+0000 7f9a61d3f700 1 -- [v2:172.17.0.82:6800/139957032,v1:172.17.0.82:6801/139957032] <== mon.2 v2:172.21.25.237:3300/0 11 ==== mon_get_version_reply(handle=1 version=30360) v2 ==== 24+0+0 (secure 0 0 0) 0x55ce1ea406e0 con 0x55ce1e9ef000 >debug
2023-02-14T06:24:08.091+0000 7f9a5bd33700 1 --2- [v2:172.17.0.82:6800/139957032,v1:172.17.0.82:6801/139957032] >> [v2:172.17.25.193:6800/410,v1:172.17.25.193:6801/410] conn(0x55ce1f706000 0x55ce1f6fbe00 unknown :-1 s=NONE pgs=0 cs=0 l=1 rev1=0 rx=0 tx=0).connect >debug
2023-02-14T06:24:08.091+0000 7f9a5bd33700 1 -- [v2:172.17.0.82:6800/139957032,v1:172.17.0.82:6801/139957032] --> [v2:172.17.25.193:6800/410,v1:172.17.25.193:6801/410] -- osd_op(unknown.0.47387:1 9.13 9:c91d4a1d:::mds0_inotable:head [read 0~0] snapc 0=[] ondisk+read+known_if_redirected+full_force e30360) v8 -- 0x55ce1f706400 con 0x55ce1f706000 >debug
2023-02-14T06:24:08.091+0000 7f9a5bd33700 1 --2- [v2:172.17.0.82:6800/139957032,v1:172.17.0.82:6801/139957032] >> [v2:172.17.54.30:6800/199476,v1:172.17.54.30:6801/199476] conn(0x55ce1f706800 0x55ce1f6fcd00 unknown :-1 s=NONE pgs=0 cs=0 l=1 rev1=0 rx=0 tx=0).connect >debug
2023-02-14T06:24:08.091+0000 7f9a5bd33700 1 -- [v2:172.17.0.82:6800/139957032,v1:172.17.0.82:6801/139957032] --> [v2:172.17.54.30:6800/199476,v1:172.17.54.30:6801/199476] -- osd_op(unknown.0.47387:2 9.b 9:d0630e4c:::mds0_sessionmap:head [omap-get-header,omap-get-vals in=16b] snapc 0=[] ondisk+read+known_if_redirected+full_force e30360) v8 -- 0x55ce1f706c00 con 0x55ce1f706800 >debug
2023-02-14T06:24:08.091+0000 7f9a5bd33700 1 --2- [v2:172.17.0.82:6800/139957032,v1:172.17.0.82:6801/139957032] >> [v2:172.17.47.95:6800/406,v1:172.17.47.95:6801/406] conn(0x55ce1f707000 0x55ce1f7da500 unknown :-1 s=NONE pgs=0 cs=0 l=1 rev1=0 rx=0 tx=0).connect >debug
2023-02-14T06:24:08.091+0000 7f9a5bd33700 1 -- [v2:172.17.0.82:6800/139957032,v1:172.17.0.82:6801/139957032] --> [v2:172.17.47.95:6800/406,v1:172.17.47.95:6801/406] -- osd_op(unknown.0.47387:3 9.15 9:aa448500:::500.00000000:head [read 0~0] snapc 0=[] ondisk+read+known_if_redirected+full_force e30360) v8 -- 0x55ce1f707400 con 0x55ce1f707000 >debug
2023-02-14T06:24:08.091+0000 7f9a5bd33700 1 -- [v2:172.17.0.82:6800/139957032,v1:172.17.0.82:6801/139957032] --> [v2:172.17.54.30:6800/199476,v1:172.17.54.30:6801/199476] -- osd_op(unknown.0.47387:4 9.6 9:654134d2:::mds0_openfiles.0:head [omap-get-header,omap-get-vals in=16b] snapc 0=[] ondisk+read+known_if_redirected+full_force e30360) v8 -- 0x55ce1f707800 con 0x55ce1f706800 >debug
2023-02-14T06:24:08.091+0000 7f9a5b532700 1 --2- [v2:172.17.0.82:6800/139957032,v1:172.17.0.82:6801/139957032] >> [v2:172.17.47.99:6800/410,v1:172.17.47.99:6801/410] conn(0x55ce1f7e8000 0x55ce1f7dc300 unknown :-1 s=NONE pgs=0 cs=0 l=1 rev1=0 rx=0 tx=0).connect >debug
2023-02-14T06:24:08.091+0000 7f9a5b532700 1 -- [v2:172.17.0.82:6800/139957032,v1:172.17.0.82:6801/139957032] --> [v2:172.17.47.99:6800/410,v1:172.17.47.99:6801/410] -- osd_op(unknown.0.47387:5 9.f 9:f1f69726:::400.00000000:head [read 0~0] snapc 0=[] ondisk+read+known_if_redirected+full_force e30360) v8 -- 0x55ce1f7e8400 con 0x55ce1f7e8000 >debug
2023-02-14T06:24:08.091+0000 7f9a5bd33700 1 -- [v2:172.17.0.82:6800/139957032,v1:172.17.0.82:6801/139957032] --> [v2:172.17.47.95:6800/406,v1:172.17.47.95:6801/406] -- osd_op(unknown.0.47387:6 9.d 9:b50e409b:::mds_snaptable:head [read 0~0] snapc 0=[] ondisk+read+known_if_redirected+full_force e30360) v8 -- 0x55ce1f707c00 con 0x55ce1f707000 >debug
2023-02-14T06:24:08.092+0000 7f9a65546700 1 --2- [v2:172.17.0.82:6800/139957032,v1:172.17.0.82:6801/139957032] >> [v2:172.17.25.193:6800/410,v1:172.17.25.193:6801/410] conn(0x55ce1f706000 0x55ce1f6fbe00 unknown :-1 s=BANNER_CONNECTING pgs=0 cs=0 l=1 rev1=0 rx=0 tx=0)._handle_peer_banner_payload supported=1 required=0 >debug
2023-02-14T06:24:08.092+0000 7f9a64544700 1 --2- [v2:172.17.0.82:6800/139957032,v1:172.17.0.82:6801/139957032] >> [v2:172.17.47.95:6800/406,v1:172.17.47.95:6801/406] conn(0x55ce1f707000 0x55ce1f7da500 unknown :-1 s=BANNER_CONNECTING pgs=0 cs=0 l=1 rev1=0 rx=0 tx=0)._handle_peer_banner_payload supported=1 required=0 >debug
2023-02-14T06:24:08.092+0000 7f9a64d45700 1 --2- [v2:172.17.0.82:6800/139957032,v1:172.17.0.82:6801/139957032] >> [v2:172.17.54.30:6800/199476,v1:172.17.54.30:6801/199476] conn(0x55ce1f706800 0x55ce1f6fcd00 unknown :-1 s=BANNER_CONNECTING pgs=0 cs=0 l=1 rev1=0 rx=0 tx=0)._handle_peer_banner_payload supported=1 required=0 >debug
2023-02-14T06:24:08.092+0000 7f9a65546700 1 --2- [v2:172.17.0.82:6800/139957032,v1:172.17.0.82:6801/139957032] >> [v2:172.17.47.99:6800/410,v1:172.17.47.99:6801/410] conn(0x55ce1f7e8000 0x55ce1f7dc300 unknown :-1 s=BANNER_CONNECTING pgs=0 cs=0 l=1 rev1=0 rx=0 tx=0)._handle_peer_banner_payload supported=1 required=0 >debug
2023-02-14T06:24:08.093+0000 7f9a65546700 1 --2- [v2:172.17.0.82:6800/139957032,v1:172.17.0.82:6801/139957032] >> [v2:172.17.25.193:6800/410,v1:172.17.25.193:6801/410] conn(0x55ce1f706000 0x55ce1f6fbe00 crc :-1 s=READY pgs=59248 cs=0 l=1 rev1=1 rx=0 tx=0).ready entity=osd.2 client_cookie=0 server_cookie=0 in_seq=0 out_seq=0 >debug
2023-02-14T06:24:08.093+0000 7f9a64544700 1 --2- [v2:172.17.0.82:6800/139957032,v1:172.17.0.82:6801/139957032] >> [v2:172.17.47.95:6800/406,v1:172.17.47.95:6801/406] conn(0x55ce1f707000 0x55ce1f7da500 crc :-1 s=READY pgs=66408 cs=0 l=1 rev1=1 rx=0 tx=0).ready entity=osd.7 client_cookie=0 server_cookie=0 in_seq=0 out_seq=0 >debug
2023-02-14T06:24:08.093+0000 7f9a65546700 1 --2- [v2:172.17.0.82:6800/139957032,v1:172.17.0.82:6801/139957032] >> [v2:172.17.47.99:6800/410,v1:172.17.47.99:6801/410] conn(0x55ce1f7e8000 0x55ce1f7dc300 crc :-1 s=READY pgs=51922 cs=0 l=1 rev1=1 rx=0 tx=0).ready entity=osd.3 client_cookie=0 server_cookie=0 in_seq=0 out_seq=0 >debug
2023-02-14T06:24:08.094+0000 7f9a64d45700 1 --2- [v2:172.17.0.82:6800/139957032,v1:172.17.0.82:6801/139957032] >> [v2:172.17.54.30:6800/199476,v1:172.17.54.30:6801/199476] conn(0x55ce1f706800 0x55ce1f6fcd00 crc :-1 s=READY pgs=11091 cs=0 l=1 rev1=1 rx=0 tx=0).ready entity=osd.5 client_cookie=0 server_cookie=0 in_seq=0 out_seq=0 >debug
2023-02-14T06:24:08.096+0000 7f9a64d45700 1 -- [v2:172.17.0.82:6800/139957032,v1:172.17.0.82:6801/139957032] <== osd.5 v2:172.17.54.30:6800/199476 1 ==== osd_op_reply(2 mds0_sessionmap [omap-get-header out=14b,omap-get-vals out=88171b] v0'0 uv399943 ondisk = 0) v8 ==== 201+0+88185 (crc 0 0 0) 0x55ce1f816000 con 0x55ce1f706800 >debug
2023-02-14T06:24:08.099+0000 7f9a64d45700 1 -- [v2:172.17.0.82:6800/139957032,v1:172.17.0.82:6801/139957032] <== osd.5 v2:172.17.54.30:6800/199476 2 ==== osd_op_reply(4 mds0_openfiles.0 [omap-get-header out=42b,omap-get-vals out=70696b] v0'0 uv2369079 ondisk = 0) v8 ==== 202+0+70738 (crc 0 0 0) 0x55ce1f816000 con 0x55ce1f706800 >debug
2023-02-14T06:24:08.100+0000 7f9a5bd33700 1 -- [v2:172.17.0.82:6800/139957032,v1:172.17.0.82:6801/139957032] --> [v2:172.17.54.30:6800/199476,v1:172.17.54.30:6801/199476] -- osd_op(unknown.0.47387:7 9.6 9:654134d2:::mds0_openfiles.0:head [omap-get-vals in=27b] snapc 0=[] ondisk+read+known_if_redirected+full_force e30360) v8 -- 0x55ce1f706c00 con 0x55ce1f706800 >debug
2023-02-14T06:24:08.103+0000 7f9a64d45700 1 -- [v2:172.17.0.82:6800/139957032,v1:172.17.0.82:6801/139957032] <== osd.5 v2:172.17.54.30:6800/199476 3 ==== osd_op_reply(7 mds0_openfiles.0 [omap-get-vals out=55313b] v0'0 uv2369079 ondisk = 0) v8 ==== 160+0+55313 (crc 0 0 0) 0x55ce1f816000 con 0x55ce1f706800 >debug
2023-02-14T06:24:08.104+0000 7f9a64544700 1 -- [v2:172.17.0.82:6800/139957032,v1:172.17.0.82:6801/139957032] <== osd.7 v2:172.17.47.95:6800/406 1 ==== osd_op_reply(3 500.00000000 [read 0~90 out=90b] v0'0 uv381704 ondisk = 0) v8 ==== 156+0+90 (crc 0 0 0) 0x55ce1f816240 con 0x55ce1f707000 >debug
2023-02-14T06:24:08.105+0000 7f9a64544700 1 -- [v2:172.17.0.82:6800/139957032,v1:172.17.0.82:6801/139957032] <== osd.7 v2:172.17.47.95:6800/406 2 ==== osd_op_reply(6 mds_snaptable [read 0~70 out=70b] v0'0 uv1 ondisk = 0) v8 ==== 157+0+70 (crc 0 0 0) 0x55ce1f816240 con 0x55ce1f707000 >debug
2023-02-14T06:24:08.105+0000 7f9a5cd35700 1 -- [v2:172.17.0.82:6800/139957032,v1:172.17.0.82:6801/139957032] --> [v2:172.17.54.30:6800/199476,v1:172.17.54.30:6801/199476] -- osd_op(unknown.0.47387:8 9.6 9:66eb7180:::500.00000004:head [stat] snapc 0=[] ondisk+read+rwordered+known_if_redirected+full_force e30360) v8 -- 0x55ce1f7e8400 con 0x55ce1f706800 >debug
2023-02-14T06:24:08.105+0000 7f9a5cd35700 1 --2- [v2:172.17.0.82:6800/139957032,v1:172.17.0.82:6801/139957032] >> [v2:172.17.54.4:6800/410,v1:172.17.54.4:6801/410] conn(0x55ce1f7e8c00 0x55ce1f936f00 unknown :-1 s=NONE pgs=0 cs=0 l=1 rev1=0 rx=0 tx=0).connect >debug
2023-02-14T06:24:08.105+0000 7f9a5cd35700 1 -- [v2:172.17.0.82:6800/139957032,v1:172.17.0.82:6801/139957032] --> [v2:172.17.54.4:6800/410,v1:172.17.54.4:6801/410] -- osd_op(unknown.0.47387:9 9.1d 9:bb63c54e:::500.00000005:head [stat] snapc 0=[] ondisk+read+rwordered+known_if_redirected+full_force e30360) v8 -- 0x55ce1f7e9000 con 0x55ce1f7e8c00 >debug
2023-02-14T06:24:08.106+0000 7f9a64d45700 1 -- [v2:172.17.0.82:6800/139957032,v1:172.17.0.82:6801/139957032] <== osd.5 v2:172.17.54.30:6800/199476 4 ==== osd_op_reply(8 500.00000004 [stat out=16b] v0'0 uv2369004 ondisk = 0) v8 ==== 156+0+16 (crc 0 0 0) 0x55ce1f816000 con 0x55ce1f706800 >debug
2023-02-14T06:24:08.106+0000 7f9a65546700 1 -- [v2:172.17.0.82:6800/139957032,v1:172.17.0.82:6801/139957032] <== osd.2 v2:172.17.25.193:6800/410 1 ==== osd_op_reply(1 mds0_inotable [read 0~1762 out=1762b] v0'0 uv357816 ondisk = 0) v8 ==== 157+0+1762 (crc 0 0 0) 0x55ce1f816900 con 0x55ce1f706000 >debug
2023-02-14T06:24:08.106+0000 7f9a64d45700 1 --2- [v2:172.17.0.82:6800/139957032,v1:172.17.0.82:6801/139957032] >> [v2:172.17.54.4:6800/410,v1:172.17.54.4:6801/410] conn(0x55ce1f7e8c00 0x55ce1f936f00 unknown :-1 s=BANNER_CONNECTING pgs=0 cs=0 l=1 rev1=0 rx=0 tx=0)._handle_peer_banner_payload supported=1 required=0 >debug
2023-02-14T06:24:08.107+0000 7f9a64d45700 1 --2- [v2:172.17.0.82:6800/139957032,v1:172.17.0.82:6801/139957032] >> [v2:172.17.54.4:6800/410,v1:172.17.54.4:6801/410] conn(0x55ce1f7e8c00 0x55ce1f936f00 crc :-1 s=READY pgs=47921 cs=0 l=1 rev1=1 rx=0 tx=0).ready entity=osd.4 client_cookie=0 server_cookie=0 in_seq=0 out_seq=0 >debug
2023-02-14T06:24:08.112+0000 7f9a65546700 1 -- [v2:172.17.0.82:6800/139957032,v1:172.17.0.82:6801/139957032] <== osd.3 v2:172.17.47.99:6800/410 1 ==== osd_op_reply(5 400.00000000 [read 0~22 out=22b] v0'0 uv1 ondisk = 0) v8 ==== 156+0+22 (crc 0 0 0) 0x55ce1f816900 con 0x55ce1f7e8000 >debug
2023-02-14T06:24:08.112+0000 7f9a5b532700 1 -- [v2:172.17.0.82:6800/139957032,v1:172.17.0.82:6801/139957032] --> [v2:172.17.54.4:6800/410,v1:172.17.54.4:6801/410] -- osd_op(unknown.0.47387:10 9.14 9:292cf221:::200.00000000:head [read 0~0] snapc 0=[] ondisk+read+known_if_redirected+full_force e30360) v8 -- 0x55ce1f7e8800 con 0x55ce1f7e8c00 >debug
2023-02-14T06:24:08.119+0000 7f9a64d45700 1 -- [v2:172.17.0.82:6800/139957032,v1:172.17.0.82:6801/139957032] <== osd.4 v2:172.17.54.4:6800/410 1 ==== osd_op_reply(10 200.00000000 [read 0~90 out=90b] v0'0 uv1527657 ondisk = 0) v8 ==== 156+0+90 (crc 0 0 0) 0x55ce1f816000 con 0x55ce1f7e8c00 >debug
2023-02-14T06:24:08.119+0000 7f9a5bd33700 1 -- [v2:172.17.0.82:6800/139957032,v1:172.17.0.82:6801/139957032] --> [v2:172.17.54.30:6800/199476,v1:172.17.54.30:6801/199476] -- osd_op(unknown.0.47387:11 9.10 9:0e6b3470:::200.000084bf:head [stat] snapc 0=[] ondisk+read+rwordered+known_if_redirected+full_force e30360) v8 -- 0x55ce1f707800 con 0x55ce1f706800 >debug
2023-02-14T06:24:08.119+0000 7f9a5bd33700 1 -- [v2:172.17.0.82:6800/139957032,v1:172.17.0.82:6801/139957032] --> [v2:172.17.54.4:6800/410,v1:172.17.54.4:6801/410] -- osd_op(unknown.0.47387:12 9.1d 9:bf639718:::200.000084c0:head [stat] snapc 0=[] ondisk+read+rwordered+known_if_redirected+full_force e30360) v8 -- 0x55ce1f706400 con 0x55ce1f7e8c00 >debug
2023-02-14T06:24:08.119+0000 7f9a64d45700 1 -- [v2:172.17.0.82:6800/139957032,v1:172.17.0.82:6801/139957032] <== osd.4 v2:172.17.54.4:6800/410 2 ==== osd_op_reply(9 500.00000005 [stat] v0'0 uv0 ondisk = -2 ((2) No such file or directory)) v8 ==== 156+0+0 (crc 0 0 0) 0x55ce1f816000 con 0x55ce1f7e8c00 >debug
2023-02-14T06:24:08.120+0000 7f9a64d45700 1 -- [v2:172.17.0.82:6800/139957032,v1:172.17.0.82:6801/139957032] <== osd.5 v2:172.17.54.30:6800/199476 5 ==== osd_op_reply(11 200.000084bf [stat out=16b] v0'0 uv382070 ondisk = 0) v8 ==== 156+0+16 (crc 0 0 0) 0x55ce1f816000 con 0x55ce1f706800 >debug
2023-02-14T06:24:08.120+0000 7f9a64d45700 1 -- [v2:172.17.0.82:6800/139957032,v1:172.17.0.82:6801/139957032] <== osd.4 v2:172.17.54.4:6800/410 3 ==== osd_op_reply(12 200.000084c0 [stat] v0'0 uv0 ondisk = -2 ((2) No such file or directory)) v8 ==== 156+0+0 (crc 0 0 0) 0x55ce1f816000 con 0x55ce1f7e8c00 >debug
2023-02-14T06:24:08.120+0000 7f9a5b532700 0 mds.0.cache creating system inode with ino:0x100 >debug
2023-02-14T06:24:08.120+0000 7f9a5b532700 1 -- [v2:172.17.0.82:6800/139957032,v1:172.17.0.82:6801/139957032] --> [v2:172.17.25.193:6800/410,v1:172.17.25.193:6801/410] -- osd_op(unknown.0.47387:13 9.13 9:cd5a64a3:::100.00000000:head [getxattr inode in=5b] snapc 0=[] ondisk+read+known_if_redirected+full_force e30360) v8 -- 0x55ce1f7e8400 con 0x55ce1f706000 >debug
2023-02-14T06:24:08.120+0000 7f9a5b532700 1 --2- [v2:172.17.0.82:6800/139957032,v1:172.17.0.82:6801/139957032] >> [v2:172.17.24.164:6800/406,v1:172.17.24.164:6801/406] conn(0x55ce1f7e9000 0x55ce1f93c500 unknown :-1 s=NONE pgs=0 cs=0 l=1 rev1=0 rx=0 tx=0).connect >debug
2023-02-14T06:24:08.120+0000 7f9a5b532700 1 -- [v2:172.17.0.82:6800/139957032,v1:172.17.0.82:6801/139957032] --> [v2:172.17.24.164:6800/406,v1:172.17.24.164:6801/406] -- osd_op(unknown.0.47387:14 9.1f 9:fe07bba1:::100.00000000.inode:head [read 0~0] snapc 0=[] ondisk+read+known_if_redirected+full_force e30360) v8 -- 0x55ce1f706c00 con 0x55ce1f7e9000 >debug
2023-02-14T06:24:08.120+0000 7f9a5b532700 0 mds.0.cache creating system inode with ino:0x1 >debug
2023-02-14T06:24:08.120+0000 7f9a5b532700 1 -- [v2:172.17.0.82:6800/139957032,v1:172.17.0.82:6801/139957032] --> [v2:172.17.24.164:6800/406,v1:172.17.24.164:6801/406] -- osd_op(unknown.0.47387:15 9.1f 9:ff5b34d6:::1.00000000:head [getxattr inode in=5b] snapc 0=[] ondisk+read+known_if_redirected+full_force e30360) v8 -- 0x55ce1f7e9400 con 0x55ce1f7e9000 >debug
2023-02-14T06:24:08.120+0000 7f9a5b532700 1 -- [v2:172.17.0.82:6800/139957032,v1:172.17.0.82:6801/139957032] --> [v2:172.17.54.4:6800/410,v1:172.17.54.4:6801/410] -- osd_op(unknown.0.47387:16 9.14 9:287034c4:::1.00000000.inode:head [read 0~0] snapc 0=[] ondisk+read+known_if_redirected+full_force e30360) v8 -- 0x55ce1f7e9800 con 0x55ce1f7e8c00 >debug
2023-02-14T06:24:08.121+0000 7f9a65546700 1 -- [v2:172.17.0.82:6800/139957032,v1:172.17.0.82:6801/139957032] <== osd.2 v2:172.17.25.193:6800/410 2 ==== osd_op_reply(13 100.00000000 [getxattr] v0'0 uv0 ondisk = -61 ((61) No data available)) v8 ==== 156+0+0 (crc 0 0 0) 0x55ce1f816900 con 0x55ce1f706000 >debug
2023-02-14T06:24:08.121+0000 7f9a64d45700 1 -- [v2:172.17.0.82:6800/139957032,v1:172.17.0.82:6801/139957032] <== osd.4 v2:172.17.54.4:6800/410 4 ==== osd_op_reply(16 1.00000000.inode [read 0~554 out=554b] v0'0 uv4 ondisk = 0) v8 ==== 160+0+554 (crc 0 0 0) 0x55ce1f816000 con 0x55ce1f7e8c00 >debug
2023-02-14T06:24:08.122+0000 7f9a64544700 1 --2- [v2:172.17.0.82:6800/139957032,v1:172.17.0.82:6801/139957032] >> [v2:172.17.24.164:6800/406,v1:172.17.24.164:6801/406] conn(0x55ce1f7e9000 0x55ce1f93c500 unknown :-1 s=BANNER_CONNECTING pgs=0 cs=0 l=1 rev1=0 rx=0 tx=0)._handle_peer_banner_payload supported=1 required=0 >debug
2023-02-14T06:24:08.123+0000 7f9a64544700 1 --2- [v2:172.17.0.82:6800/139957032,v1:172.17.0.82:6801/139957032] >> [v2:172.17.24.164:6800/406,v1:172.17.24.164:6801/406] conn(0x55ce1f7e9000 0x55ce1f93c500 crc :-1 s=READY pgs=64162 cs=0 l=1 rev1=1 rx=0 tx=0).ready entity=osd.8 client_cookie=0 server_cookie=0 in_seq=0 out_seq=0 >debug
2023-02-14T06:24:08.137+0000 7f9a64544700 1 -- [v2:172.17.0.82:6800/139957032,v1:172.17.0.82:6801/139957032] <== osd.8 v2:172.17.24.164:6800/406 1 ==== osd_op_reply(14 100.00000000.inode [read 0~554 out=554b] v0'0 uv3 ondisk = 0) v8 ==== 162+0+554 (crc 0 0 0) 0x55ce1f816240 con 0x55ce1f7e9000 >debug
2023-02-14T06:24:08.138+0000 7f9a64544700 1 -- [v2:172.17.0.82:6800/139957032,v1:172.17.0.82:6801/139957032] <== osd.8 v2:172.17.24.164:6800/406 2 ==== osd_op_reply(15 1.00000000 [getxattr] v0'0 uv0 ondisk = -61 ((61) No data available)) v8 ==== 154+0+0 (crc 0 0 0) 0x55ce1f816240 con 0x55ce1f7e9000 >debug
2023-02-14T06:24:08.138+0000 7f9a5a530700 1 --2- [v2:172.17.0.82:6800/139957032,v1:172.17.0.82:6801/139957032] >> [v2:172.17.0.89:6800/266764,v1:172.17.0.89:6801/266764] conn(0x55ce1f707800 0x55ce1f6fb400 unknown :-1 s=NONE pgs=0 cs=0 l=1 rev1=0 rx=0 tx=0).connect >debug
2023-02-14T06:24:08.138+0000 7f9a5a530700 1 -- [v2:172.17.0.82:6800/139957032,v1:172.17.0.82:6801/139957032] --> [v2:172.17.0.89:6800/266764,v1:172.17.0.89:6801/266764] -- osd_op(unknown.0.47387:17 9.9 9:920b35dc:::200.00008489:head [read 8188~4186116 [fadvise_dontneed]] snapc 0=[] ondisk+read+known_if_redirected+full_force e30360) v8 -- 0x55ce1f7e8800 con 0x55ce1f707800 >debug
2023-02-14T06:24:08.138+0000 7f9a5a530700 1 -- [v2:172.17.0.82:6800/139957032,v1:172.17.0.82:6801/139957032] --> [v2:172.17.54.4:6800/410,v1:172.17.54.4:6801/410] -- osd_op(unknown.0.47387:18 9.1d 9:bb90e8c9:::200.0000848a:head [read 0~4194304 [fadvise_dontneed]] snapc 0=[] ondisk+read+known_if_redirected+full_force e30360) v8 -- 0x55ce1f706400 con 0x55ce1f7e8c00 >debug
2023-02-14T06:24:08.138+0000 7f9a5a530700 1 -- [v2:172.17.0.82:6800/139957032,v1:172.17.0.82:6801/139957032] --> [v2:172.17.24.164:6800/406,v1:172.17.24.164:6801/406] -- osd_op(unknown.0.47387:19 9.1f 9:f8d54bde:::200.0000848b:head [read 0~4194304 [fadvise_dontneed]] snapc 0=[] ondisk+read+known_if_redirected+full_force e30360) v8 -- 0x55ce1f7e9800 con 0x55ce1f7e9000 >debug
2023-02-14T06:24:08.138+0000 7f9a5a530700 1 -- [v2:172.17.0.82:6800/139957032,v1:172.17.0.82:6801/139957032] --> [v2:172.17.0.89:6800/266764,v1:172.17.0.89:6801/266764] -- osd_op(unknown.0.47387:20 9.1c 9:3f94857c:::200.0000848c:head [read 0~4194304 [fadvise_dontneed]] snapc 0=[] ondisk+read+known_if_redirected+full_force e30360) v8 -- 0x55ce1f7e9c00 con 0x55ce1f707800 >debug
2023-02-14T06:24:08.138+0000 7f9a5a530700 1 -- [v2:172.17.0.82:6800/139957032,v1:172.17.0.82:6801/139957032] --> [v2:172.17.25.193:6800/410,v1:172.17.25.193:6801/410] -- osd_op(unknown.0.47387:21 9.7 9:e1f59baf:::200.0000848d:head [read 0~4194304 [fadvise_dontneed]] snapc 0=[] ondisk+read+known_if_redirected+full_force e30360) v8 -- 0x55ce1f94e000 con 0x55ce1f706000 >debug
2023-02-14T06:24:08.138+0000 7f9a5a530700 1 --2- [v2:172.17.0.82:6800/139957032,v1:172.17.0.82:6801/139957032] >> [v2:172.17.24.145:6800/405,v1:172.17.24.145:6801/405] conn(0x55ce1f94e400 0x55ce1f93de00 unknown :-1 s=NONE pgs=0 cs=0 l=1 rev1=0 rx=0 tx=0).connect >debug
2023-02-14T06:24:08.138+0000 7f9a5a530700 1 -- [v2:172.17.0.82:6800/139957032,v1:172.17.0.82:6801/139957032] --> [v2:172.17.24.145:6800/405,v1:172.17.24.145:6801/405] -- osd_op(unknown.0.47387:22 9.1b 9:def16b61:::200.0000848e:head [read 0~4194304 [fadvise_dontneed]] snapc 0=[] ondisk+read+known_if_redirected+full_force e30360) v8 -- 0x55ce1f94e800 con 0x55ce1f94e400 >debug
2023-02-14T06:24:08.138+0000 7f9a5a530700 1 -- [v2:172.17.0.82:6800/139957032,v1:172.17.0.82:6801/139957032] --> [v2:172.17.54.4:6800/410,v1:172.17.54.4:6801/410] -- osd_op(unknown.0.47387:23 9.1d 9:bb80521b:::200.0000848f:head [read 0~4194304 [fadvise_dontneed]] snapc 0=[] ondisk+read+known_if_redirected+full_force e30360) v8 -- 0x55ce1f94ec00 con 0x55ce1f7e8c00 >debug
2023-02-14T06:24:08.138+0000 7f9a5a530700 1 -- [v2:172.17.0.82:6800/139957032,v1:172.17.0.82:6801/139957032] --> [v2:172.17.25.193:6800/410,v1:172.17.25.193:6801/410] -- osd_op(unknown.0.47387:24 9.c 9:302e0812:::200.00008490:head [read 0~4194304 [fadvise_dontneed]] snapc 0=[] ondisk+read+known_if_redirected+full_force e30360) v8 -- 0x55ce1f94f000 con 0x55ce1f706000 >debug
2023-02-14T06:24:08.138+0000 7f9a5a530700 1 -- [v2:172.17.0.82:6800/139957032,v1:172.17.0.82:6801/139957032] --> [v2:172.17.25.193:6800/410,v1:172.17.25.193:6801/410] -- osd_op(unknown.0.47387:25 9.19 9:9ef621ac:::200.00008491:head [read 0~4194304 [fadvise_dontneed]] snapc 0=[] ondisk+read+known_if_redirected+full_force e30360) v8 -- 0x55ce1f94f400 con 0x55ce1f706000 >debug
2023-02-14T06:24:08.138+0000 7f9a5a530700 1 -- [v2:172.17.0.82:6800/139957032,v1:172.17.0.82:6801/139957032] --> [v2:172.17.54.4:6800/410,v1:172.17.54.4:6801/410] -- osd_op(unknown.0.47387:26 9.1d 9:b8e6b293:::200.00008492:head [read 0~4194304 [fadvise_dontneed]] snapc 0=[] ondisk+read+known_if_redirected+full_force e30360) v8 -- 0x55ce1f94f800 con 0x55ce1f7e8c00 >debug
2023-02-14T06:24:08.138+0000 7f9a5a530700 1 -- [v2:172.17.0.82:6800/139957032,v1:172.17.0.82:6801/139957032] --> [v2:172.17.25.193:6800/410,v1:172.17.25.193:6801/410] -- osd_op(unknown.0.47387:27 9.c 9:30e2758c:::200.00008493:head [read 0~4194304 [fadvise_dontneed]] snapc 0=[] ondisk+read+known_if_redirected+full_force e30360) v8 -- 0x55ce1f94fc00 con 0x55ce1f706000 >debug
2023-02-14T06:24:08.139+0000 7f9a65546700 1 --2- [v2:172.17.0.82:6800/139957032,v1:172.17.0.82:6801/139957032] >> [v2:172.17.0.89:6800/266764,v1:172.17.0.89:6801/266764] conn(0x55ce1f707800 0x55ce1f6fb400 unknown :-1 s=BANNER_CONNECTING pgs=0 cs=0 l=1 rev1=0 rx=0 tx=0)._handle_peer_banner_payload supported=1 required=0 >debug
2023-02-14T06:24:08.140+0000 7f9a64d45700 1 --2- [v2:172.17.0.82:6800/139957032,v1:172.17.0.82:6801/139957032] >> [v2:172.17.24.145:6800/405,v1:172.17.24.145:6801/405] conn(0x55ce1f94e400 0x55ce1f93de00 unknown :-1 s=BANNER_CONNECTING pgs=0 cs=0 l=1 rev1=0 rx=0 tx=0)._handle_peer_banner_payload supported=1 required=0 >debug
2023-02-14T06:24:08.140+0000 7f9a65546700 1 --2- [v2:172.17.0.82:6800/139957032,v1:172.17.0.82:6801/139957032] >> [v2:172.17.0.89:6800/266764,v1:172.17.0.89:6801/266764] conn(0x55ce1f707800 0x55ce1f6fb400 crc :-1 s=READY pgs=8671 cs=0 l=1 rev1=1 rx=0 tx=0).ready entity=osd.1 client_cookie=0 server_cookie=0 in_seq=0 out_seq=0 >debug
2023-02-14T06:24:08.141+0000 7f9a64d45700 1 --2- [v2:172.17.0.82:6800/139957032,v1:172.17.0.82:6801/139957032] >> [v2:172.17.24.145:6800/405,v1:172.17.24.145:6801/405] conn(0x55ce1f94e400 0x55ce1f93de00 crc :-1 s=READY pgs=71312 cs=0 l=1 rev1=1 rx=0 tx=0).ready entity=osd.6 client_cookie=0 server_cookie=0 in_seq=0 out_seq=0 >debug
2023-02-14T06:24:08.153+0000 7f9a65546700 1 -- [v2:172.17.0.82:6800/139957032,v1:172.17.0.82:6801/139957032] <== osd.2 v2:172.17.25.193:6800/410 3 ==== osd_op_reply(25 200.00008491 [read 0~4194304 [fadvise_dontneed] out=4194304b] v0'0 uv363005 ondisk = 0) v8 ==== 156+0+4194304 (crc 0 0 0) 0x55ce1f816900 con 0x55ce1f706000 >debug
2023-02-14T06:24:08.160+0000 7f9a64d45700 1 -- [v2:172.17.0.82:6800/139957032,v1:172.17.0.82:6801/139957032] <== osd.4 v2:172.17.54.4:6800/410 5 ==== osd_op_reply(18 200.0000848a [read 0~4194304 [fadvise_dontneed] out=4194304b] v0'0 uv377948 ondisk = 0) v8 ==== 156+0+4194304 (crc 0 0 0) 0x55ce1f816000 con 0x55ce1f7e8c00 >debug
2023-02-14T06:24:08.161+0000 7f9a65546700 1 -- [v2:172.17.0.82:6800/139957032,v1:172.17.0.82:6801/139957032] <== osd.2 v2:172.17.25.193:6800/410 4 ==== osd_op_reply(24 200.00008490 [read 0~4194304 [fadvise_dontneed] out=4194304b] v0'0 uv343204 ondisk = 0) v8 ==== 156+0+4194304 (crc 0 0 0) 0x55ce1f816900 con 0x55ce1f706000 >debug
2023-02-14T06:24:08.166+0000 7f9a65546700 1 -- [v2:172.17.0.82:6800/139957032,v1:172.17.0.82:6801/139957032] <== osd.1 v2:172.17.0.89:6800/266764 1 ==== osd_op_reply(20 200.0000848c [read 0~4194304 [fadvise_dontneed] out=4194304b] v0'0 uv371119 ondisk = 0) v8 ==== 156+0+4194304 (crc 0 0 0) 0x55ce1f816900 con 0x55ce1f707800 >debug
2023-02-14T06:24:08.169+0000 7f9a64544700 1 -- [v2:172.17.0.82:6800/139957032,v1:172.17.0.82:6801/139957032] <== osd.8 v2:172.17.24.164:6800/406 3 ==== osd_op_reply(19 200.0000848b [read 0~4194304 [fadvise_dontneed] out=4194304b] v0'0 uv384892 ondisk = 0) v8 ==== 156+0+4194304 (crc 0 0 0) 0x55ce1f816240 con 0x55ce1f7e9000 >debug
2023-02-14T06:24:08.169+0000 7f9a64d45700 1 -- [v2:172.17.0.82:6800/139957032,v1:172.17.0.82:6801/139957032] <== osd.4 v2:172.17.54.4:6800/410 6 ==== osd_op_reply(23 200.0000848f [read 0~4194304 [fadvise_dontneed] out=4194304b] v0'0 uv378313 ondisk = 0) v8 ==== 156+0+4194304 (crc 0 0 0) 0x55ce1f816000 con 0x55ce1f7e8c00 >debug
2023-02-14T06:24:08.171+0000 7f9a65546700 1 -- [v2:172.17.0.82:6800/139957032,v1:172.17.0.82:6801/139957032] <== osd.1 v2:172.17.0.89:6800/266764 2 ==== osd_op_reply(17 200.00008489 [read 8188~4186116 [fadvise_dontneed] out=4186116b] v0'0 uv368844 ondisk = 0) v8 ==== 156+0+4186116 (crc 0 0 0) 0x55ce1f816900 con 0x55ce1f707800 >debug
2023-02-14T06:24:08.175+0000 7f9a65546700 1 -- [v2:172.17.0.82:6800/139957032,v1:172.17.0.82:6801/139957032] <== osd.2 v2:172.17.25.193:6800/410 5 ==== osd_op_reply(21 200.0000848d [read 0~4194304 [fadvise_dontneed] out=4194304b] v0'0 uv353103 ondisk = 0) v8 ==== 156+0+4194304 (crc 0 0 0) 0x55ce1f816900 con 0x55ce1f706000 >debug
2023-02-14T06:24:08.177+0000 7f9a64d45700 1 -- [v2:172.17.0.82:6800/139957032,v1:172.17.0.82:6801/139957032] <== osd.6 v2:172.17.24.145:6800/405 1 ==== osd_op_reply(22 200.0000848e [read 0~4194304 [fadvise_dontneed] out=4194304b] v0'0 uv370943 ondisk = 0) v8 ==== 156+0+4194304 (crc 0 0 0) 0x55ce1f816000 con 0x55ce1f94e400 >debug
2023-02-14T06:24:08.179+0000 7f9a64d45700 1 -- [v2:172.17.0.82:6800/139957032,v1:172.17.0.82:6801/139957032] <== osd.4 v2:172.17.54.4:6800/410 7 ==== osd_op_reply(26 200.00008492 [read 0~4194304 [fadvise_dontneed] out=4194304b] v0'0 uv378699 ondisk = 0) v8 ==== 156+0+4194304 (crc 0 0 0) 0x55ce1f816000 con 0x55ce1f7e8c00 >debug
2023-02-14T06:24:08.181+0000 7f9a65546700 1 -- [v2:172.17.0.82:6800/139957032,v1:172.17.0.82:6801/139957032] <== osd.2 v2:172.17.25.193:6800/410 6 ==== osd_op_reply(27 200.00008493 [read 0~4194304 [fadvise_dontneed] out=4194304b] v0'0 uv343613 ondisk = 0) v8 ==== 156+0+4194304 (crc 0 0 0) 0x55ce1f816900 con 0x55ce1f706000 >debug
2023-02-14T06:24:08.190+0000 7f9a5a530700 1 -- [v2:172.17.0.82:6800/139957032,v1:172.17.0.82:6801/139957032] --> [v2:172.17.25.193:6800/410,v1:172.17.25.193:6801/410] -- osd_op(unknown.0.47387:28 9.13 9:c81e1f6b:::200.00008494:head [read 0~4194304 [fadvise_dontneed]] snapc 0=[] ondisk+read+known_if_redirected+full_force e30360) v8 -- 0x55ce1f7e8800 con 0x55ce1f706000 >debug
2023-02-14T06:24:08.202+0000 7f9a65546700 1 -- [v2:172.17.0.82:6800/139957032,v1:172.17.0.82:6801/139957032] <== osd.2 v2:172.17.25.193:6800/410 7 ==== osd_op_reply(28 200.00008494 [read 0~4194304 [fadvise_dontneed] out=4194304b] v0'0 uv361131 ondisk = 0) v8 ==== 156+0+4194304 (crc 0 0 0) 0x55ce1f816900 con 0x55ce1f706000 >debug
2023-02-14T06:24:08.206+0000 7f9a5a530700 1 -- [v2:172.17.0.82:6800/139957032,v1:172.17.0.82:6801/139957032] --> [v2:172.17.54.4:6800/410,v1:172.17.54.4:6801/410] -- osd_op(unknown.0.47387:29 9.1d 9:bc965ab2:::200.00008495:head [read 0~4194304 [fadvise_dontneed]] snapc 0=[] ondisk+read+known_if_redirected+full_force e30360) v8 -- 0x55ce1f706c00 con 0x55ce1f7e8c00 >debug
2023-02-14T06:24:08.217+0000 7f9a64d45700 1 -- [v2:172.17.0.82:6800/139957032,v1:172.17.0.82:6801/139957032] <== osd.4 v2:172.17.54.4:6800/410 8 ==== osd_op_reply(29 200.00008495 [read 0~4194304 [fadvise_dontneed] out=4194304b] v0'0 uv379082 ondisk = 0) v8 ==== 156+0+4194304 (crc 0 0 0) 0x55ce1f816000 con 0x55ce1f7e8c00 >debug
2023-02-14T06:24:08.222+0000 7f9a5a530700 1 -- [v2:172.17.0.82:6800/139957032,v1:172.17.0.82:6801/139957032] --> [v2:172.17.47.99:6800/410,v1:172.17.47.99:6801/410] -- osd_op(unknown.0.47387:30 9.f 9:f246c069:::200.00008496:head [read 0~4194304 [fadvise_dontneed]] snapc 0=[] ondisk+read+known_if_redirected+full_force e30360) v8 -- 0x55ce1f94f400 con 0x55ce1f7e8000 >debug
2023-02-14T06:24:08.236+0000 7f9a65546700 1 -- [v2:172.17.0.82:6800/139957032,v1:172.17.0.82:6801/139957032] <== osd.3 v2:172.17.47.99:6800/410 2 ==== osd_op_reply(30 200.00008496 [read 0~4194304 [fadvise_dontneed] out=4194304b] v0'0 uv378985 ondisk = 0) v8 ==== 156+0+4194304 (crc 0 0 0) 0x55ce1f816900 con 0x55ce1f7e8000 >debug
2023-02-14T06:24:08.238+0000 7f9a5a530700 1 -- [v2:172.17.0.82:6800/139957032,v1:172.17.0.82:6801/139957032] --> [v2:172.17.47.95:6800/406,v1:172.17.47.95:6801/406] -- osd_op(unknown.0.47387:31 9.15 9:ac50ac8f:::200.00008497:head [read 0~4194304 [fadvise_dontneed]] snapc 0=[] ondisk+read+known_if_redirected+full_force e30360) v8 -- 0x55ce1f94fc00 con 0x55ce1f707000 >debug
2023-02-14T06:24:08.250+0000 7f9a64544700 1 -- [v2:172.17.0.82:6800/139957032,v1:172.17.0.82:6801/139957032] <== osd.7 v2:172.17.47.95:6800/406 3 ==== osd_op_reply(31 200.00008497 [read 0~4194304 [fadvise_dontneed] out=4194304b] v0'0 uv381670 ondisk = 0) v8 ==== 156+0+4194304 (crc 0 0 0) 0x55ce1f816240 con 0x55ce1f707000 >debug
2023-02-14T06:24:08.254+0000 7f9a5a530700 1 -- [v2:172.17.0.82:6800/139957032,v1:172.17.0.82:6801/139957032] --> [v2:172.17.25.193:6800/410,v1:172.17.25.193:6801/410] -- osd_op(unknown.0.47387:32 9.c 9:3494189e:::200.00008498:head [read 0~4194304 [fadvise_dontneed]] snapc 0=[] ondisk+read+known_if_redirected+full_force e30360) v8 -- 0x55ce1f94e000 con 0x55ce1f706000 >debug
2023-02-14T06:24:08.261+0000 7f9a65546700 1 -- [v2:172.17.0.82:6800/139957032,v1:172.17.0.82:6801/139957032] <== osd.2 v2:172.17.25.193:6800/410 8 ==== osd_op_reply(32 200.00008498 [read 0~4194304 [fadvise_dontneed] out=4194304b] v0'0 uv344005 ondisk = 0) v8 ==== 156+0+4194304 (crc 0 0 0) 0x55ce1f816900 con 0x55ce1f706000 >debug
2023-02-14T06:24:08.269+0000 7f9a5a530700 1 -- [v2:172.17.0.82:6800/139957032,v1:172.17.0.82:6801/139957032] --> [v2:172.17.24.164:6800/406,v1:172.17.24.164:6801/406] -- osd_op(unknown.0.47387:33 9.0 9:039cc2ac:::200.00008499:head [read 0~4194304 [fadvise_dontneed]] snapc 0=[] ondisk+read+known_if_redirected+full_force e30360) v8 -- 0x55ce1f94f000 con 0x55ce1f7e9000 >debug
2023-02-14T06:24:08.272+0000 7f9a64d45700 1 --2- [v2:172.17.0.82:6800/139957032,v1:172.17.0.82:6801/139957032] >> [v2:172.17.25.215:6800/43191,v1:172.17.25.215:6801/43191] conn(0x55ce1e9efc00 0x55ce1f6fa500 unknown :-1 s=BANNER_CONNECTING pgs=0 cs=0 l=1 rev1=0 rx=0 tx=0)._handle_peer_banner_payload supported=1 required=0 >debug
2023-02-14T06:24:08.282+0000 7f9a64544700 1 -- [v2:172.17.0.82:6800/139957032,v1:172.17.0.82:6801/139957032] <== osd.8 v2:172.17.24.164:6800/406 4 ==== osd_op_reply(33 200.00008499 [read 0~4194304 [fadvise_dontneed] out=4194304b] v0'0 uv367224 ondisk = 0) v8 ==== 156+0+4194304 (crc 0 0 0) 0x55ce1f816240 con 0x55ce1f7e9000 >debug
2023-02-14T06:24:08.287+0000 7f9a5a530700 1 -- [v2:172.17.0.82:6800/139957032,v1:172.17.0.82:6801/139957032] --> [v2:172.17.47.95:6800/406,v1:172.17.47.95:6801/406] -- osd_op(unknown.0.47387:34 9.a 9:504d25c4:::200.0000849a:head [read 0~4194304 [fadvise_dontneed]] snapc 0=[] ondisk+read+known_if_redirected+full_force e30360) v8 -- 0x55ce1f7e9c00 con 0x55ce1f707000 >debug
2023-02-14T06:24:08.298+0000 7f9a64544700 1 -- [v2:172.17.0.82:6800/139957032,v1:172.17.0.82:6801/139957032] <== osd.7 v2:172.17.47.95:6800/406 4 ==== osd_op_reply(34 200.0000849a [read 0~4194304 [fadvise_dontneed] out=4194304b] v0'0 uv379365 ondisk = 0) v8 ==== 156+0+4194304 (crc 0 0 0) 0x55ce1f816240 con 0x55ce1f707000 >debug
2023-02-14T06:24:08.302+0000 7f9a5a530700 1 -- [v2:172.17.0.82:6800/139957032,v1:172.17.0.82:6801/139957032] --> [v2:172.17.24.164:6800/406,v1:172.17.24.164:6801/406] -- osd_op(unknown.0.47387:35 9.0 9:04debbcc:::200.0000849b:head [read 0~4194304 [fadvise_dontneed]] snapc 0=[] ondisk+read+known_if_redirected+full_force e30360) v8 -- 0x55ce1f7e8400 con 0x55ce1f7e9000 >debug
2023-02-14T06:24:08.315+0000 7f9a64544700 1 -- [v2:172.17.0.82:6800/139957032,v1:172.17.0.82:6801/139957032] <== osd.8 v2:172.17.24.164:6800/406 5 ==== osd_op_reply(35 200.0000849b [read 0~4194304 [fadvise_dontneed] out=4194304b] v0'0 uv367595 ondisk = 0) v8 ==== 156+0+4194304 (crc 0 0 0) 0x55ce1f816240 con 0x55ce1f7e9000 >debug
2023-02-14T06:24:08.321+0000 7f9a5a530700 1 -- [v2:172.17.0.82:6800/139957032,v1:172.17.0.82:6801/139957032] --> [v2:172.17.47.95:6800/406,v1:172.17.47.95:6801/406] -- osd_op(unknown.0.47387:36 9.a 9:50b16679:::200.0000849c:head [read 0~4194304 [fadvise_dontneed]] snapc 0=[] ondisk+read+known_if_redirected+full_force e30360) v8 -- 0x55ce1f706400 con 0x55ce1f707000 >debug
2023-02-14T06:24:08.331+0000 7f9a64544700 1 -- [v2:172.17.0.82:6800/139957032,v1:172.17.0.82:6801/139957032] <== osd.7 v2:172.17.47.95:6800/406 5 ==== osd_op_reply(36 200.0000849c [read 0~4194304 [fadvise_dontneed] out=4194304b] v0'0 uv379725 ondisk = 0) v8 ==== 156+0+4194304 (crc 0 0 0) 0x55ce1f816240 con 0x55ce1f707000 >debug
2023-02-14T06:24:08.337+0000 7f9a5a530700 1 -- [v2:172.17.0.82:6800/139957032,v1:172.17.0.82:6801/139957032] --> [v2:172.17.54.30:6800/199476,v1:172.17.54.30:6801/199476] -- osd_op(unknown.0.47387:37 9.4 9:25257407:::200.0000849d:head [read 0~4194304 [fadvise_dontneed]] snapc 0=[] ondisk+read+known_if_redirected+full_force e30360) v8 -- 0x55ce1f706c00 con 0x55ce1f706800 >debug
2023-02-14T06:24:08.353+0000 7f9a64d45700 1 -- [v2:172.17.0.82:6800/139957032,v1:172.17.0.82:6801/139957032] <== osd.5 v2:172.17.54.30:6800/199476 6 ==== osd_op_reply(37 200.0000849d [read 0~4194304 [fadvise_dontneed] out=4194304b] v0'0 uv365672 ondisk = 0) v8 ==== 156+0+4194304 (crc 0 0 0) 0x55ce1f816000 con 0x55ce1f706800 >debug
2023-02-14T06:24:08.355+0000 7f9a5a530700 1 -- [v2:172.17.0.82:6800/139957032,v1:172.17.0.82:6801/139957032] --> [v2:172.17.54.30:6800/199476,v1:172.17.54.30:6801/199476] -- osd_op(unknown.0.47387:38 9.10 9:0d34f86c:::200.0000849e:head [read 0~4194304 [fadvise_dontneed]] snapc 0=[] ondisk+read+known_if_redirected+full_force e30360) v8 -- 0x55ce1f94ec00 con 0x55ce1f706800 >debug
2023-02-14T06:24:08.368+0000 7f9a64d45700 1 -- [v2:172.17.0.82:6800/139957032,v1:172.17.0.82:6801/139957032] <== osd.5 v2:172.17.54.30:6800/199476 7 ==== osd_op_reply(38 200.0000849e [read 0~4194304 [fadvise_dontneed] out=4194304b] v0'0 uv381798 ondisk = 0) v8 ==== 156+0+4194304 (crc 0 0 0) 0x55ce1f816000 con 0x55ce1f706800 >debug
2023-02-14T06:24:08.374+0000 7f9a5a530700 1 -- [v2:172.17.0.82:6800/139957032,v1:172.17.0.82:6801/139957032] --> [v2:172.17.47.99:6800/410,v1:172.17.47.99:6801/410] -- osd_op(unknown.0.47387:39 9.1e 9:7f6febcf:::200.0000849f:head [read 0~4194304 [fadvise_dontneed]] snapc 0=[] ondisk+read+known_if_redirected+full_force e30360) v8 -- 0x55ce1f94f800 con 0x55ce1f7e8000 >debug
2023-02-14T06:24:08.381+0000 7f9a65546700 1 -- [v2:172.17.0.82:6800/139957032,v1:172.17.0.82:6801/139957032] <== osd.3 v2:172.17.47.99:6800/410 3 ==== osd_op_reply(39 200.0000849f [read 0~4194304 [fadvise_dontneed] out=4194304b] v0'0 uv365591 ondisk = 0) v8 ==== 156+0+4194304 (crc 0 0 0) 0x55ce1f816900 con 0x55ce1f7e8000 >debug
2023-02-14T06:24:08.390+0000 7f9a5a530700 1 -- [v2:172.17.0.82:6800/139957032,v1:172.17.0.82:6801/139957032] --> [v2:172.17.24.164:6800/406,v1:172.17.24.164:6801/406] -- osd_op(unknown.0.47387:40 9.e 9:70d2ba14:::200.000084a0:head [read 0~4194304 [fadvise_dontneed]] snapc 0=[] ondisk+read+known_if_redirected+full_force e30360) v8 -- 0x55ce1f94e800 con 0x55ce1f7e9000 >debug
