2023-02-14T06:24:08.407+0000 7f9a64544700 1 -- [v2:172.17.0.82:6800/139957032,v1:172.17.0.82:6801/139957032] <== osd.8 v2:172.17.24.164:6800/406 6 ==== osd_op_reply(40 200.000084a0 [read 0~4194304 [fadvise_dontneed] out=4194304b] v0'0 uv369444 ondisk = 0) v8 ==== 156+0+4194304 (crc 0 0 0) 0x55ce1f816240 con 0x55ce1f7e9000 >debug
2023-02-14T06:24:08.408+0000 7f9a5a530700 1 -- [v2:172.17.0.82:6800/139957032,v1:172.17.0.82:6801/139957032] --> [v2:172.17.24.145:6800/405,v1:172.17.24.145:6801/405] -- osd_op(unknown.0.47387:41 9.5 9:a063c0a4:::200.000084a1:head [read 0~4194304 [fadvise_dontneed]] snapc 0=[] ondisk+read+known_if_redirected+full_force e30360) v8 -- 0x55ce1f7e9c00 con 0x55ce1f94e400 >debug
2023-02-14T06:24:08.423+0000 7f9a64d45700 1 -- [v2:172.17.0.82:6800/139957032,v1:172.17.0.82:6801/139957032] <== osd.6 v2:172.17.24.145:6800/405 2 ==== osd_op_reply(41 200.000084a1 [read 0~4194304 [fadvise_dontneed] out=4194304b] v0'0 uv357909 ondisk = 0) v8 ==== 156+0+4194304 (crc 0 0 0) 0x55ce1f816000 con 0x55ce1f94e400 >debug
2023-02-14T06:24:08.424+0000 7f9a5a530700 1 -- [v2:172.17.0.82:6800/139957032,v1:172.17.0.82:6801/139957032] --> [v2:172.17.0.89:6800/266764,v1:172.17.0.89:6801/266764] -- osd_op(unknown.0.47387:42 9.1c 9:3c44b11b:::200.000084a2:head [read 0~4194304 [fadvise_dontneed]] snapc 0=[] ondisk+read+known_if_redirected+full_force e30360) v8 -- 0x55ce1f7e8400 con 0x55ce1f707800 >debug
2023-02-14T06:24:08.437+0000 7f9a65546700 1 -- [v2:172.17.0.82:6800/139957032,v1:172.17.0.82:6801/139957032] <== osd.1 v2:172.17.0.89:6800/266764 3 ==== osd_op_reply(42 200.000084a2 [read 0~4194304 [fadvise_dontneed] out=4194304b] v0'0 uv371387 ondisk = 0) v8 ==== 156+0+4194304 (crc 0 0 0) 0x55ce1f816900 con 0x55ce1f707800 >debug
2023-02-14T06:24:08.441+0000 7f9a5a530700 1 -- [v2:172.17.0.82:6800/139957032,v1:172.17.0.82:6801/139957032] --> [v2:172.17.54.30:6800/199476,v1:172.17.54.30:6801/199476] -- osd_op(unknown.0.47387:43 9.b 9:d21793fc:::200.000084a3:head [read 0~4194304 [fadvise_dontneed]] snapc 0=[] ondisk+read+known_if_redirected+full_force e30360) v8 -- 0x55ce1f7e9400 con 0x55ce1f706800 >debug
2023-02-14T06:24:08.450+0000 7f9a64d45700 1 -- [v2:172.17.0.82:6800/139957032,v1:172.17.0.82:6801/139957032] <== osd.5 v2:172.17.54.30:6800/199476 8 ==== osd_op_reply(43 200.000084a3 [read 0~4194304 [fadvise_dontneed] out=4194304b] v0'0 uv399567 ondisk = 0) v8 ==== 156+0+4194304 (crc 0 0 0) 0x55ce1f816000 con 0x55ce1f706800 >debug
2023-02-14T06:24:08.459+0000 7f9a5a530700 1 -- [v2:172.17.0.82:6800/139957032,v1:172.17.0.82:6801/139957032] --> [v2:172.17.47.95:6800/406,v1:172.17.47.95:6801/406] -- osd_op(unknown.0.47387:44 9.d 9:b7da5194:::200.000084a4:head [read 0~4194304 [fadvise_dontneed]] snapc 0=[] ondisk+read+known_if_redirected+full_force e30360) v8 -- 0x55ce1f7e9800 con 0x55ce1f707000 >debug
2023-02-14T06:24:08.469+0000 7f9a64544700 1 -- [v2:172.17.0.82:6800/139957032,v1:172.17.0.82:6801/139957032] <== osd.7 v2:172.17.47.95:6800/406 6 ==== osd_op_reply(44 200.000084a4 [read 0~4194304 [fadvise_dontneed] out=4194304b] v0'0 uv361476 ondisk = 0) v8 ==== 156+0+4194304 (crc 0 0 0) 0x55ce1f816240 con 0x55ce1f707000 >debug
2023-02-14T06:24:08.475+0000 7f9a5a530700 1 -- [v2:172.17.0.82:6800/139957032,v1:172.17.0.82:6801/139957032] --> [v2:172.17.25.193:6800/410,v1:172.17.25.193:6801/410] -- osd_op(unknown.0.47387:45 9.7 9:e1198354:::200.000084a5:head [read 0~4194304 [fadvise_dontneed]] snapc 0=[] ondisk+read+known_if_redirected+full_force e30360) v8 -- 0x55ce1f94fc00 con 0x55ce1f706000 >debug
2023-02-14T06:24:08.485+0000 7f9a65546700 1 -- [v2:172.17.0.82:6800/139957032,v1:172.17.0.82:6801/139957032] <== osd.2 v2:172.17.25.193:6800/410 9 ==== osd_op_reply(45 200.000084a5 [read 0~4194304 [fadvise_dontneed] out=4194304b] v0'0 uv353185 ondisk = 0) v8 ==== 156+0+4194304 (crc 0 0 0) 0x55ce1f816900 con 0x55ce1f706000 >debug
2023-02-14T06:24:08.491+0000 7f9a5a530700 1 -- [v2:172.17.0.82:6800/139957032,v1:172.17.0.82:6801/139957032] --> [v2:172.17.0.89:6800/266764,v1:172.17.0.89:6801/266764] -- osd_op(unknown.0.47387:46 9.3 9:c2cbaee7:::200.000084a6:head [read 0~4194304 [fadvise_dontneed]] snapc 0=[] ondisk+read+known_if_redirected+full_force e30360) v8 -- 0x55ce1f94f000 con 0x55ce1f707800 >debug
2023-02-14T06:24:08.500+0000 7f9a65546700 1 -- [v2:172.17.0.82:6800/139957032,v1:172.17.0.82:6801/139957032] <== osd.1 v2:172.17.0.89:6800/266764 4 ==== osd_op_reply(46 200.000084a6 [read 0~4194304 [fadvise_dontneed] out=4194304b] v0'0 uv361128 ondisk = 0) v8 ==== 156+0+4194304 (crc 0 0 0) 0x55ce1f816900 con 0x55ce1f707800 >debug
2023-02-14T06:24:08.513+0000 7f9a5a530700 1 -- [v2:172.17.0.82:6800/139957032,v1:172.17.0.82:6801/139957032] --> [v2:172.17.54.30:6800/199476,v1:172.17.54.30:6801/199476] -- osd_op(unknown.0.47387:47 9.4 9:278c67c2:::200.000084a7:head [read 0~4194304 [fadvise_dontneed]] snapc 0=[] ondisk+read+known_if_redirected+full_force e30360) v8 -- 0x55ce1f7e8800 con 0x55ce1f706800 >debug
2023-02-14T06:24:08.522+0000 7f9a64d45700 1 -- [v2:172.17.0.82:6800/139957032,v1:172.17.0.82:6801/139957032] <== osd.5 v2:172.17.54.30:6800/199476 9 ==== osd_op_reply(47 200.000084a7 [read 0~4194304 [fadvise_dontneed] out=4194304b] v0'0 uv365770 ondisk = 0) v8 ==== 156+0+4194304 (crc 0 0 0) 0x55ce1f816000 con 0x55ce1f706800 >debug
2023-02-14T06:24:08.532+0000 7f9a5a530700 1 -- [v2:172.17.0.82:6800/139957032,v1:172.17.0.82:6801/139957032] --> [v2:172.17.47.95:6800/406,v1:172.17.47.95:6801/406] -- osd_op(unknown.0.47387:48 9.a 9:537da55e:::200.000084a8:head [read 0~4194304 [fadvise_dontneed]] snapc 0=[] ondisk+read+known_if_redirected+full_force e30360) v8 -- 0x55ce1f7e8400 con 0x55ce1f707000 >debug
2023-02-14T06:24:08.540+0000 7f9a64544700 1 -- [v2:172.17.0.82:6800/139957032,v1:172.17.0.82:6801/139957032] <== osd.7 v2:172.17.47.95:6800/406 7 ==== osd_op_reply(48 200.000084a8 [read 0~4194304 [fadvise_dontneed] out=4194304b] v0'0 uv379746 ondisk = 0) v8 ==== 156+0+4194304 (crc 0 0 0) 0x55ce1f816240 con 0x55ce1f707000 >debug
2023-02-14T06:24:08.547+0000 7f9a5a530700 1 -- [v2:172.17.0.82:6800/139957032,v1:172.17.0.82:6801/139957032] --> [v2:172.17.54.4:6800/410,v1:172.17.54.4:6801/410] -- osd_op(unknown.0.47387:49 9.17 9:eb403919:::200.000084a9:head [read 0~4194304 [fadvise_dontneed]] snapc 0=[] ondisk+read+known_if_redirected+full_force e30360) v8 -- 0x55ce1f94f400 con 0x55ce1f7e8c00 >debug
2023-02-14T06:24:08.558+0000 7f9a64d45700 1 -- [v2:172.17.0.82:6800/139957032,v1:172.17.0.82:6801/139957032] <== osd.4 v2:172.17.54.4:6800/410 9 ==== osd_op_reply(49 200.000084a9 [read 0~4194304 [fadvise_dontneed] out=4194304b] v0'0 uv358411 ondisk = 0) v8 ==== 156+0+4194304 (crc 0 0 0) 0x55ce1f816000 con 0x55ce1f7e8c00 >debug
2023-02-14T06:24:08.565+0000 7f9a5a530700 1 -- [v2:172.17.0.82:6800/139957032,v1:172.17.0.82:6801/139957032] --> [v2:172.17.0.89:6800/266764,v1:172.17.0.89:6801/266764] -- osd_op(unknown.0.47387:50 9.9 9:943beb1e:::200.000084aa:head [read 0~4194304 [fadvise_dontneed]] snapc 0=[] ondisk+read+known_if_redirected+full_force e30360) v8 -- 0x55ce1f94e000 con 0x55ce1f707800 >debug
2023-02-14T06:24:08.572+0000 7f9a65546700 1 -- [v2:172.17.0.82:6800/139957032,v1:172.17.0.82:6801/139957032] <== osd.1 v2:172.17.0.89:6800/266764 5 ==== osd_op_reply(50 200.000084aa [read 0~4194304 [fadvise_dontneed] out=4194304b] v0'0 uv368876 ondisk = 0) v8 ==== 156+0+4194304 (crc 0 0 0) 0x55ce1f816900 con 0x55ce1f707800 >debug
2023-02-14T06:24:08.581+0000 7f9a5a530700 1 -- [v2:172.17.0.82:6800/139957032,v1:172.17.0.82:6801/139957032] --> [v2:172.17.24.164:6800/406,v1:172.17.24.164:6801/406] -- osd_op(unknown.0.47387:51 9.1 9:8673c079:::200.000084ab:head [read 0~4194304 [fadvise_dontneed]] snapc 0=[] ondisk+read+known_if_redirected+full_force e30360) v8 -- 0x55ce1f94f800 con 0x55ce1f7e9000 >debug
2023-02-14T06:24:08.592+0000 7f9a64544700 1 -- [v2:172.17.0.82:6800/139957032,v1:172.17.0.82:6801/139957032] <== osd.8 v2:172.17.24.164:6800/406 7 ==== osd_op_reply(51 200.000084ab [read 0~4194304 [fadvise_dontneed] out=4194304b] v0'0 uv385376 ondisk = 0) v8 ==== 156+0+4194304 (crc 0 0 0) 0x55ce1f816240 con 0x55ce1f7e9000 >debug
2023-02-14T06:24:08.605+0000 7f9a5a530700 1 -- [v2:172.17.0.82:6800/139957032,v1:172.17.0.82:6801/139957032] --> [v2:172.17.47.95:6800/406,v1:172.17.47.95:6801/406] -- osd_op(unknown.0.47387:52 9.d 9:b1ecdfe6:::200.000084ac:head [read 0~4194304 [fadvise_dontneed]] snapc 0=[] ondisk+read+known_if_redirected+full_force e30360) v8 -- 0x55ce1f94e800 con 0x55ce1f707000 >debug
2023-02-14T06:24:08.615+0000 7f9a64544700 1 -- [v2:172.17.0.82:6800/139957032,v1:172.17.0.82:6801/139957032] <== osd.7 v2:172.17.47.95:6800/406 8 ==== osd_op_reply(52 200.000084ac [read 0~4194304 [fadvise_dontneed] out=4194304b] v0'0 uv361478 ondisk = 0) v8 ==== 156+0+4194304 (crc 0 0 0) 0x55ce1f816240 con 0x55ce1f707000 >debug
2023-02-14T06:24:08.624+0000 7f9a5a530700 1 -- [v2:172.17.0.82:6800/139957032,v1:172.17.0.82:6801/139957032] --> [v2:172.17.25.193:6800/410,v1:172.17.25.193:6801/410] -- osd_op(unknown.0.47387:53 9.13 9:caa5c207:::200.000084ad:head [read 0~4194304 [fadvise_dontneed]] snapc 0=[] ondisk+read+known_if_redirected+full_force e30360) v8 -- 0x55ce1f94f800 con 0x55ce1f706000 >debug
2023-02-14T06:24:08.639+0000 7f9a65546700 1 -- [v2:172.17.0.82:6800/139957032,v1:172.17.0.82:6801/139957032] <== osd.2 v2:172.17.25.193:6800/410 10 ==== osd_op_reply(53 200.000084ad [read 0~4194304 [fadvise_dontneed] out=4194304b] v0'0 uv361730 ondisk = 0) v8 ==== 156+0+4194304 (crc 0 0 0) 0x55ce1f816900 con 0x55ce1f706000 >debug
2023-02-14T06:24:08.647+0000 7f9a5a530700 1 -- [v2:172.17.0.82:6800/139957032,v1:172.17.0.82:6801/139957032] --> [v2:172.17.54.30:6800/199476,v1:172.17.54.30:6801/199476] -- osd_op(unknown.0.47387:54 9.b 9:d604ab7a:::200.000084ae:head [read 0~4194304 [fadvise_dontneed]] snapc 0=[] ondisk+read+known_if_redirected+full_force e30360) v8 -- 0x55ce1f94ec00 con 0x55ce1f706800 >debug
2023-02-14T06:24:08.660+0000 7f9a64d45700 1 -- [v2:172.17.0.82:6800/139957032,v1:172.17.0.82:6801/139957032] <== osd.5 v2:172.17.54.30:6800/199476 10 ==== osd_op_reply(54 200.000084ae [read 0~4194304 [fadvise_dontneed] out=4194304b] v0'0 uv399818 ondisk = 0) v8 ==== 156+0+4194304 (crc 0 0 0) 0x55ce1f816000 con 0x55ce1f706800 >debug
2023-02-14T06:24:08.674+0000 7f9a5a530700 1 -- [v2:172.17.0.82:6800/139957032,v1:172.17.0.82:6801/139957032] --> [v2:172.17.54.4:6800/410,v1:172.17.54.4:6801/410] -- osd_op(unknown.0.47387:55 9.1d 9:bd86adb1:::200.000084af:head [read 0~4194304 [fadvise_dontneed]] snapc 0=[] ondisk+read+known_if_redirected+full_force e30360) v8 -- 0x55ce1f7e9800 con 0x55ce1f7e8c00 >debug
2023-02-14T06:24:08.685+0000 7f9a64d45700 1 -- [v2:172.17.0.82:6800/139957032,v1:172.17.0.82:6801/139957032] <== osd.4 v2:172.17.54.4:6800/410 10 ==== osd_op_reply(55 200.000084af [read 0~4194304 [fadvise_dontneed] out=4194304b] v0'0 uv379168 ondisk = 0) v8 ==== 156+0+4194304 (crc 0 0 0) 0x55ce1f816000 con 0x55ce1f7e8c00 >debug
2023-02-14T06:24:08.697+0000 7f9a5a530700 1 -- [v2:172.17.0.82:6800/139957032,v1:172.17.0.82:6801/139957032] --> [v2:172.17.24.164:6800/406,v1:172.17.24.164:6801/406] -- osd_op(unknown.0.47387:56 9.1f 9:fee7e874:::200.000084b0:head [read 0~4194304 [fadvise_dontneed]] snapc 0=[] ondisk+read+known_if_redirected+full_force e30360) v8 -- 0x55ce1f7e8800 con 0x55ce1f7e9000 >debug
2023-02-14T06:24:08.706+0000 7f9a64544700 1 -- [v2:172.17.0.82:6800/139957032,v1:172.17.0.82:6801/139957032] <== osd.8 v2:172.17.24.164:6800/406 8 ==== osd_op_reply(56 200.000084b0 [read 0~4194304 [fadvise_dontneed] out=4194304b] v0'0 uv384961 ondisk = 0) v8 ==== 156+0+4194304 (crc 0 0 0) 0x55ce1f816240 con 0x55ce1f7e9000 >debug
2023-02-14T06:24:08.724+0000 7f9a5a530700 1 -- [v2:172.17.0.82:6800/139957032,v1:172.17.0.82:6801/139957032] --> [v2:172.17.54.4:6800/410,v1:172.17.54.4:6801/410] -- osd_op(unknown.0.47387:57 9.1a 9:5f56bbd9:::200.000084b1:head [read 0~4194304 [fadvise_dontneed]] snapc 0=[] ondisk+read+known_if_redirected+full_force e30360) v8 -- 0x55ce1f94f400 con 0x55ce1f7e8c00 >debug
2023-02-14T06:24:08.732+0000 7f9a64d45700 1 -- [v2:172.17.0.82:6800/139957032,v1:172.17.0.82:6801/139957032] <== osd.4 v2:172.17.54.4:6800/410 11 ==== osd_op_reply(57 200.000084b1 [read 0~4194304 [fadvise_dontneed] out=4194304b] v0'0 uv343997 ondisk = 0) v8 ==== 156+0+4194304 (crc 0 0 0) 0x55ce1f816000 con 0x55ce1f7e8c00 >debug
2023-02-14T06:24:08.747+0000 7f9a5a530700 1 -- [v2:172.17.0.82:6800/139957032,v1:172.17.0.82:6801/139957032] --> [v2:172.17.54.30:6800/199476,v1:172.17.54.30:6801/199476] -- osd_op(unknown.0.47387:58 9.b 9:d7db570f:::200.000084b2:head [read 0~4194304 [fadvise_dontneed]] snapc 0=[] ondisk+read+known_if_redirected+full_force e30360) v8 -- 0x55ce1f7e9400 con 0x55ce1f706800 >debug
2023-02-14T06:24:08.756+0000 7f9a64d45700 1 -- [v2:172.17.0.82:6800/139957032,v1:172.17.0.82:6801/139957032] <== osd.5 v2:172.17.54.30:6800/199476 11 ==== osd_op_reply(58 200.000084b2 [read 0~4194304 [fadvise_dontneed] out=4194304b] v0'0 uv399934 ondisk = 0) v8 ==== 156+0+4194304 (crc 0 0 0) 0x55ce1f816000 con 0x55ce1f706800 >debug
2023-02-14T06:24:08.774+0000 7f9a5a530700 1 -- [v2:172.17.0.82:6800/139957032,v1:172.17.0.82:6801/139957032] --> [v2:172.17.24.164:6800/406,v1:172.17.24.164:6801/406] -- osd_op(unknown.0.47387:59 9.0 9:028fd886:::200.000084b3:head [read 0~4194304 [fadvise_dontneed]] snapc 0=[] ondisk+read+known_if_redirected+full_force e30360) v8 -- 0x55ce1f7e9c00 con 0x55ce1f7e9000 >debug
2023-02-14T06:24:08.783+0000 7f9a64544700 1 -- [v2:172.17.0.82:6800/139957032,v1:172.17.0.82:6801/139957032] <== osd.8 v2:172.17.24.164:6800/406 9 ==== osd_op_reply(59 200.000084b3 [read 0~4194304 [fadvise_dontneed] out=4194304b] v0'0 uv367616 ondisk = 0) v8 ==== 156+0+4194304 (crc 0 0 0) 0x55ce1f816240 con 0x55ce1f7e9000 >debug
2023-02-14T06:24:08.799+0000 7f9a5a530700 1 -- [v2:172.17.0.82:6800/139957032,v1:172.17.0.82:6801/139957032] --> [v2:172.17.25.193:6800/410,v1:172.17.25.193:6801/410] -- osd_op(unknown.0.47387:60 9.19 9:9e3c6901:::200.000084b4:head [read 0~4194304 [fadvise_dontneed]] snapc 0=[] ondisk+read+known_if_redirected+full_force e30360) v8 -- 0x55ce1f7e8400 con 0x55ce1f706000 >debug
2023-02-14T06:24:08.807+0000 7f9a65546700 1 -- [v2:172.17.0.82:6800/139957032,v1:172.17.0.82:6801/139957032] <== osd.2 v2:172.17.25.193:6800/410 11 ==== osd_op_reply(60 200.000084b4 [read 0~4194304 [fadvise_dontneed] out=4194304b] v0'0 uv363012 ondisk = 0) v8 ==== 156+0+4194304 (crc 0 0 0) 0x55ce1f816900 con 0x55ce1f706000 >debug
2023-02-14T06:24:08.821+0000 7f9a5a530700 1 -- [v2:172.17.0.82:6800/139957032,v1:172.17.0.82:6801/139957032] --> [v2:172.17.54.30:6800/199476,v1:172.17.54.30:6801/199476] -- osd_op(unknown.0.47387:61 9.10 9:0c7975c1:::200.000084b5:head [read 0~4194304 [fadvise_dontneed]] snapc 0=[] ondisk+read+known_if_redirected+full_force e30360) v8 -- 0x55ce1f706c00 con 0x55ce1f706800 >debug
2023-02-14T06:24:08.830+0000 7f9a64d45700 1 -- [v2:172.17.0.82:6800/139957032,v1:172.17.0.82:6801/139957032] <== osd.5 v2:172.17.54.30:6800/199476 12 ==== osd_op_reply(61 200.000084b5 [read 0~4194304 [fadvise_dontneed] out=4194304b] v0'0 uv381986 ondisk = 0) v8 ==== 156+0+4194304 (crc 0 0 0) 0x55ce1f816000 con 0x55ce1f706800 >debug
2023-02-14T06:24:08.846+0000 7f9a5a530700 1 -- [v2:172.17.0.82:6800/139957032,v1:172.17.0.82:6801/139957032] --> [v2:172.17.47.99:6800/410,v1:172.17.47.99:6801/410] -- osd_op(unknown.0.47387:62 9.f 9:f7217a40:::200.000084b6:head [read 0~4194304 [fadvise_dontneed]] snapc 0=[] ondisk+read+known_if_redirected+full_force e30360) v8 -- 0x55ce1f706400 con 0x55ce1f7e8000 >debug
2023-02-14T06:24:08.859+0000 7f9a65546700 1 -- [v2:172.17.0.82:6800/139957032,v1:172.17.0.82:6801/139957032] <== osd.3 v2:172.17.47.99:6800/410 4 ==== osd_op_reply(62 200.000084b6 [read 0~4194304 [fadvise_dontneed] out=4194304b] v0'0 uv378991 ondisk = 0) v8 ==== 156+0+4194304 (crc 0 0 0) 0x55ce1f816900 con 0x55ce1f7e8000 >debug
2023-02-14T06:24:08.871+0000 7f9a5a530700 1 -- [v2:172.17.0.82:6800/139957032,v1:172.17.0.82:6801/139957032] --> [v2:172.17.54.4:6800/410,v1:172.17.54.4:6801/410] -- osd_op(unknown.0.47387:63 9.2 9:478ec8b5:::200.000084b7:head [read 0~4194304 [fadvise_dontneed]] snapc 0=[] ondisk+read+known_if_redirected+full_force e30360) v8 -- 0x55ce1f706400 con 0x55ce1f7e8c00 >debug
2023-02-14T06:24:08.880+0000 7f9a64d45700 1 -- [v2:172.17.0.82:6800/139957032,v1:172.17.0.82:6801/139957032] <== osd.4 v2:172.17.54.4:6800/410 12 ==== osd_op_reply(63 200.000084b7 [read 0~4194304 [fadvise_dontneed] out=4194304b] v0'0 uv354407 ondisk = 0) v8 ==== 156+0+4194304 (crc 0 0 0) 0x55ce1f816000 con 0x55ce1f7e8c00 >debug
2023-02-14T06:24:08.896+0000 7f9a5a530700 1 -- [v2:172.17.0.82:6800/139957032,v1:172.17.0.82:6801/139957032] --> [v2:172.17.47.95:6800/406,v1:172.17.47.95:6801/406] -- osd_op(unknown.0.47387:64 9.a 9:51c711cc:::200.000084b8:head [read 0~4194304 [fadvise_dontneed]] snapc 0=[] ondisk+read+known_if_redirected+full_force e30360) v8 -- 0x55ce1f7e8400 con 0x55ce1f707000 >debug
2023-02-14T06:24:08.907+0000 7f9a64544700 1 -- [v2:172.17.0.82:6800/139957032,v1:172.17.0.82:6801/139957032] <== osd.7 v2:172.17.47.95:6800/406 9 ==== osd_op_reply(64 200.000084b8 [read 0~4194304 [fadvise_dontneed] out=4194304b] v0'0 uv379751 ondisk = 0) v8 ==== 156+0+4194304 (crc 0 0 0) 0x55ce1f816240 con 0x55ce1f707000 >debug
2023-02-14T06:24:08.922+0000 7f9a5a530700 1 -- [v2:172.17.0.82:6800/139957032,v1:172.17.0.82:6801/139957032] --> [v2:172.17.0.89:6800/266764,v1:172.17.0.89:6801/266764] -- osd_op(unknown.0.47387:65 9.1c 9:3a33af8f:::200.000084b9:head [read 0~4194304 [fadvise_dontneed]] snapc 0=[] ondisk+read+known_if_redirected+full_force e30360) v8 -- 0x55ce1f94fc00 con 0x55ce1f707800 >debug
2023-02-14T06:24:08.930+0000 7f9a65546700 1 -- [v2:172.17.0.82:6800/139957032,v1:172.17.0.82:6801/139957032] <== osd.1 v2:172.17.0.89:6800/266764 6 ==== osd_op_reply(65 200.000084b9 [read 0~4194304 [fadvise_dontneed] out=4194304b] v0'0 uv371494 ondisk = 0) v8 ==== 156+0+4194304 (crc 0 0 0) 0x55ce1f816900 con 0x55ce1f707800 >debug
2023-02-14T06:24:08.943+0000 7f9a5a530700 1 -- [v2:172.17.0.82:6800/139957032,v1:172.17.0.82:6801/139957032] --> [v2:172.17.54.4:6800/410,v1:172.17.54.4:6801/410] -- osd_op(unknown.0.47387:66 9.1a 9:5fb14b98:::200.000084ba:head [read 0~4194304 [fadvise_dontneed]] snapc 0=[] ondisk+read+known_if_redirected+full_force e30360) v8 -- 0x55ce1f94f000 con 0x55ce1f7e8c00 >debug
2023-02-14T06:24:08.951+0000 7f9a64d45700 1 -- [v2:172.17.0.82:6800/139957032,v1:172.17.0.82:6801/139957032] <== osd.4 v2:172.17.54.4:6800/410 13 ==== osd_op_reply(66 200.000084ba [read 0~4194304 [fadvise_dontneed] out=4194304b] v0'0 uv344030 ondisk = 0) v8 ==== 156+0+4194304 (crc 0 0 0) 0x55ce1f816000 con 0x55ce1f7e8c00 >debug
2023-02-14T06:24:08.964+0000 7f9a5a530700 1 -- [v2:172.17.0.82:6800/139957032,v1:172.17.0.82:6801/139957032] --> [v2:172.17.47.95:6800/406,v1:172.17.47.95:6801/406] -- osd_op(unknown.0.47387:67 9.16 9:69593c2e:::200.000084bb:head [read 0~4194304 [fadvise_dontneed]] snapc 0=[] ondisk+read+known_if_redirected+full_force e30360) v8 -- 0x55ce1f94e000 con 0x55ce1f707000 >debug
2023-02-14T06:24:08.972+0000 7f9a64544700 1 -- [v2:172.17.0.82:6800/139957032,v1:172.17.0.82:6801/139957032] <== osd.7 v2:172.17.47.95:6800/406 10 ==== osd_op_reply(67 200.000084bb [read 0~4194304 [fadvise_dontneed] out=4194304b] v0'0 uv376645 ondisk = 0) v8 ==== 156+0+4194304 (crc 0 0 0) 0x55ce1f816240 con 0x55ce1f707000 >debug
2023-02-14T06:24:08.984+0000 7f9a5a530700 1 -- [v2:172.17.0.82:6800/139957032,v1:172.17.0.82:6801/139957032] --> [v2:172.17.54.4:6800/410,v1:172.17.54.4:6801/410] -- osd_op(unknown.0.47387:68 9.1d 9:befe3cf5:::200.000084bc:head [read 0~4194304 [fadvise_dontneed]] snapc 0=[] ondisk+read+known_if_redirected+full_force e30360) v8 -- 0x55ce1f94f800 con 0x55ce1f7e8c00 >debug
2023-02-14T06:24:08.992+0000 7f9a64d45700 1 -- [v2:172.17.0.82:6800/139957032,v1:172.17.0.82:6801/139957032] <== osd.4 v2:172.17.54.4:6800/410 14 ==== osd_op_reply(68 200.000084bc [read 0~4194304 [fadvise_dontneed] out=4194304b] v0'0 uv379268 ondisk = 0) v8 ==== 156+0+4194304 (crc 0 0 0) 0x55ce1f816000 con 0x55ce1f7e8c00 >debug
2023-02-14T06:24:09.004+0000 7f9a5a530700 1 -- [v2:172.17.0.82:6800/139957032,v1:172.17.0.82:6801/139957032] --> [v2:172.17.25.193:6800/410,v1:172.17.25.193:6801/410] -- osd_op(unknown.0.47387:69 9.12 9:4a1b8746:::200.000084bd:head [read 0~4194304 [fadvise_dontneed]] snapc 0=[] ondisk+read+known_if_redirected+full_force e30360) v8 -- 0x55ce1f94ec00 con 0x55ce1f706000 >debug
2023-02-14T06:24:09.012+0000 7f9a65546700 1 -- [v2:172.17.0.82:6800/139957032,v1:172.17.0.82:6801/139957032] <== osd.2 v2:172.17.25.193:6800/410 12 ==== osd_op_reply(69 200.000084bd [read 0~4194304 [fadvise_dontneed] out=4194304b] v0'0 uv384112 ondisk = 0) v8 ==== 156+0+4194304 (crc 0 0 0) 0x55ce1f816900 con 0x55ce1f706000 >debug
2023-02-14T06:24:09.025+0000 7f9a5a530700 1 -- [v2:172.17.0.82:6800/139957032,v1:172.17.0.82:6801/139957032] --> [v2:172.17.54.30:6800/199476,v1:172.17.54.30:6801/199476] -- osd_op(unknown.0.47387:70 9.6 9:66ac2011:::200.000084be:head [read 0~4194304 [fadvise_dontneed]] snapc 0=[] ondisk+read+known_if_redirected+full_force e30360) v8 -- 0x55ce1f94f400 con 0x55ce1f706800 >debug
2023-02-14T06:24:09.034+0000 7f9a64d45700 1 -- [v2:172.17.0.82:6800/139957032,v1:172.17.0.82:6801/139957032] <== osd.5 v2:172.17.54.30:6800/199476 13 ==== osd_op_reply(70 200.000084be [read 0~4194304 [fadvise_dontneed] out=4194304b] v0'0 uv2369078 ondisk = 0) v8 ==== 156+0+4194304 (crc 0 0 0) 0x55ce1f816000 con 0x55ce1f706800 >debug
2023-02-14T06:24:09.048+0000 7f9a5a530700 1 -- [v2:172.17.0.82:6800/139957032,v1:172.17.0.82:6801/139957032] --> [v2:172.17.54.30:6800/199476,v1:172.17.54.30:6801/199476] -- osd_op(unknown.0.47387:71 9.10 9:0e6b3470:::200.000084bf:head [read 0~2042242 [fadvise_dontneed]] snapc 0=[] ondisk+read+known_if_redirected+full_force e30360) v8 -- 0x55ce1f94f000 con 0x55ce1f706800 >debug
2023-02-14T06:24:09.053+0000 7f9a64d45700 1 -- [v2:172.17.0.82:6800/139957032,v1:172.17.0.82:6801/139957032] <== osd.5 v2:172.17.54.30:6800/199476 14 ==== osd_op_reply(71 200.000084bf [read 0~2042242 [fadvise_dontneed] out=2042242b] v0'0 uv382070 ondisk = 0) v8 ==== 156+0+2042242 (crc 0 0 0) 0x55ce1f816000 con 0x55ce1f706800 >debug
2023-02-14T06:24:09.154+0000 7f9a64d45700 1 --2- [v2:172.17.0.82:6800/139957032,v1:172.17.0.82:6801/139957032] >> [v2:172.17.25.215:6800/43191,v1:172.17.25.215:6801/43191] conn(0x55ce1e9efc00 0x55ce1f6fa500 secure :-1 s=READY pgs=221069 cs=0 l=1 rev1=1 rx=0x55ce203e6000 tx=0x55ce1f906a20).ready entity=mgr.211184347 client_cookie=0 server_cookie=0 in_seq=0 out_seq=0 >debug
2023-02-14T06:24:09.385+0000 7f9a5a530700 1 mds.0.47387 Finished replaying journal >debug
2023-02-14T06:24:09.385+0000 7f9a5a530700 1 mds.0.47387 making mds journal writeable >debug
2023-02-14T06:24:09.386+0000 7f9a5a530700 1 -- [v2:172.17.0.82:6800/139957032,v1:172.17.0.82:6801/139957032] --> [v2:172.17.54.30:6800/199476,v1:172.17.54.30:6801/199476] -- osd_op(unknown.0.47387:72 9.10 9:0e6b3470:::200.000084bf:head [zero 2042242~2152062] snapc 0=[] ondisk+write+known_if_redirected+full_force e30360) v8 -- 0x55ce1f706c00 con 0x55ce1f706800 >debug
2023-02-14T06:24:09.386+0000 7f9a5a530700 1 -- [v2:172.17.0.82:6800/139957032,v1:172.17.0.82:6801/139957032] --> [v2:172.17.54.4:6800/410,v1:172.17.54.4:6801/410] -- osd_op(unknown.0.47387:73 9.1d 9:bf639718:::200.000084c0:head [delete] snapc 0=[] ondisk+write+known_if_redirected+full_force e30360) v8 -- 0x55ce1f706400 con 0x55ce1f7e8c00 >debug
2023-02-14T06:24:09.386+0000 7f9a5a530700 1 -- [v2:172.17.0.82:6800/139957032,v1:172.17.0.82:6801/139957032] --> [v2:172.17.24.164:6800/406,v1:172.17.24.164:6801/406] -- osd_op(unknown.0.47387:74 9.e 9:708339dd:::200.000084c1:head [delete] snapc 0=[] ondisk+write+known_if_redirected+full_force e30360) v8 -- 0x55ce1f7e9800 con 0x55ce1f7e9000 >debug
2023-02-14T06:24:09.386+0000 7f9a5a530700 1 -- [v2:172.17.0.82:6800/139957032,v1:172.17.0.82:6801/139957032] --> [v2:172.17.54.4:6800/410,v1:172.17.54.4:6801/410] -- osd_op(unknown.0.47387:75 9.2 9:44678a40:::200.000084c2:head [delete] snapc 0=[] ondisk+write+known_if_redirected+full_force e30360) v8 -- 0x55ce1f7e9400 con 0x55ce1f7e8c00 >debug
2023-02-14T06:24:09.386+0000 7f9a5a530700 1 -- [v2:172.17.0.82:6800/139957032,v1:172.17.0.82:6801/139957032] --> [v2:172.17.24.164:6800/406,v1:172.17.24.164:6801/406] -- osd_op(unknown.0.47387:76 9.0 9:027fe797:::200.000084c3:head [delete] snapc 0=[] ondisk+write+known_if_redirected+full_force e30360) v8 -- 0x55ce259b2000 con 0x55ce1f7e9000 >debug
2023-02-14T06:24:09.386+0000 7f9a5a530700 1 -- [v2:172.17.0.82:6800/139957032,v1:172.17.0.82:6801/139957032] --> [v2:172.17.0.89:6800/266764,v1:172.17.0.89:6801/266764] -- osd_op(unknown.0.47387:77 9.1c 9:3bd7d3c9:::200.000084c4:head [delete] snapc 0=[] ondisk+write+known_if_redirected+full_force e30360) v8 -- 0x55ce259b2400 con 0x55ce1f707800 >debug
2023-02-14T06:24:09.387+0000 7f9a5a530700 1 -- [v2:172.17.0.82:6800/139957032,v1:172.17.0.82:6801/139957032] --> [v2:172.21.25.237:3300/0,v1:172.21.25.237:6789/0] -- mdsbeacon(218424665/ocs-storagecluster-cephfilesystem-a up:reconnect fs=ocs-storagecluster-cephfilesystem seq=2 v47387) v8 -- 0x55ce1eabb080 con 0x55ce1e9ef000 >debug
2023-02-14T06:24:09.391+0000 7f9a64d45700 1 -- [v2:172.17.0.82:6800/139957032,v1:172.17.0.82:6801/139957032] <== osd.4 v2:172.17.54.4:6800/410 15 ==== osd_op_reply(75 200.000084c2 [delete] v30360'366699 uv354407 ondisk = -2 ((2) No such file or directory)) v8 ==== 156+0+0 (crc 0 0 0) 0x55ce1f816fc0 con 0x55ce1f7e8c00 >debug
2023-02-14T06:24:09.391+0000 7f9a64d45700 1 -- [v2:172.17.0.82:6800/139957032,v1:172.17.0.82:6801/139957032] <== osd.4 v2:172.17.54.4:6800/410 16 ==== osd_op_reply(73 200.000084c0 [delete] v30360'391558 uv379268 ondisk = -2 ((2) No such file or directory)) v8 ==== 156+0+0 (crc 0 0 0) 0x55ce1f816fc0 con 0x55ce1f7e8c00 >debug
2023-02-14T06:24:09.392+0000 7f9a64544700 1 -- [v2:172.17.0.82:6800/139957032,v1:172.17.0.82:6801/139957032] <== osd.8 v2:172.17.24.164:6800/406 10 ==== osd_op_reply(76 200.000084c3 [delete] v30360'379903 uv367618 ondisk = -2 ((2) No such file or directory)) v8 ==== 156+0+0 (crc 0 0 0) 0x55ce1f816240 con 0x55ce1f7e9000 >debug
2023-02-14T06:24:09.394+0000 7f9a65546700 1 -- [v2:172.17.0.82:6800/139957032,v1:172.17.0.82:6801/139957032] <== osd.1 v2:172.17.0.89:6800/266764 7 ==== osd_op_reply(77 200.000084c4 [delete] v30360'383784 uv371496 ondisk = -2 ((2) No such file or directory)) v8 ==== 156+0+0 (crc 0 0 0) 0x55ce1f816900 con 0x55ce1f707800 >debug
2023-02-14T06:24:09.394+0000 7f9a64d45700 1 -- [v2:172.17.0.82:6800/139957032,v1:172.17.0.82:6801/139957032] <== osd.5 v2:172.17.54.30:6800/199476 15 ==== osd_op_reply(72 200.000084bf [zero 2042242~2152062] v30360'394357 uv382070 ondisk = 0) v8 ==== 156+0+0 (crc 0 0 0) 0x55ce1f816fc0 con 0x55ce1f706800 >debug
2023-02-14T06:24:09.395+0000 7f9a64544700 1 -- [v2:172.17.0.82:6800/139957032,v1:172.17.0.82:6801/139957032] <== osd.8 v2:172.17.24.164:6800/406 11 ==== osd_op_reply(74 200.000084c1 [delete] v30360'381739 uv369451 ondisk = -2 ((2) No such file or directory)) v8 ==== 156+0+0 (crc 0 0 0) 0x55ce1f816240 con 0x55ce1f7e9000 >debug
2023-02-14T06:24:10.055+0000 7f9a64d45700 1 --1- [v2:172.17.0.82:6800/139957032,v1:172.17.0.82:6801/139957032] >> conn(0x55ce1f94fc00 0x55ce1ead8800 :6801 s=ACCEPTING pgs=0 cs=0 l=0).send_server_banner sd=38 legacy v1:172.17.0.82:6801/139957032 socket_addr v1:172.17.0.82:6801/139957032 target_addr v1:10.240.0.10:17945/0 >debug
2023-02-14T06:24:10.055+0000 7f9a64d45700 1 --1- [v2:172.17.0.82:6800/139957032,v1:172.17.0.82:6801/139957032] >> conn(0x55ce259b3400 0x55ce23b20000 :6801 s=ACCEPTING pgs=0 cs=0 l=0).send_server_banner sd=41 legacy v1:172.17.0.82:6801/139957032 socket_addr v1:172.17.0.82:6801/139957032 target_addr v1:10.240.0.10:17957/0 >debug
2023-02-14T06:24:10.055+0000 7f9a64544700 1 --1- [v2:172.17.0.82:6800/139957032,v1:172.17.0.82:6801/139957032] >> conn(0x55ce259b2400 0x55ce1ead7800 :6801 s=ACCEPTING pgs=0 cs=0 l=0).send_server_banner sd=36 legacy v1:172.17.0.82:6801/139957032 socket_addr v1:172.17.0.82:6801/139957032 target_addr v1:10.240.0.10:17899/0 >debug
2023-02-14T06:24:10.055+0000 7f9a65546700 1 --1- [v2:172.17.0.82:6800/139957032,v1:172.17.0.82:6801/139957032] >> conn(0x55ce1f94ec00 0x55ce1ead8000 :6801 s=ACCEPTING pgs=0 cs=0 l=0).send_server_banner sd=37 legacy v1:172.17.0.82:6801/139957032 socket_addr v1:172.17.0.82:6801/139957032 target_addr v1:10.240.0.10:17913/0 >debug
2023-02-14T06:24:10.055+0000 7f9a64544700 1 --1- [v2:172.17.0.82:6800/139957032,v1:172.17.0.82:6801/139957032] >> conn(0x55ce259b3c00 0x55ce1ead9000 :6801 s=ACCEPTING pgs=0 cs=0 l=0).send_server_banner sd=39 legacy v1:172.17.0.82:6801/139957032 socket_addr v1:172.17.0.82:6801/139957032 target_addr v1:10.240.0.10:17929/0 >debug
2023-02-14T06:24:10.055+0000 7f9a65546700 1 --1- [v2:172.17.0.82:6800/139957032,v1:172.17.0.82:6801/139957032] >> conn(0x55ce259b3800 0x55ce1ead9800 :6801 s=ACCEPTING pgs=0 cs=0 l=0).send_server_banner sd=40 legacy v1:172.17.0.82:6801/139957032 socket_addr v1:172.17.0.82:6801/139957032 target_addr v1:10.240.0.10:17927/0 >debug
2023-02-14T06:24:10.055+0000 7f9a65546700 1 --1- [v2:172.17.0.82:6800/139957032,v1:172.17.0.82:6801/139957032] >> conn(0x55ce259b2c00 0x55ce23b21000 :6801 s=ACCEPTING pgs=0 cs=0 l=0).send_server_banner sd=43 legacy v1:172.17.0.82:6801/139957032 socket_addr v1:172.17.0.82:6801/139957032 target_addr v1:10.240.0.10:17965/0 >debug
2023-02-14T06:24:10.055+0000 7f9a64544700 1 --1- [v2:172.17.0.82:6800/139957032,v1:172.17.0.82:6801/139957032] >> conn(0x55ce259b3000 0x55ce23b20800 :6801 s=ACCEPTING pgs=0 cs=0 l=0).send_server_banner sd=42 legacy v1:172.17.0.82:6801/139957032 socket_addr v1:172.17.0.82:6801/139957032 target_addr v1:10.240.0.10:17981/0 >debug
2023-02-14T06:24:10.056+0000 7f9a61d3f700 1 -- [v2:172.17.0.82:6800/139957032,v1:172.17.0.82:6801/139957032] <== client.146248978 v1:10.240.0.10:0/2893424990 1 ==== client_reconnect(1 caps 3 realms ) v3 ==== 0+0+146 (unknown 0 0 3194942638) 0x55ce1f738000 con 0x55ce259b3800 >debug
2023-02-14T06:24:10.056+0000 7f9a61d3f700 1 -- [v2:172.17.0.82:6800/139957032,v1:172.17.0.82:6801/139957032] <== client.146248879 v1:10.240.0.10:0/20073442 1 ==== client_request(client.146248879:110 getattr AsXsFs #0x1000000db94
2023-01-23T09:08:16.449718+0000 RETRY=247 caller_uid=0, caller_gid=0{}) v4 ==== 136+0+0 (unknown 1254159671 0 0) 0x55ce1eabb340 con 0x55ce1f94fc00 >debug
2023-02-14T06:24:10.056+0000 7f9a61d3f700 1 -- [v2:172.17.0.82:6800/139957032,v1:172.17.0.82:6801/139957032] <== client.146248975 v1:10.240.0.10:0/4247824084 1 ==== client_reconnect(2 caps 3 realms ) v3 ==== 0+0+223 (unknown 0 0 654931573) 0x55ce1f765d40 con 0x55ce1f94ec00 >debug
2023-02-14T06:24:10.056+0000 7f9a61d3f700 1 -- [v2:172.17.0.82:6800/139957032,v1:172.17.0.82:6801/139957032] <== client.146248879 v1:10.240.0.10:0/20073442 2 ==== client_reconnect(1 caps 3 realms ) v3 ==== 0+0+146 (unknown 0 0 421340244) 0x55ce1f737d40 con 0x55ce1f94fc00 >debug
2023-02-14T06:24:10.056+0000 7f9a61d3f700 1 -- [v2:172.17.0.82:6800/139957032,v1:172.17.0.82:6801/139957032] <== client.145591688 v1:10.240.0.10:0/4105040868 1 ==== client_reconnect(1 caps 3 realms ) v3 ==== 0+0+146 (unknown 0 0 993757516) 0x55ce1f765ba0 con 0x55ce259b2c00 >debug
2023-02-14T06:24:10.056+0000 7f9a61d3f700 1 -- [v2:172.17.0.82:6800/139957032,v1:172.17.0.82:6801/139957032] <== client.146353473 v1:10.240.0.10:0/489055327 1 ==== client_reconnect(2 caps 3 realms ) v3 ==== 0+0+224 (unknown 0 0 466114666) 0x55ce1f738d00 con 0x55ce259b2400 >debug
2023-02-14T06:24:10.056+0000 7f9a61d3f700 1 -- [v2:172.17.0.82:6800/139957032,v1:172.17.0.82:6801/139957032] <== client.146354586 v1:10.240.0.10:0/778842346 1 ==== client_reconnect(3 caps 3 realms ) v3 ==== 0+0+314 (unknown 0 0 1549434076) 0x55ce1ea17d40 con 0x55ce259b3400 >debug
2023-02-14T06:24:10.057+0000 7f9a61d3f700 1 -- [v2:172.17.0.82:6800/139957032,v1:172.17.0.82:6801/139957032] <== client.146247697 v1:10.240.0.10:0/443137692 1 ==== client_reconnect(1 caps 3 realms ) v3 ==== 0+0+146 (unknown 0 0 1053715973) 0x55ce1f737ba0 con 0x55ce259b3c00 >debug
2023-02-14T06:24:10.057+0000 7f9a61d3f700 1 -- [v2:172.17.0.82:6800/139957032,v1:172.17.0.82:6801/139957032] <== client.146354589 v1:10.240.0.10:0/4201328770 1 ==== client_reconnect(1 caps 3 realms ) v3 ==== 0+0+146 (unknown 0 0 48508710) 0x55ce1f738ea0 con 0x55ce259b3000 >debug
2023-02-14T06:24:10.058+0000 7f9a61d3f700 1 -- [v2:172.17.0.82:6800/139957032,v1:172.17.0.82:6801/139957032] <== mon.2 v2:172.21.25.237:3300/0 12 ==== mdsmap(e 47388) v2 ==== 790+0+0 (secure 0 0 0) 0x55ce1f739040 con 0x55ce1e9ef000 >debug
2023-02-14T06:24:10.058+0000 7f9a61d3f700 1 mds.ocs-storagecluster-cephfilesystem-a Updating MDS map to version 47388 from mon.2 >debug
2023-02-14T06:24:10.058+0000 7f9a61d3f700 1 mds.0.47387 handle_mds_map i am now mds.0.47387 >debug
2023-02-14T06:24:10.058+0000 7f9a61d3f700 1 mds.0.47387 handle_mds_map state change up:replay --> up:reconnect >debug
2023-02-14T06:24:10.058+0000 7f9a61d3f700 1 mds.0.47387 reconnect_start >debug
2023-02-14T06:24:10.058+0000 7f9a61d3f700 1 mds.0.47387 reopen_log >debug
2023-02-14T06:24:10.059+0000 7f9a61d3f700 1 mds.0.server reconnect_clients -- 187 sessions >debug
2023-02-14T06:24:10.059+0000 7f9a61d3f700 1 -- [v2:172.17.0.82:6800/139957032,v1:172.17.0.82:6801/139957032] --> v1:10.240.0.10:0/2893424990 -- client_session(open) v4 -- 0x55ce1ea26540 con 0x55ce259b3800 >debug
2023-02-14T06:24:10.059+0000 7f9a61d3f700 0 log_channel(cluster) log [DBG] : reconnect by client.146248978 v1:10.240.0.10:0/2893424990 after 0 >debug
2023-02-14T06:24:10.059+0000 7f9a61d3f700 1 -- [v2:172.17.0.82:6800/139957032,v1:172.17.0.82:6801/139957032] --> v1:10.240.0.10:0/4247824084 -- client_session(open) v4 -- 0x55ce1ea261c0 con 0x55ce1f94ec00 >debug
2023-02-14T06:24:10.059+0000 7f9a61d3f700 0 log_channel(cluster) log [DBG] : reconnect by client.146248975 v1:10.240.0.10:0/4247824084 after 0 >debug
2023-02-14T06:24:10.059+0000 7f9a61d3f700 1 -- [v2:172.17.0.82:6800/139957032,v1:172.17.0.82:6801/139957032] --> v1:10.240.0.10:0/20073442 -- client_session(open) v4 -- 0x55ce1ea26700 con 0x55ce1f94fc00 >debug
2023-02-14T06:24:10.059+0000 7f9a61d3f700 0 log_channel(cluster) log [DBG] : reconnect by client.146248879 v1:10.240.0.10:0/20073442 after 0 >debug
2023-02-14T06:24:10.059+0000 7f9a61d3f700 1 -- [v2:172.17.0.82:6800/139957032,v1:172.17.0.82:6801/139957032] --> v1:10.240.0.10:0/4105040868 -- client_session(open) v4 -- 0x55ce1ea26e00 con 0x55ce259b2c00 >debug
2023-02-14T06:24:10.059+0000 7f9a61d3f700 0 log_channel(cluster) log [DBG] : reconnect by client.145591688 v1:10.240.0.10:0/4105040868 after 0 >debug
2023-02-14T06:24:10.059+0000 7f9a61d3f700 1 -- [v2:172.17.0.82:6800/139957032,v1:172.17.0.82:6801/139957032] --> v1:10.240.0.10:0/489055327 -- client_session(open) v4 -- 0x55ce1ea26fc0 con 0x55ce259b2400 >debug
2023-02-14T06:24:10.059+0000 7f9a61d3f700 0 log_channel(cluster) log [DBG] : reconnect by client.146353473 v1:10.240.0.10:0/489055327 after 0 >debug
2023-02-14T06:24:10.059+0000 7f9a61d3f700 1 -- [v2:172.17.0.82:6800/139957032,v1:172.17.0.82:6801/139957032] --> v1:10.240.0.10:0/778842346 -- client_session(open) v4 -- 0x55ce1ea27180 con 0x55ce259b3400 >debug
2023-02-14T06:24:10.060+0000 7f9a61d3f700 0 log_channel(cluster) log [DBG] : reconnect by client.146354586 v1:10.240.0.10:0/778842346 after 0 >debug
2023-02-14T06:24:10.060+0000 7f9a61d3f700 1 -- [v2:172.17.0.82:6800/139957032,v1:172.17.0.82:6801/139957032] --> v1:10.240.0.10:0/443137692 -- client_session(open) v4 -- 0x55ce1ea27340 con 0x55ce259b3c00 >debug
2023-02-14T06:24:10.060+0000 7f9a61d3f700 0 log_channel(cluster) log [DBG] : reconnect by client.146247697 v1:10.240.0.10:0/443137692 after 0.00100001 >debug
2023-02-14T06:24:10.060+0000 7f9a61d3f700 1 -- [v2:172.17.0.82:6800/139957032,v1:172.17.0.82:6801/139957032] --> v1:10.240.0.10:0/4201328770 -- client_session(open) v4 -- 0x55ce1ea27500 con 0x55ce259b3000 >debug
2023-02-14T06:24:10.060+0000 7f9a61d3f700 0 log_channel(cluster) log [DBG] : reconnect by client.146354589 v1:10.240.0.10:0/4201328770 after 0.00100001 >debug
2023-02-14T06:24:10.060+0000 7f9a61d3f700 1 -- [v2:172.17.0.82:6800/139957032,v1:172.17.0.82:6801/139957032] send_to--> mds [v2:172.17.0.82:6800/139957032,v1:172.17.0.82:6801/139957032] -- mds_table_request(snaptable server_ready) v1 -- ?+0 0x55ce1f7e7800 >debug
2023-02-14T06:24:10.060+0000 7f9a61d3f700 1 -- [v2:172.17.0.82:6800/139957032,v1:172.17.0.82:6801/139957032] --> [v2:172.17.0.82:6800/139957032,v1:172.17.0.82:6801/139957032] -- mds_table_request(snaptable server_ready) v1 -- 0x55ce1f7e7800 con 0x55ce1e9ef800 >debug
2023-02-14T06:24:10.060+0000 7f9a61d3f700 1 -- [v2:172.17.0.82:6800/139957032,v1:172.17.0.82:6801/139957032] <== mds.0 v2:172.17.0.82:6800/139957032 0 ==== mds_table_request(snaptable server_ready) v1 ==== 0+0+0 (unknown 0 0 0) 0x55ce1f7e7800 con 0x55ce1e9ef800 >debug
2023-02-14T06:24:10.060+0000 7f9a64544700 1 -- [v2:172.17.0.82:6800/139957032,v1:172.17.0.82:6801/139957032] <== mon.2 v2:172.21.25.237:3300/0 13 ==== mdsbeacon(218424665/ocs-storagecluster-cephfilesystem-a up:reconnect seq=2 v47388) v8 ==== 164+0+0 (secure 0 0 0) 0x55ce1eabb080 con 0x55ce1e9ef000 >debug
2023-02-14T06:24:10.060+0000 7f9a61d3f700 1 -- [v2:172.17.0.82:6800/139957032,v1:172.17.0.82:6801/139957032] send_to--> mds [v2:172.17.0.82:6800/139957032,v1:172.17.0.82:6801/139957032] -- mds_table_request(snaptable query 1 9 bytes) v1 -- ?+0 0x55ce1f7e7980 >debug
2023-02-14T06:24:10.060+0000 7f9a61d3f700 1 -- [v2:172.17.0.82:6800/139957032,v1:172.17.0.82:6801/139957032] --> [v2:172.17.0.82:6800/139957032,v1:172.17.0.82:6801/139957032] -- mds_table_request(snaptable query 1 9 bytes) v1 -- 0x55ce1f7e7980 con 0x55ce1e9ef800 >debug
2023-02-14T06:24:10.060+0000 7f9a61d3f700 1 -- [v2:172.17.0.82:6800/139957032,v1:172.17.0.82:6801/139957032] <== mds.0 v2:172.17.0.82:6800/139957032 0 ==== mds_table_request(snaptable query 1 9 bytes) v1 ==== 0+0+0 (unknown 0 0 0) 0x55ce1f7e7980 con 0x55ce1e9ef800 >debug
2023-02-14T06:24:10.060+0000 7f9a61d3f700 1 -- [v2:172.17.0.82:6800/139957032,v1:172.17.0.82:6801/139957032] --> [v2:172.17.0.82:6800/139957032,v1:172.17.0.82:6801/139957032] -- mds_table_request(snaptable query_reply 1 tid 1 29 bytes) v1 -- 0x55ce1f7e7800 con 0x55ce1e9ef800 >debug
2023-02-14T06:24:10.060+0000 7f9a61d3f700 1 -- [v2:172.17.0.82:6800/139957032,v1:172.17.0.82:6801/139957032] <== mds.0 v2:172.17.0.82:6800/139957032 0 ==== mds_table_request(snaptable query_reply 1 tid 1 29 bytes) v1 ==== 0+0+0 (unknown 0 0 0) 0x55ce1f7e7800 con 0x55ce1e9ef800 >debug
2023-02-14T06:24:10.061+0000 7f9a64d45700 1 --1- [v2:172.17.0.82:6800/139957032,v1:172.17.0.82:6801/139957032] >> conn(0x55ce259b2800 0x55ce23b21800 :6801 s=ACCEPTING pgs=0 cs=0 l=0).send_server_banner sd=44 legacy v1:172.17.0.82:6801/139957032 socket_addr v1:172.17.0.82:6801/139957032 target_addr v1:10.240.0.10:17997/0 >debug
2023-02-14T06:24:10.061+0000 7f9a64544700 1 --1- [v2:172.17.0.82:6800/139957032,v1:172.17.0.82:6801/139957032] >> conn(0x55ce1f7e8800 0x55ce23b22000 :6801 s=ACCEPTING pgs=0 cs=0 l=0).send_server_banner sd=45 legacy v1:172.17.0.82:6801/139957032 socket_addr v1:172.17.0.82:6801/139957032 target_addr v1:10.240.0.10:18009/0 >debug
2023-02-14T06:24:10.061+0000 7f9a65546700 1 --1- [v2:172.17.0.82:6800/139957032,v1:172.17.0.82:6801/139957032] >> conn(0x55ce1f7e9c00 0x55ce23b22800 :6801 s=ACCEPTING pgs=0 cs=0 l=0).send_server_banner sd=46 legacy v1:172.17.0.82:6801/139957032 socket_addr v1:172.17.0.82:6801/139957032 target_addr v1:10.240.0.10:18017/0 >debug
2023-02-14T06:24:10.063+0000 7f9a61d3f700 1 -- [v2:172.17.0.82:6800/139957032,v1:172.17.0.82:6801/139957032] <== client.145591691 v1:10.240.0.10:0/3946078112 1 ==== client_reconnect(2 caps 3 realms ) v3 ==== 0+0+231 (unknown 0 0 2175060805) 0x55ce1ea17ba0 con 0x55ce1f7e9c00 >debug
2023-02-14T06:24:10.063+0000 7f9a61d3f700 1 -- [v2:172.17.0.82:6800/139957032,v1:172.17.0.82:6801/139957032] --> v1:10.240.0.10:0/3946078112 -- client_session(open) v4 -- 0x55ce1ea276c0 con 0x55ce1f7e9c00 >debug
2023-02-14T06:24:10.063+0000 7f9a61d3f700 0 log_channel(cluster) log [DBG] : reconnect by client.145591691 v1:10.240.0.10:0/3946078112 after 0.00400002 >debug
2023-02-14T06:24:10.063+0000 7f9a61d3f700 1 -- [v2:172.17.0.82:6800/139957032,v1:172.17.0.82:6801/139957032] <== client.146248921 v1:10.240.0.10:0/2983032091 1 ==== client_reconnect(1 caps 3 realms ) v3 ==== 0+0+146 (unknown 0 0 2361384468) 0x55ce1f765a00 con 0x55ce259b2800 >debug
2023-02-14T06:24:10.063+0000 7f9a61d3f700 1 -- [v2:172.17.0.82:6800/139957032,v1:172.17.0.82:6801/139957032] --> v1:10.240.0.10:0/2983032091 -- client_session(open) v4 -- 0x55ce1ea27880 con 0x55ce259b2800 >debug
2023-02-14T06:24:10.063+0000 7f9a61d3f700 0 log_channel(cluster) log [DBG] : reconnect by client.146248921 v1:10.240.0.10:0/2983032091 after 0.00400002 >debug
2023-02-14T06:24:10.063+0000 7f9a61d3f700 1 -- [v2:172.17.0.82:6800/139957032,v1:172.17.0.82:6801/139957032] <== client.146354622 v1:10.240.0.10:0/1184531568 1 ==== client_reconnect(2 caps 3 realms ) v3 ==== 0+0+234 (unknown 0 0 3993090859) 0x55ce1f7391e0 con 0x55ce1f7e8800 >debug
2023-02-14T06:24:10.063+0000 7f9a61d3f700 1 -- [v2:172.17.0.82:6800/139957032,v1:172.17.0.82:6801/139957032] --> v1:10.240.0.10:0/1184531568 -- client_session(open) v4 -- 0x55ce1ea27a40 con 0x55ce1f7e8800 >debug
2023-02-14T06:24:10.063+0000 7f9a61d3f700 0 log_channel(cluster) log [DBG] : reconnect by client.146354622 v1:10.240.0.10:0/1184531568 after 0.00400002 >debug
2023-02-14T06:24:10.990+0000 7f9a60d3d700 1 -- [v2:172.17.0.82:6800/139957032,v1:172.17.0.82:6801/139957032] --> [v2:172.21.25.237:3300/0,v1:172.21.25.237:6789/0] -- log(11 entries from seq 1 at
2023-02-14T06:24:10.060653+0000) v1 -- 0x55ce1ea276c0 con 0x55ce1e9ef000 >debug
2023-02-14T06:24:11.076+0000 7f9a61d3f700 1 -- [v2:172.17.0.82:6800/139957032,v1:172.17.0.82:6801/139957032] <== mon.2 v2:172.21.25.237:3300/0 14 ==== log(last 11) v1 ==== 28+0+0 (secure 0 0 0) 0x55ce1ea3cd80 con 0x55ce1e9ef000
You cannot view the attachment while viewing its details because your browser does not support IFRAMEs.
View the attachment on a separate page
.
View Attachment As Raw
Actions:
View
Attachments on
bug 2169631
:
1943997
| 1943998 |
1943999
|
1944000
|
1944008
|
1944009
|
1944010
|
1944011
|
1944013
|
1944015