2023-02-14T06:26:01.599+0000 7f5cd1113700 1 -- [v2:172.17.25.245:6800/1528042508,v1:172.17.25.245:6801/1528042508] --> [v2:172.17.24.164:6800/406,v1:172.17.24.164:6801/406] -- osd_op(unknown.0.47390:40 9.e 9:70d2ba14:::200.000084a0:head [read 0~4194304 [fadvise_dontneed]] snapc 0=[] ondisk+read+known_if_redirected+full_force e30361) v8 -- 0x561a9efce400 con 0x561a9f08c000 >debug
2023-02-14T06:26:01.610+0000 7f5cd1113700 1 -- [v2:172.17.25.245:6800/1528042508,v1:172.17.25.245:6801/1528042508] --> [v2:172.17.24.145:6800/405,v1:172.17.24.145:6801/405] -- osd_op(unknown.0.47390:41 9.5 9:a063c0a4:::200.000084a1:head [read 0~4194304 [fadvise_dontneed]] snapc 0=[] ondisk+read+known_if_redirected+full_force e30361) v8 -- 0x561a9efcf400 con 0x561a9f1e4000 >debug
2023-02-14T06:26:01.613+0000 7f5cdb127700 1 -- [v2:172.17.25.245:6800/1528042508,v1:172.17.25.245:6801/1528042508] <== osd.8 v2:172.17.24.164:6800/406 6 ==== osd_op_reply(40 200.000084a0 [read 0~4194304 [fadvise_dontneed] out=4194304b] v0'0 uv369444 ondisk = 0) v8 ==== 156+0+4194304 (crc 0 0 0) 0x561a9f0a46c0 con 0x561a9f08c000 >debug
2023-02-14T06:26:01.621+0000 7f5cd1113700 1 -- [v2:172.17.25.245:6800/1528042508,v1:172.17.25.245:6801/1528042508] --> [v2:172.17.0.89:6800/266764,v1:172.17.0.89:6801/266764] -- osd_op(unknown.0.47390:42 9.1c 9:3c44b11b:::200.000084a2:head [read 0~4194304 [fadvise_dontneed]] snapc 0=[] ondisk+read+known_if_redirected+full_force e30361) v8 -- 0x561a9f08cc00 con 0x561a9efcfc00 >debug
2023-02-14T06:26:01.625+0000 7f5cdb928700 1 -- [v2:172.17.25.245:6800/1528042508,v1:172.17.25.245:6801/1528042508] <== osd.6 v2:172.17.24.145:6800/405 2 ==== osd_op_reply(41 200.000084a1 [read 0~4194304 [fadvise_dontneed] out=4194304b] v0'0 uv357909 ondisk = 0) v8 ==== 156+0+4194304 (crc 0 0 0) 0x561a9f0a4fc0 con 0x561a9f1e4000 >debug
2023-02-14T06:26:01.631+0000 7f5cd1113700 1 -- [v2:172.17.25.245:6800/1528042508,v1:172.17.25.245:6801/1528042508] --> [v2:172.17.54.30:6800/199476,v1:172.17.54.30:6801/199476] -- osd_op(unknown.0.47390:43 9.b 9:d21793fc:::200.000084a3:head [read 0~4194304 [fadvise_dontneed]] snapc 0=[] ondisk+read+known_if_redirected+full_force e30361) v8 -- 0x561a9f08c800 con 0x561a9efce800 >debug
2023-02-14T06:26:01.633+0000 7f5cdc129700 1 -- [v2:172.17.25.245:6800/1528042508,v1:172.17.25.245:6801/1528042508] <== osd.1 v2:172.17.0.89:6800/266764 3 ==== osd_op_reply(42 200.000084a2 [read 0~4194304 [fadvise_dontneed] out=4194304b] v0'0 uv371387 ondisk = 0) v8 ==== 156+0+4194304 (crc 0 0 0) 0x561a9f0a4000 con 0x561a9efcfc00 >debug
2023-02-14T06:26:01.641+0000 7f5cdb928700 1 -- [v2:172.17.25.245:6800/1528042508,v1:172.17.25.245:6801/1528042508] <== osd.5 v2:172.17.54.30:6800/199476 8 ==== osd_op_reply(43 200.000084a3 [read 0~4194304 [fadvise_dontneed] out=4194304b] v0'0 uv399567 ondisk = 0) v8 ==== 156+0+4194304 (crc 0 0 0) 0x561a9f0a4fc0 con 0x561a9efce800 >debug
2023-02-14T06:26:01.642+0000 7f5cd1113700 1 -- [v2:172.17.25.245:6800/1528042508,v1:172.17.25.245:6801/1528042508] --> [v2:172.17.47.95:6800/406,v1:172.17.47.95:6801/406] -- osd_op(unknown.0.47390:44 9.d 9:b7da5194:::200.000084a4:head [read 0~4194304 [fadvise_dontneed]] snapc 0=[] ondisk+read+known_if_redirected+full_force e30361) v8 -- 0x561a9f1e5000 con 0x561a9efcf000 >debug
2023-02-14T06:26:01.650+0000 7f5cdc129700 1 -- [v2:172.17.25.245:6800/1528042508,v1:172.17.25.245:6801/1528042508] <== osd.7 v2:172.17.47.95:6800/406 6 ==== osd_op_reply(44 200.000084a4 [read 0~4194304 [fadvise_dontneed] out=4194304b] v0'0 uv361476 ondisk = 0) v8 ==== 156+0+4194304 (crc 0 0 0) 0x561a9f0a4000 con 0x561a9efcf000 >debug
2023-02-14T06:26:01.653+0000 7f5cd1113700 1 -- [v2:172.17.25.245:6800/1528042508,v1:172.17.25.245:6801/1528042508] --> [v2:172.17.25.193:6800/410,v1:172.17.25.193:6801/410] -- osd_op(unknown.0.47390:45 9.7 9:e1198354:::200.000084a5:head [read 0~4194304 [fadvise_dontneed]] snapc 0=[] ondisk+read+known_if_redirected+full_force e30361) v8 -- 0x561a9f1e5c00 con 0x561a9efce000 >debug
2023-02-14T06:26:01.660+0000 7f5cdc129700 1 -- [v2:172.17.25.245:6800/1528042508,v1:172.17.25.245:6801/1528042508] <== osd.2 v2:172.17.25.193:6800/410 9 ==== osd_op_reply(45 200.000084a5 [read 0~4194304 [fadvise_dontneed] out=4194304b] v0'0 uv353185 ondisk = 0) v8 ==== 156+0+4194304 (crc 0 0 0) 0x561a9f0a4000 con 0x561a9efce000 >debug
2023-02-14T06:26:01.665+0000 7f5cd1113700 1 -- [v2:172.17.25.245:6800/1528042508,v1:172.17.25.245:6801/1528042508] --> [v2:172.17.0.89:6800/266764,v1:172.17.0.89:6801/266764] -- osd_op(unknown.0.47390:46 9.3 9:c2cbaee7:::200.000084a6:head [read 0~4194304 [fadvise_dontneed]] snapc 0=[] ondisk+read+known_if_redirected+full_force e30361) v8 -- 0x561a9f1e5400 con 0x561a9efcfc00 >debug
2023-02-14T06:26:01.675+0000 7f5cd1113700 1 -- [v2:172.17.25.245:6800/1528042508,v1:172.17.25.245:6801/1528042508] --> [v2:172.17.54.30:6800/199476,v1:172.17.54.30:6801/199476] -- osd_op(unknown.0.47390:47 9.4 9:278c67c2:::200.000084a7:head [read 0~4194304 [fadvise_dontneed]] snapc 0=[] ondisk+read+known_if_redirected+full_force e30361) v8 -- 0x561a9f1e4400 con 0x561a9efce800 >debug
2023-02-14T06:26:01.676+0000 7f5cdc129700 1 -- [v2:172.17.25.245:6800/1528042508,v1:172.17.25.245:6801/1528042508] <== osd.1 v2:172.17.0.89:6800/266764 4 ==== osd_op_reply(46 200.000084a6 [read 0~4194304 [fadvise_dontneed] out=4194304b] v0'0 uv361128 ondisk = 0) v8 ==== 156+0+4194304 (crc 0 0 0) 0x561a9f0a4000 con 0x561a9efcfc00 >debug
2023-02-14T06:26:01.684+0000 7f5cdb928700 1 -- [v2:172.17.25.245:6800/1528042508,v1:172.17.25.245:6801/1528042508] <== osd.5 v2:172.17.54.30:6800/199476 9 ==== osd_op_reply(47 200.000084a7 [read 0~4194304 [fadvise_dontneed] out=4194304b] v0'0 uv365770 ondisk = 0) v8 ==== 156+0+4194304 (crc 0 0 0) 0x561a9f0a4fc0 con 0x561a9efce800 >debug
2023-02-14T06:26:01.686+0000 7f5cd1113700 1 -- [v2:172.17.25.245:6800/1528042508,v1:172.17.25.245:6801/1528042508] --> [v2:172.17.47.95:6800/406,v1:172.17.47.95:6801/406] -- osd_op(unknown.0.47390:48 9.a 9:537da55e:::200.000084a8:head [read 0~4194304 [fadvise_dontneed]] snapc 0=[] ondisk+read+known_if_redirected+full_force e30361) v8 -- 0x561a9efcec00 con 0x561a9efcf000 >debug
2023-02-14T06:26:01.693+0000 7f5cdc129700 1 -- [v2:172.17.25.245:6800/1528042508,v1:172.17.25.245:6801/1528042508] <== osd.7 v2:172.17.47.95:6800/406 7 ==== osd_op_reply(48 200.000084a8 [read 0~4194304 [fadvise_dontneed] out=4194304b] v0'0 uv379746 ondisk = 0) v8 ==== 156+0+4194304 (crc 0 0 0) 0x561a9f0a4000 con 0x561a9efcf000 >debug
2023-02-14T06:26:01.697+0000 7f5cd1113700 1 -- [v2:172.17.25.245:6800/1528042508,v1:172.17.25.245:6801/1528042508] --> [v2:172.17.54.4:6800/410,v1:172.17.54.4:6801/410] -- osd_op(unknown.0.47390:49 9.17 9:eb403919:::200.000084a9:head [read 0~4194304 [fadvise_dontneed]] snapc 0=[] ondisk+read+known_if_redirected+full_force e30361) v8 -- 0x561a9efce400 con 0x561a9f08d000 >debug
2023-02-14T06:26:01.706+0000 7f5cdb928700 1 -- [v2:172.17.25.245:6800/1528042508,v1:172.17.25.245:6801/1528042508] <== osd.4 v2:172.17.54.4:6800/410 9 ==== osd_op_reply(49 200.000084a9 [read 0~4194304 [fadvise_dontneed] out=4194304b] v0'0 uv358411 ondisk = 0) v8 ==== 156+0+4194304 (crc 0 0 0) 0x561a9f0a4fc0 con 0x561a9f08d000 >debug
2023-02-14T06:26:01.708+0000 7f5cd1113700 1 -- [v2:172.17.25.245:6800/1528042508,v1:172.17.25.245:6801/1528042508] --> [v2:172.17.0.89:6800/266764,v1:172.17.0.89:6801/266764] -- osd_op(unknown.0.47390:50 9.9 9:943beb1e:::200.000084aa:head [read 0~4194304 [fadvise_dontneed]] snapc 0=[] ondisk+read+known_if_redirected+full_force e30361) v8 -- 0x561a9efcf400 con 0x561a9efcfc00 >debug
2023-02-14T06:26:01.717+0000 7f5cdc129700 1 -- [v2:172.17.25.245:6800/1528042508,v1:172.17.25.245:6801/1528042508] <== osd.1 v2:172.17.0.89:6800/266764 5 ==== osd_op_reply(50 200.000084aa [read 0~4194304 [fadvise_dontneed] out=4194304b] v0'0 uv368876 ondisk = 0) v8 ==== 156+0+4194304 (crc 0 0 0) 0x561a9f0a4000 con 0x561a9efcfc00 >debug
2023-02-14T06:26:01.720+0000 7f5cd1113700 1 -- [v2:172.17.25.245:6800/1528042508,v1:172.17.25.245:6801/1528042508] --> [v2:172.17.24.164:6800/406,v1:172.17.24.164:6801/406] -- osd_op(unknown.0.47390:51 9.1 9:8673c079:::200.000084ab:head [read 0~4194304 [fadvise_dontneed]] snapc 0=[] ondisk+read+known_if_redirected+full_force e30361) v8 -- 0x561a9efce400 con 0x561a9f08c000 >debug
2023-02-14T06:26:01.728+0000 7f5cdb127700 1 -- [v2:172.17.25.245:6800/1528042508,v1:172.17.25.245:6801/1528042508] <== osd.8 v2:172.17.24.164:6800/406 7 ==== osd_op_reply(51 200.000084ab [read 0~4194304 [fadvise_dontneed] out=4194304b] v0'0 uv385376 ondisk = 0) v8 ==== 156+0+4194304 (crc 0 0 0) 0x561a9f0a46c0 con 0x561a9f08c000 >debug
2023-02-14T06:26:01.730+0000 7f5cd1113700 1 -- [v2:172.17.25.245:6800/1528042508,v1:172.17.25.245:6801/1528042508] --> [v2:172.17.47.95:6800/406,v1:172.17.47.95:6801/406] -- osd_op(unknown.0.47390:52 9.d 9:b1ecdfe6:::200.000084ac:head [read 0~4194304 [fadvise_dontneed]] snapc 0=[] ondisk+read+known_if_redirected+full_force e30361) v8 -- 0x561a9f1e5800 con 0x561a9efcf000 >debug
2023-02-14T06:26:01.736+0000 7f5cdc129700 1 -- [v2:172.17.25.245:6800/1528042508,v1:172.17.25.245:6801/1528042508] <== osd.7 v2:172.17.47.95:6800/406 8 ==== osd_op_reply(52 200.000084ac [read 0~4194304 [fadvise_dontneed] out=4194304b] v0'0 uv361478 ondisk = 0) v8 ==== 156+0+4194304 (crc 0 0 0) 0x561a9f0a4000 con 0x561a9efcf000 >debug
2023-02-14T06:26:01.742+0000 7f5cd1113700 1 -- [v2:172.17.25.245:6800/1528042508,v1:172.17.25.245:6801/1528042508] --> [v2:172.17.25.193:6800/410,v1:172.17.25.193:6801/410] -- osd_op(unknown.0.47390:53 9.13 9:caa5c207:::200.000084ad:head [read 0~4194304 [fadvise_dontneed]] snapc 0=[] ondisk+read+known_if_redirected+full_force e30361) v8 -- 0x561a9f1e4800 con 0x561a9efce000 >debug
2023-02-14T06:26:01.753+0000 7f5cdc129700 1 -- [v2:172.17.25.245:6800/1528042508,v1:172.17.25.245:6801/1528042508] <== osd.2 v2:172.17.25.193:6800/410 10 ==== osd_op_reply(53 200.000084ad [read 0~4194304 [fadvise_dontneed] out=4194304b] v0'0 uv361730 ondisk = 0) v8 ==== 156+0+4194304 (crc 0 0 0) 0x561a9f0a4000 con 0x561a9efce000 >debug
2023-02-14T06:26:01.756+0000 7f5cd1113700 1 -- [v2:172.17.25.245:6800/1528042508,v1:172.17.25.245:6801/1528042508] --> [v2:172.17.54.30:6800/199476,v1:172.17.54.30:6801/199476] -- osd_op(unknown.0.47390:54 9.b 9:d604ab7a:::200.000084ae:head [read 0~4194304 [fadvise_dontneed]] snapc 0=[] ondisk+read+known_if_redirected+full_force e30361) v8 -- 0x561a9f1e4400 con 0x561a9efce800 >debug
2023-02-14T06:26:01.765+0000 7f5cdb928700 1 -- [v2:172.17.25.245:6800/1528042508,v1:172.17.25.245:6801/1528042508] <== osd.5 v2:172.17.54.30:6800/199476 10 ==== osd_op_reply(54 200.000084ae [read 0~4194304 [fadvise_dontneed] out=4194304b] v0'0 uv399818 ondisk = 0) v8 ==== 156+0+4194304 (crc 0 0 0) 0x561a9f0a4fc0 con 0x561a9efce800 >debug
2023-02-14T06:26:01.772+0000 7f5cd1113700 1 -- [v2:172.17.25.245:6800/1528042508,v1:172.17.25.245:6801/1528042508] --> [v2:172.17.54.4:6800/410,v1:172.17.54.4:6801/410] -- osd_op(unknown.0.47390:55 9.1d 9:bd86adb1:::200.000084af:head [read 0~4194304 [fadvise_dontneed]] snapc 0=[] ondisk+read+known_if_redirected+full_force e30361) v8 -- 0x561a9f1e4c00 con 0x561a9f08d000 >debug
2023-02-14T06:26:01.780+0000 7f5cdb928700 1 -- [v2:172.17.25.245:6800/1528042508,v1:172.17.25.245:6801/1528042508] <== osd.4 v2:172.17.54.4:6800/410 10 ==== osd_op_reply(55 200.000084af [read 0~4194304 [fadvise_dontneed] out=4194304b] v0'0 uv379168 ondisk = 0) v8 ==== 156+0+4194304 (crc 0 0 0) 0x561a9f0a4fc0 con 0x561a9f08d000 >debug
2023-02-14T06:26:01.787+0000 7f5cd1113700 1 -- [v2:172.17.25.245:6800/1528042508,v1:172.17.25.245:6801/1528042508] --> [v2:172.17.24.164:6800/406,v1:172.17.24.164:6801/406] -- osd_op(unknown.0.47390:56 9.1f 9:fee7e874:::200.000084b0:head [read 0~4194304 [fadvise_dontneed]] snapc 0=[] ondisk+read+known_if_redirected+full_force e30361) v8 -- 0x561a9f1e5c00 con 0x561a9f08c000 >debug
2023-02-14T06:26:01.795+0000 7f5cdb127700 1 -- [v2:172.17.25.245:6800/1528042508,v1:172.17.25.245:6801/1528042508] <== osd.8 v2:172.17.24.164:6800/406 8 ==== osd_op_reply(56 200.000084b0 [read 0~4194304 [fadvise_dontneed] out=4194304b] v0'0 uv384961 ondisk = 0) v8 ==== 156+0+4194304 (crc 0 0 0) 0x561a9f0a46c0 con 0x561a9f08c000 >debug
2023-02-14T06:26:01.802+0000 7f5cd1113700 1 -- [v2:172.17.25.245:6800/1528042508,v1:172.17.25.245:6801/1528042508] --> [v2:172.17.54.4:6800/410,v1:172.17.54.4:6801/410] -- osd_op(unknown.0.47390:57 9.1a 9:5f56bbd9:::200.000084b1:head [read 0~4194304 [fadvise_dontneed]] snapc 0=[] ondisk+read+known_if_redirected+full_force e30361) v8 -- 0x561a9f08c800 con 0x561a9f08d000 >debug
2023-02-14T06:26:01.813+0000 7f5cdb928700 1 -- [v2:172.17.25.245:6800/1528042508,v1:172.17.25.245:6801/1528042508] <== osd.4 v2:172.17.54.4:6800/410 11 ==== osd_op_reply(57 200.000084b1 [read 0~4194304 [fadvise_dontneed] out=4194304b] v0'0 uv343997 ondisk = 0) v8 ==== 156+0+4194304 (crc 0 0 0) 0x561a9f0a4fc0 con 0x561a9f08d000 >debug
2023-02-14T06:26:01.816+0000 7f5cd1113700 1 -- [v2:172.17.25.245:6800/1528042508,v1:172.17.25.245:6801/1528042508] --> [v2:172.17.54.30:6800/199476,v1:172.17.54.30:6801/199476] -- osd_op(unknown.0.47390:58 9.b 9:d7db570f:::200.000084b2:head [read 0~4194304 [fadvise_dontneed]] snapc 0=[] ondisk+read+known_if_redirected+full_force e30361) v8 -- 0x561a9f08cc00 con 0x561a9efce800 >debug
2023-02-14T06:26:01.825+0000 7f5cdb928700 1 -- [v2:172.17.25.245:6800/1528042508,v1:172.17.25.245:6801/1528042508] <== osd.5 v2:172.17.54.30:6800/199476 11 ==== osd_op_reply(58 200.000084b2 [read 0~4194304 [fadvise_dontneed] out=4194304b] v0'0 uv399934 ondisk = 0) v8 ==== 156+0+4194304 (crc 0 0 0) 0x561a9f0a4fc0 con 0x561a9efce800 >debug
2023-02-14T06:26:01.831+0000 7f5cd1113700 1 -- [v2:172.17.25.245:6800/1528042508,v1:172.17.25.245:6801/1528042508] --> [v2:172.17.24.164:6800/406,v1:172.17.24.164:6801/406] -- osd_op(unknown.0.47390:59 9.0 9:028fd886:::200.000084b3:head [read 0~4194304 [fadvise_dontneed]] snapc 0=[] ondisk+read+known_if_redirected+full_force e30361) v8 -- 0x561a9f08d400 con 0x561a9f08c000 >debug
2023-02-14T06:26:01.838+0000 7f5cdb127700 1 -- [v2:172.17.25.245:6800/1528042508,v1:172.17.25.245:6801/1528042508] <== osd.8 v2:172.17.24.164:6800/406 9 ==== osd_op_reply(59 200.000084b3 [read 0~4194304 [fadvise_dontneed] out=4194304b] v0'0 uv367616 ondisk = 0) v8 ==== 156+0+4194304 (crc 0 0 0) 0x561a9f0a46c0 con 0x561a9f08c000 >debug
2023-02-14T06:26:01.846+0000 7f5cd1113700 1 -- [v2:172.17.25.245:6800/1528042508,v1:172.17.25.245:6801/1528042508] --> [v2:172.17.25.193:6800/410,v1:172.17.25.193:6801/410] -- osd_op(unknown.0.47390:60 9.19 9:9e3c6901:::200.000084b4:head [read 0~4194304 [fadvise_dontneed]] snapc 0=[] ondisk+read+known_if_redirected+full_force e30361) v8 -- 0x561a9f08c400 con 0x561a9efce000 >debug
2023-02-14T06:26:01.851+0000 7f5cdc129700 1 -- [v2:172.17.25.245:6800/1528042508,v1:172.17.25.245:6801/1528042508] <== osd.2 v2:172.17.25.193:6800/410 11 ==== osd_op_reply(60 200.000084b4 [read 0~4194304 [fadvise_dontneed] out=4194304b] v0'0 uv363012 ondisk = 0) v8 ==== 156+0+4194304 (crc 0 0 0) 0x561a9f0a4000 con 0x561a9efce000 >debug
2023-02-14T06:26:01.861+0000 7f5cd1113700 1 -- [v2:172.17.25.245:6800/1528042508,v1:172.17.25.245:6801/1528042508] --> [v2:172.17.54.30:6800/199476,v1:172.17.54.30:6801/199476] -- osd_op(unknown.0.47390:61 9.10 9:0c7975c1:::200.000084b5:head [read 0~4194304 [fadvise_dontneed]] snapc 0=[] ondisk+read+known_if_redirected+full_force e30361) v8 -- 0x561a9f08d800 con 0x561a9efce800 >debug
2023-02-14T06:26:01.868+0000 7f5cdb928700 1 -- [v2:172.17.25.245:6800/1528042508,v1:172.17.25.245:6801/1528042508] <== osd.5 v2:172.17.54.30:6800/199476 12 ==== osd_op_reply(61 200.000084b5 [read 0~4194304 [fadvise_dontneed] out=4194304b] v0'0 uv381986 ondisk = 0) v8 ==== 156+0+4194304 (crc 0 0 0) 0x561a9f0a4fc0 con 0x561a9efce800 >debug
2023-02-14T06:26:01.876+0000 7f5cd1113700 1 -- [v2:172.17.25.245:6800/1528042508,v1:172.17.25.245:6801/1528042508] --> [v2:172.17.47.99:6800/410,v1:172.17.47.99:6801/410] -- osd_op(unknown.0.47390:62 9.f 9:f7217a40:::200.000084b6:head [read 0~4194304 [fadvise_dontneed]] snapc 0=[] ondisk+read+known_if_redirected+full_force e30361) v8 -- 0x561a9efcec00 con 0x561a9efcf800 >debug
2023-02-14T06:26:01.885+0000 7f5cdb127700 1 -- [v2:172.17.25.245:6800/1528042508,v1:172.17.25.245:6801/1528042508] <== osd.3 v2:172.17.47.99:6800/410 4 ==== osd_op_reply(62 200.000084b6 [read 0~4194304 [fadvise_dontneed] out=4194304b] v0'0 uv378991 ondisk = 0) v8 ==== 156+0+4194304 (crc 0 0 0) 0x561a9f0a46c0 con 0x561a9efcf800 >debug
2023-02-14T06:26:01.892+0000 7f5cd1113700 1 -- [v2:172.17.25.245:6800/1528042508,v1:172.17.25.245:6801/1528042508] --> [v2:172.17.54.4:6800/410,v1:172.17.54.4:6801/410] -- osd_op(unknown.0.47390:63 9.2 9:478ec8b5:::200.000084b7:head [read 0~4194304 [fadvise_dontneed]] snapc 0=[] ondisk+read+known_if_redirected+full_force e30361) v8 -- 0x561a9f1e5400 con 0x561a9f08d000 >debug
2023-02-14T06:26:01.901+0000 7f5cdb928700 1 -- [v2:172.17.25.245:6800/1528042508,v1:172.17.25.245:6801/1528042508] <== osd.4 v2:172.17.54.4:6800/410 12 ==== osd_op_reply(63 200.000084b7 [read 0~4194304 [fadvise_dontneed] out=4194304b] v0'0 uv354407 ondisk = 0) v8 ==== 156+0+4194304 (crc 0 0 0) 0x561a9f0a4fc0 con 0x561a9f08d000 >debug
2023-02-14T06:26:01.907+0000 7f5cd1113700 1 -- [v2:172.17.25.245:6800/1528042508,v1:172.17.25.245:6801/1528042508] --> [v2:172.17.47.95:6800/406,v1:172.17.47.95:6801/406] -- osd_op(unknown.0.47390:64 9.a 9:51c711cc:::200.000084b8:head [read 0~4194304 [fadvise_dontneed]] snapc 0=[] ondisk+read+known_if_redirected+full_force e30361) v8 -- 0x561a9f1e5000 con 0x561a9efcf000 >debug
2023-02-14T06:26:01.912+0000 7f5cdc129700 1 -- [v2:172.17.25.245:6800/1528042508,v1:172.17.25.245:6801/1528042508] <== osd.7 v2:172.17.47.95:6800/406 9 ==== osd_op_reply(64 200.000084b8 [read 0~4194304 [fadvise_dontneed] out=4194304b] v0'0 uv379751 ondisk = 0) v8 ==== 156+0+4194304 (crc 0 0 0) 0x561a9f0a4000 con 0x561a9efcf000 >debug
2023-02-14T06:26:01.921+0000 7f5cd1113700 1 -- [v2:172.17.25.245:6800/1528042508,v1:172.17.25.245:6801/1528042508] --> [v2:172.17.0.89:6800/266764,v1:172.17.0.89:6801/266764] -- osd_op(unknown.0.47390:65 9.1c 9:3a33af8f:::200.000084b9:head [read 0~4194304 [fadvise_dontneed]] snapc 0=[] ondisk+read+known_if_redirected+full_force e30361) v8 -- 0x561a9fc96000 con 0x561a9efcfc00 >debug
2023-02-14T06:26:01.931+0000 7f5cdc129700 1 -- [v2:172.17.25.245:6800/1528042508,v1:172.17.25.245:6801/1528042508] <== osd.1 v2:172.17.0.89:6800/266764 6 ==== osd_op_reply(65 200.000084b9 [read 0~4194304 [fadvise_dontneed] out=4194304b] v0'0 uv371494 ondisk = 0) v8 ==== 156+0+4194304 (crc 0 0 0) 0x561a9f0a4000 con 0x561a9efcfc00 >debug
2023-02-14T06:26:01.935+0000 7f5cd1113700 1 -- [v2:172.17.25.245:6800/1528042508,v1:172.17.25.245:6801/1528042508] --> [v2:172.17.54.4:6800/410,v1:172.17.54.4:6801/410] -- osd_op(unknown.0.47390:66 9.1a 9:5fb14b98:::200.000084ba:head [read 0~4194304 [fadvise_dontneed]] snapc 0=[] ondisk+read+known_if_redirected+full_force e30361) v8 -- 0x561a9fc96400 con 0x561a9f08d000 >debug
2023-02-14T06:26:01.943+0000 7f5cdb928700 1 -- [v2:172.17.25.245:6800/1528042508,v1:172.17.25.245:6801/1528042508] <== osd.4 v2:172.17.54.4:6800/410 13 ==== osd_op_reply(66 200.000084ba [read 0~4194304 [fadvise_dontneed] out=4194304b] v0'0 uv344030 ondisk = 0) v8 ==== 156+0+4194304 (crc 0 0 0) 0x561a9f0a4fc0 con 0x561a9f08d000 >debug
2023-02-14T06:26:01.949+0000 7f5cd1113700 1 -- [v2:172.17.25.245:6800/1528042508,v1:172.17.25.245:6801/1528042508] --> [v2:172.17.47.95:6800/406,v1:172.17.47.95:6801/406] -- osd_op(unknown.0.47390:67 9.16 9:69593c2e:::200.000084bb:head [read 0~4194304 [fadvise_dontneed]] snapc 0=[] ondisk+read+known_if_redirected+full_force e30361) v8 -- 0x561a9fc96800 con 0x561a9efcf000 >debug
2023-02-14T06:26:01.955+0000 7f5cdc129700 1 -- [v2:172.17.25.245:6800/1528042508,v1:172.17.25.245:6801/1528042508] <== osd.7 v2:172.17.47.95:6800/406 10 ==== osd_op_reply(67 200.000084bb [read 0~4194304 [fadvise_dontneed] out=4194304b] v0'0 uv376645 ondisk = 0) v8 ==== 156+0+4194304 (crc 0 0 0) 0x561a9f0a4000 con 0x561a9efcf000 >debug
2023-02-14T06:26:01.959+0000 7f5cdb928700 1 --2- [v2:172.17.25.245:6800/1528042508,v1:172.17.25.245:6801/1528042508] >> [v2:172.17.25.215:6800/43191,v1:172.17.25.215:6801/43191] conn(0x561a9e299c00 0x561a9efa4f00 unknown :-1 s=BANNER_CONNECTING pgs=0 cs=0 l=1 rev1=0 rx=0 tx=0)._handle_peer_banner_payload supported=1 required=0 >debug
2023-02-14T06:26:01.962+0000 7f5cd1113700 1 -- [v2:172.17.25.245:6800/1528042508,v1:172.17.25.245:6801/1528042508] --> [v2:172.17.54.4:6800/410,v1:172.17.54.4:6801/410] -- osd_op(unknown.0.47390:68 9.1d 9:befe3cf5:::200.000084bc:head [read 0~4194304 [fadvise_dontneed]] snapc 0=[] ondisk+read+known_if_redirected+full_force e30361) v8 -- 0x561a9fc96c00 con 0x561a9f08d000 >debug
2023-02-14T06:26:01.970+0000 7f5cdb928700 1 -- [v2:172.17.25.245:6800/1528042508,v1:172.17.25.245:6801/1528042508] <== osd.4 v2:172.17.54.4:6800/410 14 ==== osd_op_reply(68 200.000084bc [read 0~4194304 [fadvise_dontneed] out=4194304b] v0'0 uv379268 ondisk = 0) v8 ==== 156+0+4194304 (crc 0 0 0) 0x561a9f0a4fc0 con 0x561a9f08d000 >debug
2023-02-14T06:26:01.975+0000 7f5cd1113700 1 -- [v2:172.17.25.245:6800/1528042508,v1:172.17.25.245:6801/1528042508] --> [v2:172.17.25.193:6800/410,v1:172.17.25.193:6801/410] -- osd_op(unknown.0.47390:69 9.12 9:4a1b8746:::200.000084bd:head [read 0~4194304 [fadvise_dontneed]] snapc 0=[] ondisk+read+known_if_redirected+full_force e30361) v8 -- 0x561a9fc97000 con 0x561a9efce000 >debug
2023-02-14T06:26:01.981+0000 7f5cdc129700 1 -- [v2:172.17.25.245:6800/1528042508,v1:172.17.25.245:6801/1528042508] <== osd.2 v2:172.17.25.193:6800/410 12 ==== osd_op_reply(69 200.000084bd [read 0~4194304 [fadvise_dontneed] out=4194304b] v0'0 uv384112 ondisk = 0) v8 ==== 156+0+4194304 (crc 0 0 0) 0x561a9f0a4000 con 0x561a9efce000 >debug
2023-02-14T06:26:01.990+0000 7f5cd1113700 1 -- [v2:172.17.25.245:6800/1528042508,v1:172.17.25.245:6801/1528042508] --> [v2:172.17.54.30:6800/199476,v1:172.17.54.30:6801/199476] -- osd_op(unknown.0.47390:70 9.6 9:66ac2011:::200.000084be:head [read 0~4194304 [fadvise_dontneed]] snapc 0=[] ondisk+read+known_if_redirected+full_force e30361) v8 -- 0x561a9fc97400 con 0x561a9efce800 >debug
2023-02-14T06:26:01.998+0000 7f5cdb928700 1 -- [v2:172.17.25.245:6800/1528042508,v1:172.17.25.245:6801/1528042508] <== osd.5 v2:172.17.54.30:6800/199476 13 ==== osd_op_reply(70 200.000084be [read 0~4194304 [fadvise_dontneed] out=4194304b] v0'0 uv2369078 ondisk = 0) v8 ==== 156+0+4194304 (crc 0 0 0) 0x561a9f0a4fc0 con 0x561a9efce800 >debug
2023-02-14T06:26:02.004+0000 7f5cd1113700 1 -- [v2:172.17.25.245:6800/1528042508,v1:172.17.25.245:6801/1528042508] --> [v2:172.17.54.30:6800/199476,v1:172.17.54.30:6801/199476] -- osd_op(unknown.0.47390:71 9.10 9:0e6b3470:::200.000084bf:head [read 0~2042242 [fadvise_dontneed]] snapc 0=[] ondisk+read+known_if_redirected+full_force e30361) v8 -- 0x561a9fc97800 con 0x561a9efce800 >debug
2023-02-14T06:26:02.008+0000 7f5cdb928700 1 -- [v2:172.17.25.245:6800/1528042508,v1:172.17.25.245:6801/1528042508] <== osd.5 v2:172.17.54.30:6800/199476 14 ==== osd_op_reply(71 200.000084bf [read 0~2042242 [fadvise_dontneed] out=2042242b] v0'0 uv382070 ondisk = 0) v8 ==== 156+0+2042242 (crc 0 0 0) 0x561a9f0a4fc0 con 0x561a9efce800 >debug
2023-02-14T06:26:02.148+0000 7f5cd1113700 1 mds.0.47390 Finished replaying journal >debug
2023-02-14T06:26:02.148+0000 7f5cd1113700 1 mds.0.47390 making mds journal writeable >debug
2023-02-14T06:26:02.148+0000 7f5cd1113700 1 -- [v2:172.17.25.245:6800/1528042508,v1:172.17.25.245:6801/1528042508] --> [v2:172.17.54.30:6800/199476,v1:172.17.54.30:6801/199476] -- osd_op(unknown.0.47390:72 9.10 9:0e6b3470:::200.000084bf:head [zero 2042242~2152062] snapc 0=[] ondisk+write+known_if_redirected+full_force e30361) v8 -- 0x561a9fc97c00 con 0x561a9efce800 >debug
2023-02-14T06:26:02.148+0000 7f5cd1113700 1 -- [v2:172.17.25.245:6800/1528042508,v1:172.17.25.245:6801/1528042508] --> [v2:172.17.54.4:6800/410,v1:172.17.54.4:6801/410] -- osd_op(unknown.0.47390:73 9.1d 9:bf639718:::200.000084c0:head [delete] snapc 0=[] ondisk+write+known_if_redirected+full_force e30361) v8 -- 0x561a9fc96000 con 0x561a9f08d000 >debug
2023-02-14T06:26:02.148+0000 7f5cd1113700 1 -- [v2:172.17.25.245:6800/1528042508,v1:172.17.25.245:6801/1528042508] --> [v2:172.17.24.164:6800/406,v1:172.17.24.164:6801/406] -- osd_op(unknown.0.47390:74 9.e 9:708339dd:::200.000084c1:head [delete] snapc 0=[] ondisk+write+known_if_redirected+full_force e30361) v8 -- 0x561a9f1e5800 con 0x561a9f08c000 >debug
2023-02-14T06:26:02.148+0000 7f5cd1113700 1 -- [v2:172.17.25.245:6800/1528042508,v1:172.17.25.245:6801/1528042508] --> [v2:172.17.54.4:6800/410,v1:172.17.54.4:6801/410] -- osd_op(unknown.0.47390:75 9.2 9:44678a40:::200.000084c2:head [delete] snapc 0=[] ondisk+write+known_if_redirected+full_force e30361) v8 -- 0x561a9f1e4800 con 0x561a9f08d000 >debug
2023-02-14T06:26:02.148+0000 7f5cd1113700 1 -- [v2:172.17.25.245:6800/1528042508,v1:172.17.25.245:6801/1528042508] --> [v2:172.17.24.164:6800/406,v1:172.17.24.164:6801/406] -- osd_op(unknown.0.47390:76 9.0 9:027fe797:::200.000084c3:head [delete] snapc 0=[] ondisk+write+known_if_redirected+full_force e30361) v8 -- 0x561a9f1e5000 con 0x561a9f08c000 >debug
2023-02-14T06:26:02.148+0000 7f5cd1113700 1 -- [v2:172.17.25.245:6800/1528042508,v1:172.17.25.245:6801/1528042508] --> [v2:172.17.0.89:6800/266764,v1:172.17.0.89:6801/266764] -- osd_op(unknown.0.47390:77 9.1c 9:3bd7d3c9:::200.000084c4:head [delete] snapc 0=[] ondisk+write+known_if_redirected+full_force e30361) v8 -- 0x561a9f1e4400 con 0x561a9efcfc00 >debug
2023-02-14T06:26:02.148+0000 7f5cd1113700 1 -- [v2:172.17.25.245:6800/1528042508,v1:172.17.25.245:6801/1528042508] --> [v2:172.21.72.189:3300/0,v1:172.21.72.189:6789/0] -- mdsbeacon(218417551/ocs-storagecluster-cephfilesystem-b up:reconnect fs=ocs-storagecluster-cephfilesystem seq=2 v47390) v8 -- 0x561a9e364b00 con 0x561a9e299000 >debug
2023-02-14T06:26:02.153+0000 7f5cdb928700 1 -- [v2:172.17.25.245:6800/1528042508,v1:172.17.25.245:6801/1528042508] <== osd.4 v2:172.17.54.4:6800/410 15 ==== osd_op_reply(73 200.000084c0 [delete] v30361'391559 uv379268 ondisk = -2 ((2) No such file or directory)) v8 ==== 156+0+0 (crc 0 0 0) 0x561a9f0a4fc0 con 0x561a9f08d000 >debug
2023-02-14T06:26:02.153+0000 7f5cdb928700 1 -- [v2:172.17.25.245:6800/1528042508,v1:172.17.25.245:6801/1528042508] <== osd.4 v2:172.17.54.4:6800/410 16 ==== osd_op_reply(75 200.000084c2 [delete] v30361'366700 uv354407 ondisk = -2 ((2) No such file or directory)) v8 ==== 156+0+0 (crc 0 0 0) 0x561a9f0a4fc0 con 0x561a9f08d000 >debug
2023-02-14T06:26:02.154+0000 7f5cdb127700 1 -- [v2:172.17.25.245:6800/1528042508,v1:172.17.25.245:6801/1528042508] <== osd.8 v2:172.17.24.164:6800/406 10 ==== osd_op_reply(74 200.000084c1 [delete] v30361'381740 uv369451 ondisk = -2 ((2) No such file or directory)) v8 ==== 156+0+0 (crc 0 0 0) 0x561a9f0a46c0 con 0x561a9f08c000 >debug
2023-02-14T06:26:02.154+0000 7f5cdb127700 1 -- [v2:172.17.25.245:6800/1528042508,v1:172.17.25.245:6801/1528042508] <== osd.8 v2:172.17.24.164:6800/406 11 ==== osd_op_reply(76 200.000084c3 [delete] v30361'379904 uv367618 ondisk = -2 ((2) No such file or directory)) v8 ==== 156+0+0 (crc 0 0 0) 0x561a9f0a46c0 con 0x561a9f08c000 >debug
2023-02-14T06:26:02.154+0000 7f5cdb928700 1 -- [v2:172.17.25.245:6800/1528042508,v1:172.17.25.245:6801/1528042508] <== osd.5 v2:172.17.54.30:6800/199476 15 ==== osd_op_reply(72 200.000084bf [zero 2042242~2152062] v30361'394358 uv382070 ondisk = 0) v8 ==== 156+0+0 (crc 0 0 0) 0x561a9f0a4fc0 con 0x561a9efce800 >debug
2023-02-14T06:26:02.155+0000 7f5cdc129700 1 -- [v2:172.17.25.245:6800/1528042508,v1:172.17.25.245:6801/1528042508] <== osd.1 v2:172.17.0.89:6800/266764 7 ==== osd_op_reply(77 200.000084c4 [delete] v30361'383785 uv371496 ondisk = -2 ((2) No such file or directory)) v8 ==== 156+0+0 (crc 0 0 0) 0x561a9f0a4000 con 0x561a9efcfc00 >debug
2023-02-14T06:26:02.459+0000 7f5cd8922700 1 -- [v2:172.17.25.245:6800/1528042508,v1:172.17.25.245:6801/1528042508] <== mon.1 v2:172.21.72.189:3300/0 11 ==== mdsmap(e 47391) v2 ==== 790+0+0 (secure 0 0 0) 0x561a9effda00 con 0x561a9e299000 >debug
2023-02-14T06:26:02.459+0000 7f5cd8922700 1 mds.ocs-storagecluster-cephfilesystem-b Updating MDS map to version 47391 from mon.1 >debug
2023-02-14T06:26:02.459+0000 7f5cd8922700 1 mds.0.47390 handle_mds_map i am now mds.0.47390 >debug
2023-02-14T06:26:02.459+0000 7f5cd8922700 1 mds.0.47390 handle_mds_map state change up:replay --> up:reconnect >debug
2023-02-14T06:26:02.459+0000 7f5cd8922700 1 mds.0.47390 reconnect_start >debug
2023-02-14T06:26:02.459+0000 7f5cd8922700 1 mds.0.47390 reopen_log >debug
2023-02-14T06:26:02.459+0000 7f5cd8922700 1 mds.0.server reconnect_clients -- 187 sessions >debug
2023-02-14T06:26:02.459+0000 7f5cd8922700 1 -- [v2:172.17.25.245:6800/1528042508,v1:172.17.25.245:6801/1528042508] send_to--> mds [v2:172.17.25.245:6800/1528042508,v1:172.17.25.245:6801/1528042508] -- mds_table_request(snaptable server_ready) v1 -- ?+0 0x561a9efd4900 >debug
2023-02-14T06:26:02.459+0000 7f5cd8922700 1 -- [v2:172.17.25.245:6800/1528042508,v1:172.17.25.245:6801/1528042508] --> [v2:172.17.25.245:6800/1528042508,v1:172.17.25.245:6801/1528042508] -- mds_table_request(snaptable server_ready) v1 -- 0x561a9efd4900 con 0x561a9e299800 >debug
2023-02-14T06:26:02.459+0000 7f5cd8922700 1 -- [v2:172.17.25.245:6800/1528042508,v1:172.17.25.245:6801/1528042508] <== mds.0 v2:172.17.25.245:6800/1528042508 0 ==== mds_table_request(snaptable server_ready) v1 ==== 0+0+0 (unknown 0 0 0) 0x561a9efd4900 con 0x561a9e299800 >debug
2023-02-14T06:26:02.459+0000 7f5cd8922700 1 -- [v2:172.17.25.245:6800/1528042508,v1:172.17.25.245:6801/1528042508] send_to--> mds [v2:172.17.25.245:6800/1528042508,v1:172.17.25.245:6801/1528042508] -- mds_table_request(snaptable query 1 9 bytes) v1 -- ?+0 0x561a9efd4a80 >debug
2023-02-14T06:26:02.459+0000 7f5cd8922700 1 -- [v2:172.17.25.245:6800/1528042508,v1:172.17.25.245:6801/1528042508] --> [v2:172.17.25.245:6800/1528042508,v1:172.17.25.245:6801/1528042508] -- mds_table_request(snaptable query 1 9 bytes) v1 -- 0x561a9efd4a80 con 0x561a9e299800 >debug
2023-02-14T06:26:02.459+0000 7f5cd8922700 1 -- [v2:172.17.25.245:6800/1528042508,v1:172.17.25.245:6801/1528042508] <== mds.0 v2:172.17.25.245:6800/1528042508 0 ==== mds_table_request(snaptable query 1 9 bytes) v1 ==== 0+0+0 (unknown 0 0 0) 0x561a9efd4a80 con 0x561a9e299800 >debug
2023-02-14T06:26:02.459+0000 7f5cd8922700 1 -- [v2:172.17.25.245:6800/1528042508,v1:172.17.25.245:6801/1528042508] --> [v2:172.17.25.245:6800/1528042508,v1:172.17.25.245:6801/1528042508] -- mds_table_request(snaptable query_reply 1 tid 1 29 bytes) v1 -- 0x561a9efd4900 con 0x561a9e299800 >debug
2023-02-14T06:26:02.459+0000 7f5cd8922700 1 -- [v2:172.17.25.245:6800/1528042508,v1:172.17.25.245:6801/1528042508] <== mds.0 v2:172.17.25.245:6800/1528042508 0 ==== mds_table_request(snaptable query_reply 1 tid 1 29 bytes) v1 ==== 0+0+0 (unknown 0 0 0) 0x561a9efd4900 con 0x561a9e299800 >debug
2023-02-14T06:26:02.460+0000 7f5cdb127700 1 --1- [v2:172.17.25.245:6800/1528042508,v1:172.17.25.245:6801/1528042508] >> conn(0x561a9f1e4400 0x561a9e381800 :6801 s=ACCEPTING pgs=0 cs=0 l=0).send_server_banner sd=36 legacy v1:172.17.25.245:6801/1528042508 socket_addr v1:172.17.25.245:6801/1528042508 target_addr v1:10.240.0.10:29287/0 >debug
2023-02-14T06:26:02.460+0000 7f5cdc129700 1 --1- [v2:172.17.25.245:6800/1528042508,v1:172.17.25.245:6801/1528042508] >> conn(0x561a9fc97000 0x561a9e382000 :6801 s=ACCEPTING pgs=0 cs=0 l=0).send_server_banner sd=37 legacy v1:172.17.25.245:6801/1528042508 socket_addr v1:172.17.25.245:6801/1528042508 target_addr v1:10.240.0.10:29273/0 >debug
2023-02-14T06:26:02.460+0000 7f5cdb928700 1 --1- [v2:172.17.25.245:6800/1528042508,v1:172.17.25.245:6801/1528042508] >> conn(0x561a9efcf400 0x561a9e382800 :6801 s=ACCEPTING pgs=0 cs=0 l=0).send_server_banner sd=38 legacy v1:172.17.25.245:6801/1528042508 socket_addr v1:172.17.25.245:6801/1528042508 target_addr v1:10.240.0.10:29297/0 >debug
2023-02-14T06:26:02.460+0000 7f5cdb127700 1 --1- [v2:172.17.25.245:6800/1528042508,v1:172.17.25.245:6801/1528042508] >> conn(0x561a9efce400 0x561a9e383000 :6801 s=ACCEPTING pgs=0 cs=0 l=0).send_server_banner sd=39 legacy v1:172.17.25.245:6801/1528042508 socket_addr v1:172.17.25.245:6801/1528042508 target_addr v1:10.240.0.10:29285/0 >debug
2023-02-14T06:26:02.460+0000 7f5cdc129700 1 --1- [v2:172.17.25.245:6800/1528042508,v1:172.17.25.245:6801/1528042508] >> conn(0x561a9f08d800 0x561a9e383800 :6801 s=ACCEPTING pgs=0 cs=0 l=0).send_server_banner sd=40 legacy v1:172.17.25.245:6801/1528042508 socket_addr v1:172.17.25.245:6801/1528042508 target_addr v1:10.240.0.10:29311/0 >debug
2023-02-14T06:26:02.460+0000 7f5cdb928700 1 --1- [v2:172.17.25.245:6800/1528042508,v1:172.17.25.245:6801/1528042508] >> conn(0x561a9f08cc00 0x561a9f002000 :6801 s=ACCEPTING pgs=0 cs=0 l=0).send_server_banner sd=41 legacy v1:172.17.25.245:6801/1528042508 socket_addr v1:172.17.25.245:6801/1528042508 target_addr v1:10.240.0.10:29323/0 >debug
2023-02-14T06:26:02.460+0000 7f5cdb127700 1 -- [v2:172.17.25.245:6800/1528042508,v1:172.17.25.245:6801/1528042508] <== mon.1 v2:172.21.72.189:3300/0 12 ==== mdsbeacon(218417551/ocs-storagecluster-cephfilesystem-b up:reconnect seq=2 v47391) v8 ==== 164+0+0 (secure 0 0 0) 0x561a9e364b00 con 0x561a9e299000 >debug
2023-02-14T06:26:02.461+0000 7f5cdb127700 1 --1- [v2:172.17.25.245:6800/1528042508,v1:172.17.25.245:6801/1528042508] >> conn(0x561a9f08c800 0x561a9f002800 :6801 s=ACCEPTING pgs=0 cs=0 l=0).send_server_banner sd=42 legacy v1:172.17.25.245:6801/1528042508 socket_addr v1:172.17.25.245:6801/1528042508 target_addr v1:10.240.0.10:29321/0 >debug
2023-02-14T06:26:02.461+0000 7f5cdc129700 1 --1- [v2:172.17.25.245:6800/1528042508,v1:172.17.25.245:6801/1528042508] >> conn(0x561a9f08c400 0x561a9f003000 :6801 s=ACCEPTING pgs=0 cs=0 l=0).send_server_banner sd=43 legacy v1:172.17.25.245:6801/1528042508 socket_addr v1:172.17.25.245:6801/1528042508 target_addr v1:10.240.0.10:29331/0 >debug
2023-02-14T06:26:02.461+0000 7f5cdb928700 1 --1- [v2:172.17.25.245:6800/1528042508,v1:172.17.25.245:6801/1528042508] >> conn(0x561a9f08d400 0x561a9f003800 :6801 s=ACCEPTING pgs=0 cs=0 l=0).send_server_banner sd=44 legacy v1:172.17.25.245:6801/1528042508 socket_addr v1:172.17.25.245:6801/1528042508 target_addr v1:10.240.0.10:29345/0 >debug
2023-02-14T06:26:02.461+0000 7f5cdb127700 1 --1- [v2:172.17.25.245:6800/1528042508,v1:172.17.25.245:6801/1528042508] >> conn(0x561a9fc96800 0x561a9f004000 :6801 s=ACCEPTING pgs=0 cs=0 l=0).send_server_banner sd=45 legacy v1:172.17.25.245:6801/1528042508 socket_addr v1:172.17.25.245:6801/1528042508 target_addr v1:10.240.0.10:29359/0 >debug
2023-02-14T06:26:02.461+0000 7f5cdc129700 1 --1- [v2:172.17.25.245:6800/1528042508,v1:172.17.25.245:6801/1528042508] >> conn(0x561a9fc96400 0x561a9f004800 :6801 s=ACCEPTING pgs=0 cs=0 l=0).send_server_banner sd=46 legacy v1:172.17.25.245:6801/1528042508 socket_addr v1:172.17.25.245:6801/1528042508 target_addr v1:10.240.0.10:29361/0 >debug
2023-02-14T06:26:02.461+0000 7f5cd8922700 1 -- [v2:172.17.25.245:6800/1528042508,v1:172.17.25.245:6801/1528042508] <== client.146248975 v1:10.240.0.10:0/4247824084 1 ==== client_reconnect(2 caps 3 realms ) v3 ==== 0+0+223 (unknown 0 0 654931573) 0x561a9f000b60 con 0x561a9f1e4400 >debug
2023-02-14T06:26:02.461+0000 7f5cd8922700 1 -- [v2:172.17.25.245:6800/1528042508,v1:172.17.25.245:6801/1528042508] --> v1:10.240.0.10:0/4247824084 -- client_session(open) v4 -- 0x561a9e2d0540 con 0x561a9f1e4400 >debug
2023-02-14T06:26:02.461+0000 7f5cd8922700 0 log_channel(cluster) log [DBG] : reconnect by client.146248975 v1:10.240.0.10:0/4247824084 after 0.00200008 >debug
2023-02-14T06:26:02.461+0000 7f5cd8922700 1 -- [v2:172.17.25.245:6800/1528042508,v1:172.17.25.245:6801/1528042508] <== client.146248921 v1:10.240.0.10:0/2983032091 1 ==== client_reconnect(1 caps 3 realms ) v3 ==== 0+0+146 (unknown 0 0 2361384468) 0x561a9effda00 con 0x561a9efcf400 >debug
2023-02-14T06:26:02.461+0000 7f5cd8922700 1 -- [v2:172.17.25.245:6800/1528042508,v1:172.17.25.245:6801/1528042508] --> v1:10.240.0.10:0/2983032091 -- client_session(open) v4 -- 0x561a9e2d01c0 con 0x561a9efcf400 >debug
2023-02-14T06:26:02.461+0000 7f5cd8922700 0 log_channel(cluster) log [DBG] : reconnect by client.146248921 v1:10.240.0.10:0/2983032091 after 0.00200008 >debug
2023-02-14T06:26:02.461+0000 7f5cd8922700 1 -- [v2:172.17.25.245:6800/1528042508,v1:172.17.25.245:6801/1528042508] <== client.146354622 v1:10.240.0.10:0/1184531568 1 ==== client_reconnect(2 caps 3 realms ) v3 ==== 0+0+234 (unknown 0 0 3993090859) 0x561a9effdd40 con 0x561a9f08cc00 >debug
2023-02-14T06:26:02.461+0000 7f5cd8922700 1 -- [v2:172.17.25.245:6800/1528042508,v1:172.17.25.245:6801/1528042508] --> v1:10.240.0.10:0/1184531568 -- client_session(open) v4 -- 0x561a9e2d0700 con 0x561a9f08cc00 >debug
2023-02-14T06:26:02.461+0000 7f5cd8922700 0 log_channel(cluster) log [DBG] : reconnect by client.146354622 v1:10.240.0.10:0/1184531568 after 0.00200008 >debug
2023-02-14T06:26:02.461+0000 7f5cd8922700 1 -- [v2:172.17.25.245:6800/1528042508,v1:172.17.25.245:6801/1528042508] <== client.146354589 v1:10.240.0.10:0/4201328770 1 ==== client_reconnect(1 caps 3 realms ) v3 ==== 0+0+146 (unknown 0 0 48508710) 0x561a9f03bd40 con 0x561a9fc97000 >debug
2023-02-14T06:26:02.461+0000 7f5cd8922700 1 -- [v2:172.17.25.245:6800/1528042508,v1:172.17.25.245:6801/1528042508] --> v1:10.240.0.10:0/4201328770 -- client_session(open) v4 -- 0x561a9e2d0e00 con 0x561a9fc97000 >debug
2023-02-14T06:26:02.461+0000 7f5cd8922700 0 log_channel(cluster) log [DBG] : reconnect by client.146354589 v1:10.240.0.10:0/4201328770 after 0.00200008 >debug
2023-02-14T06:26:02.461+0000 7f5cd8922700 1 -- [v2:172.17.25.245:6800/1528042508,v1:172.17.25.245:6801/1528042508] <== client.146353473 v1:10.240.0.10:0/489055327 1 ==== client_reconnect(2 caps 3 realms ) v3 ==== 0+0+224 (unknown 0 0 466114666) 0x561a9f000d00 con 0x561a9efce400 >debug
2023-02-14T06:26:02.461+0000 7f5cd8922700 1 -- [v2:172.17.25.245:6800/1528042508,v1:172.17.25.245:6801/1528042508] --> v1:10.240.0.10:0/489055327 -- client_session(open) v4 -- 0x561a9e2d0fc0 con 0x561a9efce400 >debug
2023-02-14T06:26:02.461+0000 7f5cd8922700 0 log_channel(cluster) log [DBG] : reconnect by client.146353473 v1:10.240.0.10:0/489055327 after 0.00200008 >debug
2023-02-14T06:26:02.461+0000 7f5cd8922700 1 -- [v2:172.17.25.245:6800/1528042508,v1:172.17.25.245:6801/1528042508] <== client.145591688 v1:10.240.0.10:0/4105040868 1 ==== client_reconnect(1 caps 3 realms ) v3 ==== 0+0+146 (unknown 0 0 993757516) 0x561a9effdba0 con 0x561a9f08d400 >debug
2023-02-14T06:26:02.461+0000 7f5cd8922700 1 -- [v2:172.17.25.245:6800/1528042508,v1:172.17.25.245:6801/1528042508] --> v1:10.240.0.10:0/4105040868 -- client_session(open) v4 -- 0x561a9e2d1180 con 0x561a9f08d400 >debug
2023-02-14T06:26:02.461+0000 7f5cd8922700 0 log_channel(cluster) log [DBG] : reconnect by client.145591688 v1:10.240.0.10:0/4105040868 after 0.00200008 >debug
2023-02-14T06:26:02.461+0000 7f5cd8922700 1 -- [v2:172.17.25.245:6800/1528042508,v1:172.17.25.245:6801/1528042508] <== client.145591691 v1:10.240.0.10:0/3946078112 1 ==== client_reconnect(2 caps 3 realms ) v3 ==== 0+0+231 (unknown 0 0 2175060805) 0x561a9f000ea0 con 0x561a9f08c800 >debug
2023-02-14T06:26:02.461+0000 7f5cd8922700 1 -- [v2:172.17.25.245:6800/1528042508,v1:172.17.25.245:6801/1528042508] --> v1:10.240.0.10:0/3946078112 -- client_session(open) v4 -- 0x561a9e2d1340 con 0x561a9f08c800 >debug
2023-02-14T06:26:02.461+0000 7f5cd8922700 0 log_channel(cluster) log [DBG] : reconnect by client.145591691 v1:10.240.0.10:0/3946078112 after 0.00200008 >debug
2023-02-14T06:26:02.461+0000 7f5cd8922700 1 -- [v2:172.17.25.245:6800/1528042508,v1:172.17.25.245:6801/1528042508] <== client.146354586 v1:10.240.0.10:0/778842346 1 ==== client_reconnect(3 caps 3 realms ) v3 ==== 0+0+314 (unknown 0 0 1549434076) 0x561a9e2c1d40 con 0x561a9f08d800 >debug
2023-02-14T06:26:02.461+0000 7f5cd8922700 1 -- [v2:172.17.25.245:6800/1528042508,v1:172.17.25.245:6801/1528042508] --> v1:10.240.0.10:0/778842346 -- client_session(open) v4 -- 0x561a9e2d1500 con 0x561a9f08d800 >debug
2023-02-14T06:26:02.461+0000 7f5cd8922700 0 log_channel(cluster) log [DBG] : reconnect by client.146354586 v1:10.240.0.10:0/778842346 after 0.00200008 >debug
2023-02-14T06:26:02.462+0000 7f5cd8922700 1 -- [v2:172.17.25.245:6800/1528042508,v1:172.17.25.245:6801/1528042508] <== client.146247697 v1:10.240.0.10:0/443137692 1 ==== client_reconnect(1 caps 3 realms ) v3 ==== 0+0+146 (unknown 0 0 1053715973) 0x561a9f03bba0 con 0x561a9fc96400 >debug
2023-02-14T06:26:02.462+0000 7f5cd8922700 1 -- [v2:172.17.25.245:6800/1528042508,v1:172.17.25.245:6801/1528042508] --> v1:10.240.0.10:0/443137692 -- client_session(open) v4 -- 0x561a9e2d16c0 con 0x561a9fc96400 >debug
2023-02-14T06:26:02.462+0000 7f5cd8922700 0 log_channel(cluster) log [DBG] : reconnect by client.146247697 v1:10.240.0.10:0/443137692 after 0.00300011 >debug
2023-02-14T06:26:02.462+0000 7f5cd8922700 1 -- [v2:172.17.25.245:6800/1528042508,v1:172.17.25.245:6801/1528042508] <== client.146248978 v1:10.240.0.10:0/2893424990 1 ==== client_reconnect(1 caps 3 realms ) v3 ==== 0+0+146 (unknown 0 0 3194942638) 0x561a9e2c1ba0 con 0x561a9f08c400 >debug
2023-02-14T06:26:02.462+0000 7f5cd8922700 1 -- [v2:172.17.25.245:6800/1528042508,v1:172.17.25.245:6801/1528042508] --> v1:10.240.0.10:0/2893424990 -- client_session(open) v4 -- 0x561a9e2d1880 con 0x561a9f08c400 >debug
2023-02-14T06:26:02.462+0000 7f5cd8922700 0 log_channel(cluster) log [DBG] : reconnect by client.146248978 v1:10.240.0.10:0/2893424990 after 0.00300011 >debug
2023-02-14T06:26:02.462+0000 7f5cd8922700 1 -- [v2:172.17.25.245:6800/1528042508,v1:172.17.25.245:6801/1528042508] <== client.146248879 v1:10.240.0.10:0/20073442 1 ==== client_request(client.146248879:110 getattr AsXsFs #0x1000000db94
2023-01-23T09:08:16.449718+0000 RETRY=248 caller_uid=0, caller_gid=0{}) v4 ==== 136+0+0 (unknown 459718324 0 0) 0x561a9e364b00 con 0x561a9fc96800 >debug
2023-02-14T06:26:02.462+0000 7f5cd8922700 1 -- [v2:172.17.25.245:6800/1528042508,v1:172.17.25.245:6801/1528042508] <== client.146248879 v1:10.240.0.10:0/20073442 2 ==== client_reconnect(1 caps 3 realms ) v3 ==== 0+0+146 (unknown 0 0 421340244) 0x561a9f001040 con 0x561a9fc96800 >debug
2023-02-14T06:26:02.462+0000 7f5cd8922700 1 -- [v2:172.17.25.245:6800/1528042508,v1:172.17.25.245:6801/1528042508] --> v1:10.240.0.10:0/20073442 -- client_session(open) v4 -- 0x561a9e2d1a40 con 0x561a9fc96800 >debug
2023-02-14T06:26:02.462+0000 7f5cd8922700 0 log_channel(cluster) log [DBG] : reconnect by client.146248879 v1:10.240.0.10:0/20073442 after 0.00300011 >debug
2023-02-14T06:26:02.756+0000 7f5cd8922700 1 -- [v2:172.17.25.245:6800/1528042508,v1:172.17.25.245:6801/1528042508] <== client.146354589 v1:10.240.0.10:0/4201328770 2 ==== client_session(request_renewcaps seq 112212) ==== 28+0+0 (unknown 1478546777 0 0) 0x561a9e2d1500 con 0x561a9fc97000 >debug
2023-02-14T06:26:02.756+0000 7f5cd8922700 1 -- [v2:172.17.25.245:6800/1528042508,v1:172.17.25.245:6801/1528042508] --> v1:10.240.0.10:0/4201328770 -- client_session(renewcaps seq 112212) v4 -- 0x561a9e2d0540 con 0x561a9fc97000 >debug
2023-02-14T06:26:02.756+0000 7f5cd8922700 1 -- [v2:172.17.25.245:6800/1528042508,v1:172.17.25.245:6801/1528042508] <== client.146354586 v1:10.240.0.10:0/778842346 2 ==== client_session(request_renewcaps seq 112208) ==== 28+0+0 (unknown 2218063933 0 0) 0x561a9e2d1880 con 0x561a9f08d800 >debug
2023-02-14T06:26:02.756+0000 7f5cd8922700 1 -- [v2:172.17.25.245:6800/1528042508,v1:172.17.25.245:6801/1528042508] --> v1:10.240.0.10:0/778842346 -- client_session(renewcaps seq 112208) v4 -- 0x561a9e2d1500 con 0x561a9f08d800 >debug
2023-02-14T06:26:02.756+0000 7f5cd8922700 1 -- [v2:172.17.25.245:6800/1528042508,v1:172.17.25.245:6801/1528042508] <== client.146354622 v1:10.240.0.10:0/1184531568 2 ==== client_session(request_renewcaps seq 112330) ==== 28+0+0 (unknown 2610563460 0 0) 0x561a9e2d0700 con 0x561a9f08cc00 >debug
2023-02-14T06:26:02.756+0000 7f5cd8922700 1 -- [v2:172.17.25.245:6800/1528042508,v1:172.17.25.245:6801/1528042508] --> v1:10.240.0.10:0/1184531568 -- client_session(renewcaps seq 112330) v4 -- 0x561a9e2d1880 con 0x561a9f08cc00 >debug
2023-02-14T06:26:02.756+0000 7f5cd8922700 1 -- [v2:172.17.25.245:6800/1528042508,v1:172.17.25.245:6801/1528042508] <== client.146248879 v1:10.240.0.10:0/20073442 3 ==== client_session(request_renewcaps seq 112209) ==== 28+0+0 (unknown 3770508392 0 0) 0x561a9e2d0fc0 con 0x561a9fc96800 >debug
2023-02-14T06:26:02.756+0000 7f5cd8922700 1 -- [v2:172.17.25.245:6800/1528042508,v1:172.17.25.245:6801/1528042508] --> v1:10.240.0.10:0/20073442 -- client_session(renewcaps seq 112209) v4 -- 0x561a9e2d0700 con 0x561a9fc96800 >debug
2023-02-14T06:26:02.947+0000 7f5cdb928700 1 --2- [v2:172.17.25.245:6800/1528042508,v1:172.17.25.245:6801/1528042508] >> [v2:172.17.25.215:6800/43191,v1:172.17.25.215:6801/43191] conn(0x561a9e299c00 0x561a9efa4f00 secure :-1 s=READY pgs=221153 cs=0 l=1 rev1=1 rx=0x561aa043bce0 tx=0x561a9f1702a0).ready entity=mgr.211184347 client_cookie=0 server_cookie=0 in_seq=0 out_seq=0
You cannot view the attachment while viewing its details because your browser does not support IFRAMEs.
View the attachment on a separate page
.
View Attachment As Raw
Actions:
View
Attachments on
bug 2169631
:
1943997
|
1943998
| 1943999 |
1944000
|
1944008
|
1944009
|
1944010
|
1944011
|
1944013
|
1944015