Login
Log in using an SSO provider:
Fedora Account System
Red Hat Associate
Red Hat Customer
Login using a Red Hat Bugzilla account
Forgot Password
Create an Account
Red Hat Bugzilla – Attachment 1943999 Details for
Bug 2169631
cephFS MDS crashed and cephFS volumes fail to attach
Home
New
Search
Simple Search
Advanced Search
My Links
Browse
Requests
Reports
Current State
Search
Tabular reports
Graphical reports
Duplicates
Other Reports
User Changes
Plotly Reports
Bug Status
Bug Severity
Non-Defaults
Product Dashboard
Help
Page Help!
Bug Writing Guidelines
What's new
Browser Support Policy
5.0.4.rh92 Release notes
FAQ
Guides index
User guide
Web Services
Contact
Legal
[?]
This site requires JavaScript to be enabled to function correctly, please enable it.
rook-ceph-mds-ocs-storagecluster-cephfilesystem-b-7bddf54cxpmn7
rook-ceph-mds-ocs-storagecluster-cephfilesystem-b-7bddf54cxpmn7.log (text/plain), 91.82 KB, created by
akgunjal@in.ibm.com
on
2023-02-14 06:50:07 UTC
(
hide
)
Description:
rook-ceph-mds-ocs-storagecluster-cephfilesystem-b-7bddf54cxpmn7
Filename:
MIME Type:
Creator:
akgunjal@in.ibm.com
Created:
2023-02-14 06:50:07 UTC
Size:
91.82 KB
patch
obsolete
>debug
2023-02-14T06:26:01.038+0000 7f5cda926700 1 -- 172.17.25.245:0/1824199029 <== mon.1 v2:172.21.72.189:3300/0 4 ==== auth_reply(proto 2 0 (0) Success) v1 ==== 194+0+0 (secure 0 0 0) 0x561a9e2c0820 con 0x561a9e299400 >debug
2023-02-14T06:26:01.038+0000 7f5cea9ff780 1 -- 172.17.25.245:0/1824199029 >> [v2:172.21.72.189:3300/0,v1:172.21.72.189:6789/0] conn(0x561a9e299400 msgr2=0x561a9e2ded00 secure :-1 s=STATE_CONNECTION_ESTABLISHED l=1).mark_down >debug
2023-02-14T06:26:01.038+0000 7f5cea9ff780 1 --2- 172.17.25.245:0/1824199029 >> [v2:172.21.72.189:3300/0,v1:172.21.72.189:6789/0] conn(0x561a9e299400 0x561a9e2ded00 secure :-1 s=READY pgs=1379 cs=0 l=1 rev1=1 rx=0x561a9ef727e0 tx=0x561a9e366ea0).stop >debug
2023-02-14T06:26:01.038+0000 7f5cea9ff780 1 -- 172.17.25.245:0/1824199029 shutdown_connections >debug
2023-02-14T06:26:01.038+0000 7f5cea9ff780 1 --2- 172.17.25.245:0/1824199029 >> [v2:172.21.72.189:3300/0,v1:172.21.72.189:6789/0] conn(0x561a9e299400 0x561a9e2ded00 unknown :-1 s=CLOSED pgs=1379 cs=0 l=1 rev1=1 rx=0 tx=0).stop >debug
2023-02-14T06:26:01.038+0000 7f5cea9ff780 1 --2- 172.17.25.245:0/1824199029 >> [v2:172.21.25.237:3300/0,v1:172.21.25.237:6789/0] conn(0x561a9e298c00 0x561a9e2de300 unknown :-1 s=CLOSED pgs=0 cs=0 l=0 rev1=0 rx=0 tx=0).stop >debug
2023-02-14T06:26:01.038+0000 7f5cea9ff780 1 --2- 172.17.25.245:0/1824199029 >> [v2:172.21.176.106:3300/0,v1:172.21.176.106:6789/0] conn(0x561a9e299000 0x561a9e2de800 unknown :-1 s=CLOSED pgs=0 cs=0 l=0 rev1=0 rx=0 tx=0).stop >debug
2023-02-14T06:26:01.038+0000 7f5cea9ff780 1 -- 172.17.25.245:0/1824199029 >> 172.17.25.245:0/1824199029 conn(0x561a9e298800 msgr2=0x561a9e380000 unknown :-1 s=STATE_NONE l=0).mark_down >debug
2023-02-14T06:26:01.038+0000 7f5cea9ff780 1 -- 172.17.25.245:0/1824199029 shutdown_connections >debug
2023-02-14T06:26:01.038+0000 7f5cea9ff780 1 -- 172.17.25.245:0/1824199029 wait complete. >debug
2023-02-14T06:26:01.038+0000 7f5cea9ff780 0 set uid:gid to 167:167 (ceph:ceph) >debug
2023-02-14T06:26:01.038+0000 7f5cea9ff780 0 ceph version 16.2.0-152.el8cp (e456e8b705cb2f4a779689a0d80b122bcb0d67c9) pacific (stable), process ceph-mds, pid 118896 >debug
2023-02-14T06:26:01.038+0000 7f5cea9ff780 1 main not setting numa affinity >debug
2023-02-14T06:26:01.039+0000 7f5cea9ff780 0 pidfile_write: ignore empty --pid-file >starting mds.ocs-storagecluster-cephfilesystem-b at >debug
2023-02-14T06:26:01.039+0000 7f5cea9ff780 1 -- [v2:172.17.25.245:0/0,v1:172.17.25.245:0/0] learned_addr learned my addr [v2:172.17.25.245:0/0,v1:172.17.25.245:0/0] (peer_addr_for_me v2:172.17.25.245:0/0) >debug
2023-02-14T06:26:01.039+0000 7f5cea9ff780 1 -- [v2:172.17.25.245:6800/1528042508,v1:172.17.25.245:6801/1528042508] _finish_bind bind my_addrs is [v2:172.17.25.245:6800/1528042508,v1:172.17.25.245:6801/1528042508] >debug
2023-02-14T06:26:01.039+0000 7f5cea9ff780 1 -- [v2:172.17.25.245:6800/1528042508,v1:172.17.25.245:6801/1528042508] start start >debug
2023-02-14T06:26:01.039+0000 7f5cea9ff780 1 Processor -- start >debug
2023-02-14T06:26:01.040+0000 7f5cea9ff780 1 --2- [v2:172.17.25.245:6800/1528042508,v1:172.17.25.245:6801/1528042508] >> [v2:172.21.176.106:3300/0,v1:172.21.176.106:6789/0] conn(0x561a9e299400 0x561a9e2df700 unknown :-1 s=NONE pgs=0 cs=0 l=1 rev1=0 rx=0 tx=0).connect >debug
2023-02-14T06:26:01.040+0000 7f5cea9ff780 1 --2- [v2:172.17.25.245:6800/1528042508,v1:172.17.25.245:6801/1528042508] >> [v2:172.21.72.189:3300/0,v1:172.21.72.189:6789/0] conn(0x561a9e299000 0x561a9e2df200 unknown :-1 s=NONE pgs=0 cs=0 l=1 rev1=0 rx=0 tx=0).connect >debug
2023-02-14T06:26:01.040+0000 7f5cea9ff780 1 --2- [v2:172.17.25.245:6800/1528042508,v1:172.17.25.245:6801/1528042508] >> [v2:172.21.25.237:3300/0,v1:172.21.25.237:6789/0] conn(0x561a9e298c00 0x561a9e2ded00 unknown :-1 s=NONE pgs=0 cs=0 l=1 rev1=0 rx=0 tx=0).connect >debug
2023-02-14T06:26:01.040+0000 7f5cea9ff780 1 -- [v2:172.17.25.245:6800/1528042508,v1:172.17.25.245:6801/1528042508] --> [v2:172.21.25.237:3300/0,v1:172.21.25.237:6789/0] -- mon_getmap magic: 0 v1 -- 0x561a9e2e3b80 con 0x561a9e298c00 >debug
2023-02-14T06:26:01.040+0000 7f5cea9ff780 1 -- [v2:172.17.25.245:6800/1528042508,v1:172.17.25.245:6801/1528042508] --> [v2:172.21.72.189:3300/0,v1:172.21.72.189:6789/0] -- mon_getmap magic: 0 v1 -- 0x561a9e2e3cc0 con 0x561a9e299000 >debug
2023-02-14T06:26:01.040+0000 7f5cea9ff780 1 -- [v2:172.17.25.245:6800/1528042508,v1:172.17.25.245:6801/1528042508] --> [v2:172.21.176.106:3300/0,v1:172.21.176.106:6789/0] -- mon_getmap magic: 0 v1 -- 0x561a9e2e2f00 con 0x561a9e299400 >debug
2023-02-14T06:26:01.040+0000 7f5cdb127700 1 --2- [v2:172.17.25.245:6800/1528042508,v1:172.17.25.245:6801/1528042508] >> [v2:172.21.72.189:3300/0,v1:172.21.72.189:6789/0] conn(0x561a9e299000 0x561a9e2df200 unknown :-1 s=BANNER_CONNECTING pgs=0 cs=0 l=1 rev1=0 rx=0 tx=0)._handle_peer_banner_payload supported=1 required=0 >debug
2023-02-14T06:26:01.040+0000 7f5cdb127700 1 -- [v2:172.17.25.245:6800/1528042508,v1:172.17.25.245:6801/1528042508] >> [v2:172.21.176.106:3300/0,v1:172.21.176.106:6789/0] conn(0x561a9e299400 msgr2=0x561a9e2df700 unknown :-1 s=STATE_CONNECTION_ESTABLISHED l=1).mark_down >debug
2023-02-14T06:26:01.040+0000 7f5cdb928700 1 --2- [v2:172.17.25.245:6800/1528042508,v1:172.17.25.245:6801/1528042508] >> [v2:172.21.176.106:3300/0,v1:172.21.176.106:6789/0] conn(0x561a9e299400 0x561a9e2df700 unknown :-1 s=BANNER_CONNECTING pgs=0 cs=0 l=1 rev1=0 rx=0 tx=0)._handle_peer_banner_payload supported=1 required=0 >debug
2023-02-14T06:26:01.040+0000 7f5cdc129700 1 --2- [v2:172.17.25.245:6800/1528042508,v1:172.17.25.245:6801/1528042508] >> [v2:172.21.25.237:3300/0,v1:172.21.25.237:6789/0] conn(0x561a9e298c00 0x561a9e2ded00 unknown :-1 s=BANNER_CONNECTING pgs=0 cs=0 l=1 rev1=0 rx=0 tx=0)._handle_peer_banner_payload supported=1 required=0 >debug
2023-02-14T06:26:01.041+0000 7f5cdb127700 1 --2- [v2:172.17.25.245:6800/1528042508,v1:172.17.25.245:6801/1528042508] >> [v2:172.21.176.106:3300/0,v1:172.21.176.106:6789/0] conn(0x561a9e299400 0x561a9e2df700 unknown :-1 s=AUTH_CONNECTING pgs=0 cs=0 l=1 rev1=1 rx=0 tx=0).stop >debug
2023-02-14T06:26:01.041+0000 7f5cdb127700 1 -- [v2:172.17.25.245:6800/1528042508,v1:172.17.25.245:6801/1528042508] >> [v2:172.21.25.237:3300/0,v1:172.21.25.237:6789/0] conn(0x561a9e298c00 msgr2=0x561a9e2ded00 unknown :-1 s=STATE_CONNECTION_ESTABLISHED l=1).mark_down >debug
2023-02-14T06:26:01.041+0000 7f5cdb127700 1 --2- [v2:172.17.25.245:6800/1528042508,v1:172.17.25.245:6801/1528042508] >> [v2:172.21.25.237:3300/0,v1:172.21.25.237:6789/0] conn(0x561a9e298c00 0x561a9e2ded00 unknown :-1 s=AUTH_CONNECTING pgs=0 cs=0 l=1 rev1=1 rx=0 tx=0).stop >debug
2023-02-14T06:26:01.041+0000 7f5cdb127700 1 -- [v2:172.17.25.245:6800/1528042508,v1:172.17.25.245:6801/1528042508] --> [v2:172.21.72.189:3300/0,v1:172.21.72.189:6789/0] -- mon_subscribe({config=0+,monmap=0+}) v3 -- 0x561a9e2c0680 con 0x561a9e299000 >debug
2023-02-14T06:26:01.041+0000 7f5cdc129700 1 --2- [v2:172.17.25.245:6800/1528042508,v1:172.17.25.245:6801/1528042508] >> [v2:172.21.25.237:3300/0,v1:172.21.25.237:6789/0] conn(0x561a9e298c00 0x561a9e2ded00 unknown :-1 s=CLOSED pgs=0 cs=0 l=1 rev1=1 rx=0 tx=0).send_auth_request state changed! >debug
2023-02-14T06:26:01.041+0000 7f5cdb928700 1 --2- [v2:172.17.25.245:6800/1528042508,v1:172.17.25.245:6801/1528042508] >> [v2:172.21.176.106:3300/0,v1:172.21.176.106:6789/0] conn(0x561a9e299400 0x561a9e2df700 unknown :-1 s=CLOSED pgs=0 cs=0 l=1 rev1=1 rx=0 tx=0).send_auth_request state changed! >debug
2023-02-14T06:26:01.041+0000 7f5cdb127700 1 --2- [v2:172.17.25.245:6800/1528042508,v1:172.17.25.245:6801/1528042508] >> [v2:172.21.72.189:3300/0,v1:172.21.72.189:6789/0] conn(0x561a9e299000 0x561a9e2df200 secure :-1 s=READY pgs=1380 cs=0 l=1 rev1=1 rx=0x561a9ef73020 tx=0x561a9e367d40).ready entity=mon.1 client_cookie=0 server_cookie=0 in_seq=0 out_seq=0 >debug
2023-02-14T06:26:01.041+0000 7f5cd8922700 1 -- [v2:172.17.25.245:6800/1528042508,v1:172.17.25.245:6801/1528042508] <== mon.1 v2:172.21.72.189:3300/0 1 ==== mon_map magic: 0 v1 ==== 425+0+0 (secure 0 0 0) 0x561a9e2ea580 con 0x561a9e299000 >debug
2023-02-14T06:26:01.041+0000 7f5cd8922700 1 -- [v2:172.17.25.245:6800/1528042508,v1:172.17.25.245:6801/1528042508] --> [v2:172.21.72.189:3300/0,v1:172.21.72.189:6789/0] -- auth(proto 2 2 bytes epoch 0) v1 -- 0x561a9e2e6600 con 0x561a9e299000 >debug
2023-02-14T06:26:01.041+0000 7f5cd8922700 1 -- [v2:172.17.25.245:6800/1528042508,v1:172.17.25.245:6801/1528042508] <== mon.1 v2:172.21.72.189:3300/0 2 ==== config(13 keys) v1 ==== 430+0+0 (secure 0 0 0) 0x561a9e2e6d80 con 0x561a9e299000 >debug
2023-02-14T06:26:01.041+0000 7f5cd8922700 1 -- [v2:172.17.25.245:6800/1528042508,v1:172.17.25.245:6801/1528042508] <== mon.1 v2:172.21.72.189:3300/0 3 ==== mon_map magic: 0 v1 ==== 425+0+0 (secure 0 0 0) 0x561a9e2ea000 con 0x561a9e299000 >debug
2023-02-14T06:26:01.041+0000 7f5cd8922700 1 -- [v2:172.17.25.245:6800/1528042508,v1:172.17.25.245:6801/1528042508] <== mon.1 v2:172.21.72.189:3300/0 4 ==== auth_reply(proto 2 0 (0) Success) v1 ==== 194+0+0 (secure 0 0 0) 0x561a9e2c0680 con 0x561a9e299000 >debug
2023-02-14T06:26:01.041+0000 7f5cea9ff780 1 -- [v2:172.17.25.245:6800/1528042508,v1:172.17.25.245:6801/1528042508] --> [v2:172.21.72.189:3300/0,v1:172.21.72.189:6789/0] -- mon_subscribe({mdsmap=0+}) v3 -- 0x561a9e2c09c0 con 0x561a9e299000 >debug
2023-02-14T06:26:01.041+0000 7f5cd8922700 1 -- [v2:172.17.25.245:6800/1528042508,v1:172.17.25.245:6801/1528042508] <== mon.1 v2:172.21.72.189:3300/0 5 ==== mdsmap(e 47389) v2 ==== 217+0+0 (secure 0 0 0) 0x561a9e2c09c0 con 0x561a9e299000 >debug
2023-02-14T06:26:01.042+0000 7f5cd691e700 1 -- [v2:172.17.25.245:6800/1528042508,v1:172.17.25.245:6801/1528042508] --> [v2:172.21.72.189:3300/0,v1:172.21.72.189:6789/0] -- mdsbeacon(218417551/ocs-storagecluster-cephfilesystem-b up:boot fs=ocs-storagecluster-cephfilesystem seq=1 v0) v8 -- 0x561a9e364b00 con 0x561a9e299000 >debug
2023-02-14T06:26:01.042+0000 7f5cd8922700 1 mds.ocs-storagecluster-cephfilesystem-b Updating MDS map to version 47389 from mon.1 >debug
2023-02-14T06:26:01.387+0000 7f5cd8922700 1 -- [v2:172.17.25.245:6800/1528042508,v1:172.17.25.245:6801/1528042508] <== mon.1 v2:172.21.72.189:3300/0 6 ==== mdsmap(e 47390) v2 ==== 790+0+0 (secure 0 0 0) 0x561a9e2c0680 con 0x561a9e299000 >debug
2023-02-14T06:26:01.387+0000 7f5cd8922700 1 mds.ocs-storagecluster-cephfilesystem-b Updating MDS map to version 47390 from mon.1 >debug
2023-02-14T06:26:01.387+0000 7f5cd8922700 1 -- [v2:172.17.25.245:6800/1528042508,v1:172.17.25.245:6801/1528042508] --> [v2:172.21.72.189:3300/0,v1:172.21.72.189:6789/0] -- mon_subscribe({mgrmap=0+}) v3 -- 0x561a9e2c09c0 con 0x561a9e299000 >debug
2023-02-14T06:26:01.388+0000 7f5cd8922700 1 -- [v2:172.17.25.245:6800/1528042508,v1:172.17.25.245:6801/1528042508] --> [v2:172.21.72.189:3300/0,v1:172.21.72.189:6789/0] -- mon_subscribe({osdmap=0}) v3 -- 0x561a9e2c0ea0 con 0x561a9e299000 >debug
2023-02-14T06:26:01.388+0000 7f5cd8922700 1 mds.0.47390 handle_mds_map i am now mds.0.47390 >debug
2023-02-14T06:26:01.388+0000 7f5cd8922700 1 mds.0.47390 handle_mds_map state change up:boot --> up:replay >debug
2023-02-14T06:26:01.388+0000 7f5cd8922700 1 mds.0.47390 replay_start >debug
2023-02-14T06:26:01.388+0000 7f5cd8922700 1 mds.0.47390 waiting for osdmap 30361 (which blocklists prior instance) >debug
2023-02-14T06:26:01.388+0000 7f5cd8922700 1 -- [v2:172.17.25.245:6800/1528042508,v1:172.17.25.245:6801/1528042508] --> [v2:172.21.72.189:3300/0,v1:172.21.72.189:6789/0] -- mon_get_version(what=osdmap handle=1) v1 -- 0x561a9e2ea580 con 0x561a9e299000 >debug
2023-02-14T06:26:01.389+0000 7f5cdb127700 1 -- [v2:172.17.25.245:6800/1528042508,v1:172.17.25.245:6801/1528042508] <== mon.1 v2:172.21.72.189:3300/0 7 ==== mdsbeacon(218417551/ocs-storagecluster-cephfilesystem-b up:boot seq=1 v47390) v8 ==== 168+0+0 (secure 0 0 0) 0x561a9e364b00 con 0x561a9e299000 >debug
2023-02-14T06:26:01.389+0000 7f5cd8922700 1 -- [v2:172.17.25.245:6800/1528042508,v1:172.17.25.245:6801/1528042508] <== mon.1 v2:172.21.72.189:3300/0 8 ==== mgrmap(e 5834) v1 ==== 36922+0+0 (secure 0 0 0) 0x561a9e364b00 con 0x561a9e299000 >debug
2023-02-14T06:26:01.389+0000 7f5cd8922700 1 --2- [v2:172.17.25.245:6800/1528042508,v1:172.17.25.245:6801/1528042508] >> [v2:172.17.25.215:6800/43191,v1:172.17.25.215:6801/43191] conn(0x561a9e299c00 0x561a9efa4f00 unknown :-1 s=NONE pgs=0 cs=0 l=1 rev1=0 rx=0 tx=0).connect >debug
2023-02-14T06:26:01.390+0000 7f5cd8922700 1 -- [v2:172.17.25.245:6800/1528042508,v1:172.17.25.245:6801/1528042508] --> [v2:172.17.25.215:6800/43191,v1:172.17.25.215:6801/43191] -- mgropen(unknown.ocs-storagecluster-cephfilesystem-b) v3 -- 0x561a9ef90b40 con 0x561a9e299c00 >debug
2023-02-14T06:26:01.390+0000 7f5cd8922700 1 -- [v2:172.17.25.245:6800/1528042508,v1:172.17.25.245:6801/1528042508] <== mon.1 v2:172.21.72.189:3300/0 9 ==== osd_map(30361..30361 src has 23214..30361) v4 ==== 61694+0+0 (secure 0 0 0) 0x561a9e2d0540 con 0x561a9e299000 >debug
2023-02-14T06:26:01.391+0000 7f5cd8922700 1 -- [v2:172.17.25.245:6800/1528042508,v1:172.17.25.245:6801/1528042508] --> [v2:172.21.72.189:3300/0,v1:172.21.72.189:6789/0] -- mon_subscribe({osdmap=30362}) v3 -- 0x561a9effda00 con 0x561a9e299000 >debug
2023-02-14T06:26:01.391+0000 7f5cd8922700 1 -- [v2:172.17.25.245:6800/1528042508,v1:172.17.25.245:6801/1528042508] <== mon.1 v2:172.21.72.189:3300/0 10 ==== mon_get_version_reply(handle=1 version=30361) v2 ==== 24+0+0 (secure 0 0 0) 0x561a9e2ea580 con 0x561a9e299000 >debug
2023-02-14T06:26:01.391+0000 7f5cd2916700 1 --2- [v2:172.17.25.245:6800/1528042508,v1:172.17.25.245:6801/1528042508] >> [v2:172.17.25.193:6800/410,v1:172.17.25.193:6801/410] conn(0x561a9efce000 0x561a9efa5e00 unknown :-1 s=NONE pgs=0 cs=0 l=1 rev1=0 rx=0 tx=0).connect >debug
2023-02-14T06:26:01.391+0000 7f5cd2916700 1 -- [v2:172.17.25.245:6800/1528042508,v1:172.17.25.245:6801/1528042508] --> [v2:172.17.25.193:6800/410,v1:172.17.25.193:6801/410] -- osd_op(unknown.0.47390:1 9.13 9:c91d4a1d:::mds0_inotable:head [read 0~0] snapc 0=[] ondisk+read+known_if_redirected+full_force e30361) v8 -- 0x561a9efce400 con 0x561a9efce000 >debug
2023-02-14T06:26:01.391+0000 7f5cd2916700 1 --2- [v2:172.17.25.245:6800/1528042508,v1:172.17.25.245:6801/1528042508] >> [v2:172.17.54.30:6800/199476,v1:172.17.54.30:6801/199476] conn(0x561a9efce800 0x561a9efa6d00 unknown :-1 s=NONE pgs=0 cs=0 l=1 rev1=0 rx=0 tx=0).connect >debug
2023-02-14T06:26:01.391+0000 7f5cd2916700 1 -- [v2:172.17.25.245:6800/1528042508,v1:172.17.25.245:6801/1528042508] --> [v2:172.17.54.30:6800/199476,v1:172.17.54.30:6801/199476] -- osd_op(unknown.0.47390:2 9.b 9:d0630e4c:::mds0_sessionmap:head [omap-get-header,omap-get-vals in=16b] snapc 0=[] ondisk+read+known_if_redirected+full_force e30361) v8 -- 0x561a9efcec00 con 0x561a9efce800 >debug
2023-02-14T06:26:01.391+0000 7f5cd2115700 1 --2- [v2:172.17.25.245:6800/1528042508,v1:172.17.25.245:6801/1528042508] >> [v2:172.17.47.99:6800/410,v1:172.17.47.99:6801/410] conn(0x561a9efcf800 0x561a9f07f400 unknown :-1 s=NONE pgs=0 cs=0 l=1 rev1=0 rx=0 tx=0).connect >debug
2023-02-14T06:26:01.391+0000 7f5cd2115700 1 -- [v2:172.17.25.245:6800/1528042508,v1:172.17.25.245:6801/1528042508] --> [v2:172.17.47.99:6800/410,v1:172.17.47.99:6801/410] -- osd_op(unknown.0.47390:3 9.f 9:f1f69726:::400.00000000:head [read 0~0] snapc 0=[] ondisk+read+known_if_redirected+full_force e30361) v8 -- 0x561a9efcfc00 con 0x561a9efcf800 >debug
2023-02-14T06:26:01.391+0000 7f5cd2916700 1 --2- [v2:172.17.25.245:6800/1528042508,v1:172.17.25.245:6801/1528042508] >> [v2:172.17.47.95:6800/406,v1:172.17.47.95:6801/406] conn(0x561a9efcf000 0x561a9f07ea00 unknown :-1 s=NONE pgs=0 cs=0 l=1 rev1=0 rx=0 tx=0).connect >debug
2023-02-14T06:26:01.391+0000 7f5cd2916700 1 -- [v2:172.17.25.245:6800/1528042508,v1:172.17.25.245:6801/1528042508] --> [v2:172.17.47.95:6800/406,v1:172.17.47.95:6801/406] -- osd_op(unknown.0.47390:4 9.15 9:aa448500:::500.00000000:head [read 0~0] snapc 0=[] ondisk+read+known_if_redirected+full_force e30361) v8 -- 0x561a9efcf400 con 0x561a9efcf000 >debug
2023-02-14T06:26:01.391+0000 7f5cdc129700 1 --2- [v2:172.17.25.245:6800/1528042508,v1:172.17.25.245:6801/1528042508] >> [v2:172.17.25.193:6800/410,v1:172.17.25.193:6801/410] conn(0x561a9efce000 0x561a9efa5e00 unknown :-1 s=BANNER_CONNECTING pgs=0 cs=0 l=1 rev1=0 rx=0 tx=0)._handle_peer_banner_payload supported=1 required=0 >debug
2023-02-14T06:26:01.391+0000 7f5cd2916700 1 -- [v2:172.17.25.245:6800/1528042508,v1:172.17.25.245:6801/1528042508] --> [v2:172.17.54.30:6800/199476,v1:172.17.54.30:6801/199476] -- osd_op(unknown.0.47390:5 9.6 9:654134d2:::mds0_openfiles.0:head [omap-get-header,omap-get-vals in=16b] snapc 0=[] ondisk+read+known_if_redirected+full_force e30361) v8 -- 0x561a9f08c000 con 0x561a9efce800 >debug
2023-02-14T06:26:01.392+0000 7f5cd2916700 1 -- [v2:172.17.25.245:6800/1528042508,v1:172.17.25.245:6801/1528042508] --> [v2:172.17.47.95:6800/406,v1:172.17.47.95:6801/406] -- osd_op(unknown.0.47390:6 9.d 9:b50e409b:::mds_snaptable:head [read 0~0] snapc 0=[] ondisk+read+known_if_redirected+full_force e30361) v8 -- 0x561a9f08c400 con 0x561a9efcf000 >debug
2023-02-14T06:26:01.392+0000 7f5cdc129700 1 --2- [v2:172.17.25.245:6800/1528042508,v1:172.17.25.245:6801/1528042508] >> [v2:172.17.25.193:6800/410,v1:172.17.25.193:6801/410] conn(0x561a9efce000 0x561a9efa5e00 crc :-1 s=READY pgs=59252 cs=0 l=1 rev1=1 rx=0 tx=0).ready entity=osd.2 client_cookie=0 server_cookie=0 in_seq=0 out_seq=0 >debug
2023-02-14T06:26:01.392+0000 7f5cdb127700 1 --2- [v2:172.17.25.245:6800/1528042508,v1:172.17.25.245:6801/1528042508] >> [v2:172.17.47.99:6800/410,v1:172.17.47.99:6801/410] conn(0x561a9efcf800 0x561a9f07f400 unknown :-1 s=BANNER_CONNECTING pgs=0 cs=0 l=1 rev1=0 rx=0 tx=0)._handle_peer_banner_payload supported=1 required=0 >debug
2023-02-14T06:26:01.392+0000 7f5cdc129700 1 --2- [v2:172.17.25.245:6800/1528042508,v1:172.17.25.245:6801/1528042508] >> [v2:172.17.47.95:6800/406,v1:172.17.47.95:6801/406] conn(0x561a9efcf000 0x561a9f07ea00 unknown :-1 s=BANNER_CONNECTING pgs=0 cs=0 l=1 rev1=0 rx=0 tx=0)._handle_peer_banner_payload supported=1 required=0 >debug
2023-02-14T06:26:01.392+0000 7f5cdb928700 1 --2- [v2:172.17.25.245:6800/1528042508,v1:172.17.25.245:6801/1528042508] >> [v2:172.17.54.30:6800/199476,v1:172.17.54.30:6801/199476] conn(0x561a9efce800 0x561a9efa6d00 unknown :-1 s=BANNER_CONNECTING pgs=0 cs=0 l=1 rev1=0 rx=0 tx=0)._handle_peer_banner_payload supported=1 required=0 >debug
2023-02-14T06:26:01.393+0000 7f5cdb127700 1 --2- [v2:172.17.25.245:6800/1528042508,v1:172.17.25.245:6801/1528042508] >> [v2:172.17.47.99:6800/410,v1:172.17.47.99:6801/410] conn(0x561a9efcf800 0x561a9f07f400 crc :-1 s=READY pgs=51924 cs=0 l=1 rev1=1 rx=0 tx=0).ready entity=osd.3 client_cookie=0 server_cookie=0 in_seq=0 out_seq=0 >debug
2023-02-14T06:26:01.393+0000 7f5cdc129700 1 --2- [v2:172.17.25.245:6800/1528042508,v1:172.17.25.245:6801/1528042508] >> [v2:172.17.47.95:6800/406,v1:172.17.47.95:6801/406] conn(0x561a9efcf000 0x561a9f07ea00 crc :-1 s=READY pgs=66413 cs=0 l=1 rev1=1 rx=0 tx=0).ready entity=osd.7 client_cookie=0 server_cookie=0 in_seq=0 out_seq=0 >debug
2023-02-14T06:26:01.393+0000 7f5cdc129700 1 -- [v2:172.17.25.245:6800/1528042508,v1:172.17.25.245:6801/1528042508] <== osd.7 v2:172.17.47.95:6800/406 1 ==== osd_op_reply(4 500.00000000 [read 0~90 out=90b] v0'0 uv381704 ondisk = 0) v8 ==== 156+0+90 (crc 0 0 0) 0x561a9f0a4000 con 0x561a9efcf000 >debug
2023-02-14T06:26:01.393+0000 7f5cdc129700 1 -- [v2:172.17.25.245:6800/1528042508,v1:172.17.25.245:6801/1528042508] <== osd.7 v2:172.17.47.95:6800/406 2 ==== osd_op_reply(6 mds_snaptable [read 0~70 out=70b] v0'0 uv1 ondisk = 0) v8 ==== 157+0+70 (crc 0 0 0) 0x561a9f0a4000 con 0x561a9efcf000 >debug
2023-02-14T06:26:01.393+0000 7f5cd3918700 1 -- [v2:172.17.25.245:6800/1528042508,v1:172.17.25.245:6801/1528042508] --> [v2:172.17.54.30:6800/199476,v1:172.17.54.30:6801/199476] -- osd_op(unknown.0.47390:7 9.6 9:66eb7180:::500.00000004:head [stat] snapc 0=[] ondisk+read+rwordered+known_if_redirected+full_force e30361) v8 -- 0x561a9efce400 con 0x561a9efce800 >debug
2023-02-14T06:26:01.393+0000 7f5cd3918700 1 --2- [v2:172.17.25.245:6800/1528042508,v1:172.17.25.245:6801/1528042508] >> [v2:172.17.54.4:6800/410,v1:172.17.54.4:6801/410] conn(0x561a9f08d000 0x561a9f0a6500 unknown :-1 s=NONE pgs=0 cs=0 l=1 rev1=0 rx=0 tx=0).connect >debug
2023-02-14T06:26:01.394+0000 7f5cdb928700 1 --2- [v2:172.17.25.245:6800/1528042508,v1:172.17.25.245:6801/1528042508] >> [v2:172.17.54.30:6800/199476,v1:172.17.54.30:6801/199476] conn(0x561a9efce800 0x561a9efa6d00 crc :-1 s=READY pgs=11093 cs=0 l=1 rev1=1 rx=0 tx=0).ready entity=osd.5 client_cookie=0 server_cookie=0 in_seq=0 out_seq=0 >debug
2023-02-14T06:26:01.394+0000 7f5cd3918700 1 -- [v2:172.17.25.245:6800/1528042508,v1:172.17.25.245:6801/1528042508] --> [v2:172.17.54.4:6800/410,v1:172.17.54.4:6801/410] -- osd_op(unknown.0.47390:8 9.1d 9:bb63c54e:::500.00000005:head [stat] snapc 0=[] ondisk+read+rwordered+known_if_redirected+full_force e30361) v8 -- 0x561a9efcf400 con 0x561a9f08d000 >debug
2023-02-14T06:26:01.394+0000 7f5cdb928700 1 --2- [v2:172.17.25.245:6800/1528042508,v1:172.17.25.245:6801/1528042508] >> [v2:172.17.54.4:6800/410,v1:172.17.54.4:6801/410] conn(0x561a9f08d000 0x561a9f0a6500 unknown :-1 s=BANNER_CONNECTING pgs=0 cs=0 l=1 rev1=0 rx=0 tx=0)._handle_peer_banner_payload supported=1 required=0 >debug
2023-02-14T06:26:01.395+0000 7f5cdb928700 1 --2- [v2:172.17.25.245:6800/1528042508,v1:172.17.25.245:6801/1528042508] >> [v2:172.17.54.4:6800/410,v1:172.17.54.4:6801/410] conn(0x561a9f08d000 0x561a9f0a6500 crc :-1 s=READY pgs=47924 cs=0 l=1 rev1=1 rx=0 tx=0).ready entity=osd.4 client_cookie=0 server_cookie=0 in_seq=0 out_seq=0 >debug
2023-02-14T06:26:01.401+0000 7f5cdc129700 1 -- [v2:172.17.25.245:6800/1528042508,v1:172.17.25.245:6801/1528042508] <== osd.2 v2:172.17.25.193:6800/410 1 ==== osd_op_reply(1 mds0_inotable [read 0~1762 out=1762b] v0'0 uv357816 ondisk = 0) v8 ==== 157+0+1762 (crc 0 0 0) 0x561a9f0a4000 con 0x561a9efce000 >debug
2023-02-14T06:26:01.402+0000 7f5cdb127700 1 -- [v2:172.17.25.245:6800/1528042508,v1:172.17.25.245:6801/1528042508] <== osd.3 v2:172.17.47.99:6800/410 1 ==== osd_op_reply(3 400.00000000 [read 0~22 out=22b] v0'0 uv1 ondisk = 0) v8 ==== 156+0+22 (crc 0 0 0) 0x561a9f0a46c0 con 0x561a9efcf800 >debug
2023-02-14T06:26:01.402+0000 7f5cd2115700 1 -- [v2:172.17.25.245:6800/1528042508,v1:172.17.25.245:6801/1528042508] --> [v2:172.17.54.4:6800/410,v1:172.17.54.4:6801/410] -- osd_op(unknown.0.47390:9 9.14 9:292cf221:::200.00000000:head [read 0~0] snapc 0=[] ondisk+read+known_if_redirected+full_force e30361) v8 -- 0x561a9f08c000 con 0x561a9f08d000 >debug
2023-02-14T06:26:01.407+0000 7f5cdb928700 1 -- [v2:172.17.25.245:6800/1528042508,v1:172.17.25.245:6801/1528042508] <== osd.4 v2:172.17.54.4:6800/410 1 ==== osd_op_reply(8 500.00000005 [stat] v0'0 uv0 ondisk = -2 ((2) No such file or directory)) v8 ==== 156+0+0 (crc 0 0 0) 0x561a9f0a4fc0 con 0x561a9f08d000 >debug
2023-02-14T06:26:01.407+0000 7f5cdb928700 1 -- [v2:172.17.25.245:6800/1528042508,v1:172.17.25.245:6801/1528042508] <== osd.4 v2:172.17.54.4:6800/410 2 ==== osd_op_reply(9 200.00000000 [read 0~90 out=90b] v0'0 uv1527657 ondisk = 0) v8 ==== 156+0+90 (crc 0 0 0) 0x561a9f0a4fc0 con 0x561a9f08d000 >debug
2023-02-14T06:26:01.407+0000 7f5cd2916700 1 -- [v2:172.17.25.245:6800/1528042508,v1:172.17.25.245:6801/1528042508] --> [v2:172.17.54.30:6800/199476,v1:172.17.54.30:6801/199476] -- osd_op(unknown.0.47390:10 9.10 9:0e6b3470:::200.000084bf:head [stat] snapc 0=[] ondisk+read+rwordered+known_if_redirected+full_force e30361) v8 -- 0x561a9f08c800 con 0x561a9efce800 >debug
2023-02-14T06:26:01.407+0000 7f5cd2916700 1 -- [v2:172.17.25.245:6800/1528042508,v1:172.17.25.245:6801/1528042508] --> [v2:172.17.54.4:6800/410,v1:172.17.54.4:6801/410] -- osd_op(unknown.0.47390:11 9.1d 9:bf639718:::200.000084c0:head [stat] snapc 0=[] ondisk+read+rwordered+known_if_redirected+full_force e30361) v8 -- 0x561a9f08cc00 con 0x561a9f08d000 >debug
2023-02-14T06:26:01.408+0000 7f5cdb928700 1 -- [v2:172.17.25.245:6800/1528042508,v1:172.17.25.245:6801/1528042508] <== osd.4 v2:172.17.54.4:6800/410 3 ==== osd_op_reply(11 200.000084c0 [stat] v0'0 uv0 ondisk = -2 ((2) No such file or directory)) v8 ==== 156+0+0 (crc 0 0 0) 0x561a9f0a4fc0 con 0x561a9f08d000 >debug
2023-02-14T06:26:01.408+0000 7f5cdb928700 1 -- [v2:172.17.25.245:6800/1528042508,v1:172.17.25.245:6801/1528042508] <== osd.5 v2:172.17.54.30:6800/199476 1 ==== osd_op_reply(10 200.000084bf [stat out=16b] v0'0 uv382070 ondisk = 0) v8 ==== 156+0+16 (crc 0 0 0) 0x561a9f0a4fc0 con 0x561a9efce800 >debug
2023-02-14T06:26:01.410+0000 7f5cdb928700 1 -- [v2:172.17.25.245:6800/1528042508,v1:172.17.25.245:6801/1528042508] <== osd.5 v2:172.17.54.30:6800/199476 2 ==== osd_op_reply(2 mds0_sessionmap [omap-get-header out=14b,omap-get-vals out=88171b] v0'0 uv399943 ondisk = 0) v8 ==== 201+0+88185 (crc 0 0 0) 0x561a9f0a4fc0 con 0x561a9efce800 >debug
2023-02-14T06:26:01.411+0000 7f5cd2916700 0 mds.0.cache creating system inode with ino:0x100 >debug
2023-02-14T06:26:01.411+0000 7f5cd2916700 1 -- [v2:172.17.25.245:6800/1528042508,v1:172.17.25.245:6801/1528042508] --> [v2:172.17.25.193:6800/410,v1:172.17.25.193:6801/410] -- osd_op(unknown.0.47390:12 9.13 9:cd5a64a3:::100.00000000:head [getxattr inode in=5b] snapc 0=[] ondisk+read+known_if_redirected+full_force e30361) v8 -- 0x561a9f08d400 con 0x561a9efce000 >debug
2023-02-14T06:26:01.411+0000 7f5cd2916700 1 --2- [v2:172.17.25.245:6800/1528042508,v1:172.17.25.245:6801/1528042508] >> [v2:172.17.24.164:6800/406,v1:172.17.24.164:6801/406] conn(0x561a9f08c000 0x561a9f15b400 unknown :-1 s=NONE pgs=0 cs=0 l=1 rev1=0 rx=0 tx=0).connect >debug
2023-02-14T06:26:01.412+0000 7f5cd2916700 1 -- [v2:172.17.25.245:6800/1528042508,v1:172.17.25.245:6801/1528042508] --> [v2:172.17.24.164:6800/406,v1:172.17.24.164:6801/406] -- osd_op(unknown.0.47390:13 9.1f 9:fe07bba1:::100.00000000.inode:head [read 0~0] snapc 0=[] ondisk+read+known_if_redirected+full_force e30361) v8 -- 0x561a9efcec00 con 0x561a9f08c000 >debug
2023-02-14T06:26:01.412+0000 7f5cd2916700 0 mds.0.cache creating system inode with ino:0x1 >debug
2023-02-14T06:26:01.412+0000 7f5cd2916700 1 -- [v2:172.17.25.245:6800/1528042508,v1:172.17.25.245:6801/1528042508] --> [v2:172.17.24.164:6800/406,v1:172.17.24.164:6801/406] -- osd_op(unknown.0.47390:14 9.1f 9:ff5b34d6:::1.00000000:head [getxattr inode in=5b] snapc 0=[] ondisk+read+known_if_redirected+full_force e30361) v8 -- 0x561a9efce400 con 0x561a9f08c000 >debug
2023-02-14T06:26:01.412+0000 7f5cd2916700 1 -- [v2:172.17.25.245:6800/1528042508,v1:172.17.25.245:6801/1528042508] --> [v2:172.17.54.4:6800/410,v1:172.17.54.4:6801/410] -- osd_op(unknown.0.47390:15 9.14 9:287034c4:::1.00000000.inode:head [read 0~0] snapc 0=[] ondisk+read+known_if_redirected+full_force e30361) v8 -- 0x561a9efcf400 con 0x561a9f08d000 >debug
2023-02-14T06:26:01.412+0000 7f5cdc129700 1 -- [v2:172.17.25.245:6800/1528042508,v1:172.17.25.245:6801/1528042508] <== osd.2 v2:172.17.25.193:6800/410 2 ==== osd_op_reply(12 100.00000000 [getxattr] v0'0 uv0 ondisk = -61 ((61) No data available)) v8 ==== 156+0+0 (crc 0 0 0) 0x561a9f0a4000 con 0x561a9efce000 >debug
2023-02-14T06:26:01.412+0000 7f5cdb928700 1 -- [v2:172.17.25.245:6800/1528042508,v1:172.17.25.245:6801/1528042508] <== osd.4 v2:172.17.54.4:6800/410 4 ==== osd_op_reply(15 1.00000000.inode [read 0~554 out=554b] v0'0 uv4 ondisk = 0) v8 ==== 160+0+554 (crc 0 0 0) 0x561a9f0a4fc0 con 0x561a9f08d000 >debug
2023-02-14T06:26:01.412+0000 7f5cdb928700 1 -- [v2:172.17.25.245:6800/1528042508,v1:172.17.25.245:6801/1528042508] <== osd.5 v2:172.17.54.30:6800/199476 3 ==== osd_op_reply(5 mds0_openfiles.0 [omap-get-header out=42b,omap-get-vals out=70696b] v0'0 uv2369079 ondisk = 0) v8 ==== 202+0+70738 (crc 0 0 0) 0x561a9f0a4fc0 con 0x561a9efce800 >debug
2023-02-14T06:26:01.413+0000 7f5cdb928700 1 -- [v2:172.17.25.245:6800/1528042508,v1:172.17.25.245:6801/1528042508] <== osd.5 v2:172.17.54.30:6800/199476 4 ==== osd_op_reply(7 500.00000004 [stat out=16b] v0'0 uv2369004 ondisk = 0) v8 ==== 156+0+16 (crc 0 0 0) 0x561a9f0a4fc0 con 0x561a9efce800 >debug
2023-02-14T06:26:01.413+0000 7f5cdb127700 1 --2- [v2:172.17.25.245:6800/1528042508,v1:172.17.25.245:6801/1528042508] >> [v2:172.17.24.164:6800/406,v1:172.17.24.164:6801/406] conn(0x561a9f08c000 0x561a9f15b400 unknown :-1 s=BANNER_CONNECTING pgs=0 cs=0 l=1 rev1=0 rx=0 tx=0)._handle_peer_banner_payload supported=1 required=0 >debug
2023-02-14T06:26:01.413+0000 7f5cd2916700 1 -- [v2:172.17.25.245:6800/1528042508,v1:172.17.25.245:6801/1528042508] --> [v2:172.17.54.30:6800/199476,v1:172.17.54.30:6801/199476] -- osd_op(unknown.0.47390:16 9.6 9:654134d2:::mds0_openfiles.0:head [omap-get-vals in=27b] snapc 0=[] ondisk+read+known_if_redirected+full_force e30361) v8 -- 0x561a9f08d800 con 0x561a9efce800 >debug
2023-02-14T06:26:01.414+0000 7f5cdb127700 1 --2- [v2:172.17.25.245:6800/1528042508,v1:172.17.25.245:6801/1528042508] >> [v2:172.17.24.164:6800/406,v1:172.17.24.164:6801/406] conn(0x561a9f08c000 0x561a9f15b400 crc :-1 s=READY pgs=64164 cs=0 l=1 rev1=1 rx=0 tx=0).ready entity=osd.8 client_cookie=0 server_cookie=0 in_seq=0 out_seq=0 >debug
2023-02-14T06:26:01.416+0000 7f5cdb928700 1 -- [v2:172.17.25.245:6800/1528042508,v1:172.17.25.245:6801/1528042508] <== osd.5 v2:172.17.54.30:6800/199476 5 ==== osd_op_reply(16 mds0_openfiles.0 [omap-get-vals out=55313b] v0'0 uv2369079 ondisk = 0) v8 ==== 160+0+55313 (crc 0 0 0) 0x561a9f0a4fc0 con 0x561a9efce800 >debug
2023-02-14T06:26:01.426+0000 7f5cdb127700 1 -- [v2:172.17.25.245:6800/1528042508,v1:172.17.25.245:6801/1528042508] <== osd.8 v2:172.17.24.164:6800/406 1 ==== osd_op_reply(13 100.00000000.inode [read 0~554 out=554b] v0'0 uv3 ondisk = 0) v8 ==== 162+0+554 (crc 0 0 0) 0x561a9f0a46c0 con 0x561a9f08c000 >debug
2023-02-14T06:26:01.426+0000 7f5cdb127700 1 -- [v2:172.17.25.245:6800/1528042508,v1:172.17.25.245:6801/1528042508] <== osd.8 v2:172.17.24.164:6800/406 2 ==== osd_op_reply(14 1.00000000 [getxattr] v0'0 uv0 ondisk = -61 ((61) No data available)) v8 ==== 154+0+0 (crc 0 0 0) 0x561a9f0a46c0 con 0x561a9f08c000 >debug
2023-02-14T06:26:01.426+0000 7f5cd1113700 1 --2- [v2:172.17.25.245:6800/1528042508,v1:172.17.25.245:6801/1528042508] >> [v2:172.17.0.89:6800/266764,v1:172.17.0.89:6801/266764] conn(0x561a9efcfc00 0x561a9f07e000 unknown :-1 s=NONE pgs=0 cs=0 l=1 rev1=0 rx=0 tx=0).connect >debug
2023-02-14T06:26:01.426+0000 7f5cd1113700 1 -- [v2:172.17.25.245:6800/1528042508,v1:172.17.25.245:6801/1528042508] --> [v2:172.17.0.89:6800/266764,v1:172.17.0.89:6801/266764] -- osd_op(unknown.0.47390:17 9.9 9:920b35dc:::200.00008489:head [read 8188~4186116 [fadvise_dontneed]] snapc 0=[] ondisk+read+known_if_redirected+full_force e30361) v8 -- 0x561a9efcec00 con 0x561a9efcfc00 >debug
2023-02-14T06:26:01.426+0000 7f5cd1113700 1 -- [v2:172.17.25.245:6800/1528042508,v1:172.17.25.245:6801/1528042508] --> [v2:172.17.54.4:6800/410,v1:172.17.54.4:6801/410] -- osd_op(unknown.0.47390:18 9.1d 9:bb90e8c9:::200.0000848a:head [read 0~4194304 [fadvise_dontneed]] snapc 0=[] ondisk+read+known_if_redirected+full_force e30361) v8 -- 0x561a9efcf400 con 0x561a9f08d000 >debug
2023-02-14T06:26:01.426+0000 7f5cd1113700 1 -- [v2:172.17.25.245:6800/1528042508,v1:172.17.25.245:6801/1528042508] --> [v2:172.17.24.164:6800/406,v1:172.17.24.164:6801/406] -- osd_op(unknown.0.47390:19 9.1f 9:f8d54bde:::200.0000848b:head [read 0~4194304 [fadvise_dontneed]] snapc 0=[] ondisk+read+known_if_redirected+full_force e30361) v8 -- 0x561a9f08c800 con 0x561a9f08c000 >debug
2023-02-14T06:26:01.426+0000 7f5cd1113700 1 -- [v2:172.17.25.245:6800/1528042508,v1:172.17.25.245:6801/1528042508] --> [v2:172.17.0.89:6800/266764,v1:172.17.0.89:6801/266764] -- osd_op(unknown.0.47390:20 9.1c 9:3f94857c:::200.0000848c:head [read 0~4194304 [fadvise_dontneed]] snapc 0=[] ondisk+read+known_if_redirected+full_force e30361) v8 -- 0x561a9f08cc00 con 0x561a9efcfc00 >debug
2023-02-14T06:26:01.426+0000 7f5cd1113700 1 -- [v2:172.17.25.245:6800/1528042508,v1:172.17.25.245:6801/1528042508] --> [v2:172.17.25.193:6800/410,v1:172.17.25.193:6801/410] -- osd_op(unknown.0.47390:21 9.7 9:e1f59baf:::200.0000848d:head [read 0~4194304 [fadvise_dontneed]] snapc 0=[] ondisk+read+known_if_redirected+full_force e30361) v8 -- 0x561a9f08d800 con 0x561a9efce000 >debug
2023-02-14T06:26:01.426+0000 7f5cd1113700 1 --2- [v2:172.17.25.245:6800/1528042508,v1:172.17.25.245:6801/1528042508] >> [v2:172.17.24.145:6800/405,v1:172.17.24.145:6801/405] conn(0x561a9f1e4000 0x561a9f1e6000 unknown :-1 s=NONE pgs=0 cs=0 l=1 rev1=0 rx=0 tx=0).connect >debug
2023-02-14T06:26:01.426+0000 7f5cd1113700 1 -- [v2:172.17.25.245:6800/1528042508,v1:172.17.25.245:6801/1528042508] --> [v2:172.17.24.145:6800/405,v1:172.17.24.145:6801/405] -- osd_op(unknown.0.47390:22 9.1b 9:def16b61:::200.0000848e:head [read 0~4194304 [fadvise_dontneed]] snapc 0=[] ondisk+read+known_if_redirected+full_force e30361) v8 -- 0x561a9f1e4400 con 0x561a9f1e4000 >debug
2023-02-14T06:26:01.426+0000 7f5cd1113700 1 -- [v2:172.17.25.245:6800/1528042508,v1:172.17.25.245:6801/1528042508] --> [v2:172.17.54.4:6800/410,v1:172.17.54.4:6801/410] -- osd_op(unknown.0.47390:23 9.1d 9:bb80521b:::200.0000848f:head [read 0~4194304 [fadvise_dontneed]] snapc 0=[] ondisk+read+known_if_redirected+full_force e30361) v8 -- 0x561a9f1e4800 con 0x561a9f08d000 >debug
2023-02-14T06:26:01.426+0000 7f5cd1113700 1 -- [v2:172.17.25.245:6800/1528042508,v1:172.17.25.245:6801/1528042508] --> [v2:172.17.25.193:6800/410,v1:172.17.25.193:6801/410] -- osd_op(unknown.0.47390:24 9.c 9:302e0812:::200.00008490:head [read 0~4194304 [fadvise_dontneed]] snapc 0=[] ondisk+read+known_if_redirected+full_force e30361) v8 -- 0x561a9f1e4c00 con 0x561a9efce000 >debug
2023-02-14T06:26:01.426+0000 7f5cd1113700 1 -- [v2:172.17.25.245:6800/1528042508,v1:172.17.25.245:6801/1528042508] --> [v2:172.17.25.193:6800/410,v1:172.17.25.193:6801/410] -- osd_op(unknown.0.47390:25 9.19 9:9ef621ac:::200.00008491:head [read 0~4194304 [fadvise_dontneed]] snapc 0=[] ondisk+read+known_if_redirected+full_force e30361) v8 -- 0x561a9f1e5000 con 0x561a9efce000 >debug
2023-02-14T06:26:01.426+0000 7f5cd1113700 1 -- [v2:172.17.25.245:6800/1528042508,v1:172.17.25.245:6801/1528042508] --> [v2:172.17.54.4:6800/410,v1:172.17.54.4:6801/410] -- osd_op(unknown.0.47390:26 9.1d 9:b8e6b293:::200.00008492:head [read 0~4194304 [fadvise_dontneed]] snapc 0=[] ondisk+read+known_if_redirected+full_force e30361) v8 -- 0x561a9f1e5400 con 0x561a9f08d000 >debug
2023-02-14T06:26:01.426+0000 7f5cd1113700 1 -- [v2:172.17.25.245:6800/1528042508,v1:172.17.25.245:6801/1528042508] --> [v2:172.17.25.193:6800/410,v1:172.17.25.193:6801/410] -- osd_op(unknown.0.47390:27 9.c 9:30e2758c:::200.00008493:head [read 0~4194304 [fadvise_dontneed]] snapc 0=[] ondisk+read+known_if_redirected+full_force e30361) v8 -- 0x561a9f1e5800 con 0x561a9efce000 >debug
2023-02-14T06:26:01.427+0000 7f5cdb928700 1 --2- [v2:172.17.25.245:6800/1528042508,v1:172.17.25.245:6801/1528042508] >> [v2:172.17.24.145:6800/405,v1:172.17.24.145:6801/405] conn(0x561a9f1e4000 0x561a9f1e6000 unknown :-1 s=BANNER_CONNECTING pgs=0 cs=0 l=1 rev1=0 rx=0 tx=0)._handle_peer_banner_payload supported=1 required=0 >debug
2023-02-14T06:26:01.428+0000 7f5cdc129700 1 --2- [v2:172.17.25.245:6800/1528042508,v1:172.17.25.245:6801/1528042508] >> [v2:172.17.0.89:6800/266764,v1:172.17.0.89:6801/266764] conn(0x561a9efcfc00 0x561a9f07e000 unknown :-1 s=BANNER_CONNECTING pgs=0 cs=0 l=1 rev1=0 rx=0 tx=0)._handle_peer_banner_payload supported=1 required=0 >debug
2023-02-14T06:26:01.429+0000 7f5cdc129700 1 --2- [v2:172.17.25.245:6800/1528042508,v1:172.17.25.245:6801/1528042508] >> [v2:172.17.0.89:6800/266764,v1:172.17.0.89:6801/266764] conn(0x561a9efcfc00 0x561a9f07e000 crc :-1 s=READY pgs=8675 cs=0 l=1 rev1=1 rx=0 tx=0).ready entity=osd.1 client_cookie=0 server_cookie=0 in_seq=0 out_seq=0 >debug
2023-02-14T06:26:01.429+0000 7f5cdb928700 1 --2- [v2:172.17.25.245:6800/1528042508,v1:172.17.25.245:6801/1528042508] >> [v2:172.17.24.145:6800/405,v1:172.17.24.145:6801/405] conn(0x561a9f1e4000 0x561a9f1e6000 crc :-1 s=READY pgs=71319 cs=0 l=1 rev1=1 rx=0 tx=0).ready entity=osd.6 client_cookie=0 server_cookie=0 in_seq=0 out_seq=0 >debug
2023-02-14T06:26:01.436+0000 7f5cdc129700 1 -- [v2:172.17.25.245:6800/1528042508,v1:172.17.25.245:6801/1528042508] <== osd.2 v2:172.17.25.193:6800/410 3 ==== osd_op_reply(24 200.00008490 [read 0~4194304 [fadvise_dontneed] out=4194304b] v0'0 uv343204 ondisk = 0) v8 ==== 156+0+4194304 (crc 0 0 0) 0x561a9f0a4000 con 0x561a9efce000 >debug
2023-02-14T06:26:01.440+0000 7f5cdc129700 1 -- [v2:172.17.25.245:6800/1528042508,v1:172.17.25.245:6801/1528042508] <== osd.2 v2:172.17.25.193:6800/410 4 ==== osd_op_reply(25 200.00008491 [read 0~4194304 [fadvise_dontneed] out=4194304b] v0'0 uv363005 ondisk = 0) v8 ==== 156+0+4194304 (crc 0 0 0) 0x561a9f0a4000 con 0x561a9efce000 >debug
2023-02-14T06:26:01.441+0000 7f5cdb928700 1 -- [v2:172.17.25.245:6800/1528042508,v1:172.17.25.245:6801/1528042508] <== osd.4 v2:172.17.54.4:6800/410 5 ==== osd_op_reply(18 200.0000848a [read 0~4194304 [fadvise_dontneed] out=4194304b] v0'0 uv377948 ondisk = 0) v8 ==== 156+0+4194304 (crc 0 0 0) 0x561a9f0a4fc0 con 0x561a9f08d000 >debug
2023-02-14T06:26:01.443+0000 7f5cdb127700 1 -- [v2:172.17.25.245:6800/1528042508,v1:172.17.25.245:6801/1528042508] <== osd.8 v2:172.17.24.164:6800/406 3 ==== osd_op_reply(19 200.0000848b [read 0~4194304 [fadvise_dontneed] out=4194304b] v0'0 uv384892 ondisk = 0) v8 ==== 156+0+4194304 (crc 0 0 0) 0x561a9f0a46c0 con 0x561a9f08c000 >debug
2023-02-14T06:26:01.444+0000 7f5cdc129700 1 -- [v2:172.17.25.245:6800/1528042508,v1:172.17.25.245:6801/1528042508] <== osd.2 v2:172.17.25.193:6800/410 5 ==== osd_op_reply(21 200.0000848d [read 0~4194304 [fadvise_dontneed] out=4194304b] v0'0 uv353103 ondisk = 0) v8 ==== 156+0+4194304 (crc 0 0 0) 0x561a9f0a4000 con 0x561a9efce000 >debug
2023-02-14T06:26:01.447+0000 7f5cdb928700 1 -- [v2:172.17.25.245:6800/1528042508,v1:172.17.25.245:6801/1528042508] <== osd.4 v2:172.17.54.4:6800/410 6 ==== osd_op_reply(23 200.0000848f [read 0~4194304 [fadvise_dontneed] out=4194304b] v0'0 uv378313 ondisk = 0) v8 ==== 156+0+4194304 (crc 0 0 0) 0x561a9f0a4fc0 con 0x561a9f08d000 >debug
2023-02-14T06:26:01.448+0000 7f5cdc129700 1 -- [v2:172.17.25.245:6800/1528042508,v1:172.17.25.245:6801/1528042508] <== osd.2 v2:172.17.25.193:6800/410 6 ==== osd_op_reply(27 200.00008493 [read 0~4194304 [fadvise_dontneed] out=4194304b] v0'0 uv343613 ondisk = 0) v8 ==== 156+0+4194304 (crc 0 0 0) 0x561a9f0a4000 con 0x561a9efce000 >debug
2023-02-14T06:26:01.454+0000 7f5cdb928700 1 -- [v2:172.17.25.245:6800/1528042508,v1:172.17.25.245:6801/1528042508] <== osd.4 v2:172.17.54.4:6800/410 7 ==== osd_op_reply(26 200.00008492 [read 0~4194304 [fadvise_dontneed] out=4194304b] v0'0 uv378699 ondisk = 0) v8 ==== 156+0+4194304 (crc 0 0 0) 0x561a9f0a4fc0 con 0x561a9f08d000 >debug
2023-02-14T06:26:01.458+0000 7f5cdc129700 1 -- [v2:172.17.25.245:6800/1528042508,v1:172.17.25.245:6801/1528042508] <== osd.1 v2:172.17.0.89:6800/266764 1 ==== osd_op_reply(17 200.00008489 [read 8188~4186116 [fadvise_dontneed] out=4186116b] v0'0 uv368844 ondisk = 0) v8 ==== 156+0+4186116 (crc 0 0 0) 0x561a9f0a4000 con 0x561a9efcfc00 >debug
2023-02-14T06:26:01.459+0000 7f5cdb928700 1 -- [v2:172.17.25.245:6800/1528042508,v1:172.17.25.245:6801/1528042508] <== osd.6 v2:172.17.24.145:6800/405 1 ==== osd_op_reply(22 200.0000848e [read 0~4194304 [fadvise_dontneed] out=4194304b] v0'0 uv370943 ondisk = 0) v8 ==== 156+0+4194304 (crc 0 0 0) 0x561a9f0a4fc0 con 0x561a9f1e4000 >debug
2023-02-14T06:26:01.462+0000 7f5cdc129700 1 -- [v2:172.17.25.245:6800/1528042508,v1:172.17.25.245:6801/1528042508] <== osd.1 v2:172.17.0.89:6800/266764 2 ==== osd_op_reply(20 200.0000848c [read 0~4194304 [fadvise_dontneed] out=4194304b] v0'0 uv371119 ondisk = 0) v8 ==== 156+0+4194304 (crc 0 0 0) 0x561a9f0a4000 con 0x561a9efcfc00 >debug
2023-02-14T06:26:01.470+0000 7f5cd1113700 1 -- [v2:172.17.25.245:6800/1528042508,v1:172.17.25.245:6801/1528042508] --> [v2:172.17.25.193:6800/410,v1:172.17.25.193:6801/410] -- osd_op(unknown.0.47390:28 9.13 9:c81e1f6b:::200.00008494:head [read 0~4194304 [fadvise_dontneed]] snapc 0=[] ondisk+read+known_if_redirected+full_force e30361) v8 -- 0x561a9f1e5c00 con 0x561a9efce000 >debug
2023-02-14T06:26:01.481+0000 7f5cdc129700 1 -- [v2:172.17.25.245:6800/1528042508,v1:172.17.25.245:6801/1528042508] <== osd.2 v2:172.17.25.193:6800/410 7 ==== osd_op_reply(28 200.00008494 [read 0~4194304 [fadvise_dontneed] out=4194304b] v0'0 uv361131 ondisk = 0) v8 ==== 156+0+4194304 (crc 0 0 0) 0x561a9f0a4000 con 0x561a9efce000 >debug
2023-02-14T06:26:01.481+0000 7f5cd1113700 1 -- [v2:172.17.25.245:6800/1528042508,v1:172.17.25.245:6801/1528042508] --> [v2:172.17.54.4:6800/410,v1:172.17.54.4:6801/410] -- osd_op(unknown.0.47390:29 9.1d 9:bc965ab2:::200.00008495:head [read 0~4194304 [fadvise_dontneed]] snapc 0=[] ondisk+read+known_if_redirected+full_force e30361) v8 -- 0x561a9f08c400 con 0x561a9f08d000 >debug
2023-02-14T06:26:01.492+0000 7f5cd1113700 1 -- [v2:172.17.25.245:6800/1528042508,v1:172.17.25.245:6801/1528042508] --> [v2:172.17.47.99:6800/410,v1:172.17.47.99:6801/410] -- osd_op(unknown.0.47390:30 9.f 9:f246c069:::200.00008496:head [read 0~4194304 [fadvise_dontneed]] snapc 0=[] ondisk+read+known_if_redirected+full_force e30361) v8 -- 0x561a9f08d400 con 0x561a9efcf800 >debug
2023-02-14T06:26:01.493+0000 7f5cdb928700 1 -- [v2:172.17.25.245:6800/1528042508,v1:172.17.25.245:6801/1528042508] <== osd.4 v2:172.17.54.4:6800/410 8 ==== osd_op_reply(29 200.00008495 [read 0~4194304 [fadvise_dontneed] out=4194304b] v0'0 uv379082 ondisk = 0) v8 ==== 156+0+4194304 (crc 0 0 0) 0x561a9f0a4fc0 con 0x561a9f08d000 >debug
2023-02-14T06:26:01.503+0000 7f5cd1113700 1 -- [v2:172.17.25.245:6800/1528042508,v1:172.17.25.245:6801/1528042508] --> [v2:172.17.47.95:6800/406,v1:172.17.47.95:6801/406] -- osd_op(unknown.0.47390:31 9.15 9:ac50ac8f:::200.00008497:head [read 0~4194304 [fadvise_dontneed]] snapc 0=[] ondisk+read+known_if_redirected+full_force e30361) v8 -- 0x561a9efcec00 con 0x561a9efcf000 >debug
2023-02-14T06:26:01.504+0000 7f5cdb127700 1 -- [v2:172.17.25.245:6800/1528042508,v1:172.17.25.245:6801/1528042508] <== osd.3 v2:172.17.47.99:6800/410 2 ==== osd_op_reply(30 200.00008496 [read 0~4194304 [fadvise_dontneed] out=4194304b] v0'0 uv378985 ondisk = 0) v8 ==== 156+0+4194304 (crc 0 0 0) 0x561a9f0a46c0 con 0x561a9efcf800 >debug
2023-02-14T06:26:01.514+0000 7f5cd1113700 1 -- [v2:172.17.25.245:6800/1528042508,v1:172.17.25.245:6801/1528042508] --> [v2:172.17.25.193:6800/410,v1:172.17.25.193:6801/410] -- osd_op(unknown.0.47390:32 9.c 9:3494189e:::200.00008498:head [read 0~4194304 [fadvise_dontneed]] snapc 0=[] ondisk+read+known_if_redirected+full_force e30361) v8 -- 0x561a9f1e4c00 con 0x561a9efce000 >debug
2023-02-14T06:26:01.514+0000 7f5cdc129700 1 -- [v2:172.17.25.245:6800/1528042508,v1:172.17.25.245:6801/1528042508] <== osd.7 v2:172.17.47.95:6800/406 3 ==== osd_op_reply(31 200.00008497 [read 0~4194304 [fadvise_dontneed] out=4194304b] v0'0 uv381670 ondisk = 0) v8 ==== 156+0+4194304 (crc 0 0 0) 0x561a9f0a4000 con 0x561a9efcf000 >debug
2023-02-14T06:26:01.520+0000 7f5cdc129700 1 -- [v2:172.17.25.245:6800/1528042508,v1:172.17.25.245:6801/1528042508] <== osd.2 v2:172.17.25.193:6800/410 8 ==== osd_op_reply(32 200.00008498 [read 0~4194304 [fadvise_dontneed] out=4194304b] v0'0 uv344005 ondisk = 0) v8 ==== 156+0+4194304 (crc 0 0 0) 0x561a9f0a4000 con 0x561a9efce000 >debug
2023-02-14T06:26:01.525+0000 7f5cd1113700 1 -- [v2:172.17.25.245:6800/1528042508,v1:172.17.25.245:6801/1528042508] --> [v2:172.17.24.164:6800/406,v1:172.17.24.164:6801/406] -- osd_op(unknown.0.47390:33 9.0 9:039cc2ac:::200.00008499:head [read 0~4194304 [fadvise_dontneed]] snapc 0=[] ondisk+read+known_if_redirected+full_force e30361) v8 -- 0x561a9f1e5000 con 0x561a9f08c000 >debug
2023-02-14T06:26:01.535+0000 7f5cd1113700 1 -- [v2:172.17.25.245:6800/1528042508,v1:172.17.25.245:6801/1528042508] --> [v2:172.17.47.95:6800/406,v1:172.17.47.95:6801/406] -- osd_op(unknown.0.47390:34 9.a 9:504d25c4:::200.0000849a:head [read 0~4194304 [fadvise_dontneed]] snapc 0=[] ondisk+read+known_if_redirected+full_force e30361) v8 -- 0x561a9f1e5800 con 0x561a9efcf000 >debug
2023-02-14T06:26:01.538+0000 7f5cdb127700 1 -- [v2:172.17.25.245:6800/1528042508,v1:172.17.25.245:6801/1528042508] <== osd.8 v2:172.17.24.164:6800/406 4 ==== osd_op_reply(33 200.00008499 [read 0~4194304 [fadvise_dontneed] out=4194304b] v0'0 uv367224 ondisk = 0) v8 ==== 156+0+4194304 (crc 0 0 0) 0x561a9f0a46c0 con 0x561a9f08c000 >debug
2023-02-14T06:26:01.545+0000 7f5cdc129700 1 -- [v2:172.17.25.245:6800/1528042508,v1:172.17.25.245:6801/1528042508] <== osd.7 v2:172.17.47.95:6800/406 4 ==== osd_op_reply(34 200.0000849a [read 0~4194304 [fadvise_dontneed] out=4194304b] v0'0 uv379365 ondisk = 0) v8 ==== 156+0+4194304 (crc 0 0 0) 0x561a9f0a4000 con 0x561a9efcf000 >debug
2023-02-14T06:26:01.546+0000 7f5cd1113700 1 -- [v2:172.17.25.245:6800/1528042508,v1:172.17.25.245:6801/1528042508] --> [v2:172.17.24.164:6800/406,v1:172.17.24.164:6801/406] -- osd_op(unknown.0.47390:35 9.0 9:04debbcc:::200.0000849b:head [read 0~4194304 [fadvise_dontneed]] snapc 0=[] ondisk+read+known_if_redirected+full_force e30361) v8 -- 0x561a9f1e5c00 con 0x561a9f08c000 >debug
2023-02-14T06:26:01.556+0000 7f5cdb127700 1 -- [v2:172.17.25.245:6800/1528042508,v1:172.17.25.245:6801/1528042508] <== osd.8 v2:172.17.24.164:6800/406 5 ==== osd_op_reply(35 200.0000849b [read 0~4194304 [fadvise_dontneed] out=4194304b] v0'0 uv367595 ondisk = 0) v8 ==== 156+0+4194304 (crc 0 0 0) 0x561a9f0a46c0 con 0x561a9f08c000 >debug
2023-02-14T06:26:01.556+0000 7f5cd1113700 1 -- [v2:172.17.25.245:6800/1528042508,v1:172.17.25.245:6801/1528042508] --> [v2:172.17.47.95:6800/406,v1:172.17.47.95:6801/406] -- osd_op(unknown.0.47390:36 9.a 9:50b16679:::200.0000849c:head [read 0~4194304 [fadvise_dontneed]] snapc 0=[] ondisk+read+known_if_redirected+full_force e30361) v8 -- 0x561a9f1e4c00 con 0x561a9efcf000 >debug
2023-02-14T06:26:01.565+0000 7f5cdc129700 1 -- [v2:172.17.25.245:6800/1528042508,v1:172.17.25.245:6801/1528042508] <== osd.7 v2:172.17.47.95:6800/406 5 ==== osd_op_reply(36 200.0000849c [read 0~4194304 [fadvise_dontneed] out=4194304b] v0'0 uv379725 ondisk = 0) v8 ==== 156+0+4194304 (crc 0 0 0) 0x561a9f0a4000 con 0x561a9efcf000 >debug
2023-02-14T06:26:01.567+0000 7f5cd1113700 1 -- [v2:172.17.25.245:6800/1528042508,v1:172.17.25.245:6801/1528042508] --> [v2:172.17.54.30:6800/199476,v1:172.17.54.30:6801/199476] -- osd_op(unknown.0.47390:37 9.4 9:25257407:::200.0000849d:head [read 0~4194304 [fadvise_dontneed]] snapc 0=[] ondisk+read+known_if_redirected+full_force e30361) v8 -- 0x561a9f1e5800 con 0x561a9efce800 >debug
2023-02-14T06:26:01.578+0000 7f5cd1113700 1 -- [v2:172.17.25.245:6800/1528042508,v1:172.17.25.245:6801/1528042508] --> [v2:172.17.54.30:6800/199476,v1:172.17.54.30:6801/199476] -- osd_op(unknown.0.47390:38 9.10 9:0d34f86c:::200.0000849e:head [read 0~4194304 [fadvise_dontneed]] snapc 0=[] ondisk+read+known_if_redirected+full_force e30361) v8 -- 0x561a9f1e4800 con 0x561a9efce800 >debug
2023-02-14T06:26:01.585+0000 7f5cdb928700 1 -- [v2:172.17.25.245:6800/1528042508,v1:172.17.25.245:6801/1528042508] <== osd.5 v2:172.17.54.30:6800/199476 6 ==== osd_op_reply(37 200.0000849d [read 0~4194304 [fadvise_dontneed] out=4194304b] v0'0 uv365672 ondisk = 0) v8 ==== 156+0+4194304 (crc 0 0 0) 0x561a9f0a4fc0 con 0x561a9efce800 >debug
2023-02-14T06:26:01.588+0000 7f5cd1113700 1 -- [v2:172.17.25.245:6800/1528042508,v1:172.17.25.245:6801/1528042508] --> [v2:172.17.47.99:6800/410,v1:172.17.47.99:6801/410] -- osd_op(unknown.0.47390:39 9.1e 9:7f6febcf:::200.0000849f:head [read 0~4194304 [fadvise_dontneed]] snapc 0=[] ondisk+read+known_if_redirected+full_force e30361) v8 -- 0x561a9efcec00 con 0x561a9efcf800 >debug
2023-02-14T06:26:01.590+0000 7f5cdb928700 1 -- [v2:172.17.25.245:6800/1528042508,v1:172.17.25.245:6801/1528042508] <== osd.5 v2:172.17.54.30:6800/199476 7 ==== osd_op_reply(38 200.0000849e [read 0~4194304 [fadvise_dontneed] out=4194304b] v0'0 uv381798 ondisk = 0) v8 ==== 156+0+4194304 (crc 0 0 0) 0x561a9f0a4fc0 con 0x561a9efce800 >debug
2023-02-14T06:26:01.593+0000 7f5cdb127700 1 -- [v2:172.17.25.245:6800/1528042508,v1:172.17.25.245:6801/1528042508] <== osd.3 v2:172.17.47.99:6800/410 3 ==== osd_op_reply(39 200.0000849f [read 0~4194304 [fadvise_dontneed] out=4194304b] v0'0 uv365591 ondisk = 0) v8 ==== 156+0+4194304 (crc 0 0 0) 0x561a9f0a46c0 con 0x561a9efcf800 >debug
